000
CXUS54 KEPZ 301200
CF6TCS
PRELIMINARY LOCAL CLIMATOLOGICAL DATA (WS FORM: F-6)

                                          STATION:   TRUTH OR CONSEQUENCES
                                          MONTH:     JUNE
                                          YEAR:      2015
                                          LATITUDE:   33 13 N
                                          LONGITUDE: 107 16 W

  TEMPERATURE IN F:       :PCPN:    SNOW:  WIND      :SUNSHINE: SKY     :PK WND
================================================================================
1   2   3   4   5  6A  6B    7    8   9   10  11  12  13   14  15   16   17  18
                                     12Z  AVG MX 2MIN
DY MAX MIN AVG DEP HDD CDD  WTR  SNW DPTH SPD SPD DIR MIN PSBL S-S WX    SPD DR
================================================================================

 1  90  59  75   0   0  10 0.00  0.0    0  8.1 31 240   M    M   0        39 240
 2  95  61  78   3   0  13 0.00  0.0    0  8.1 21 240   M    M   0        28 190
 3  94  63  79   4   0  14 0.00  0.0    0  9.2 25 160   M    M   0        33 160
 4  92  59  76   0   0  11 0.00  0.0    0 11.0 26 180   M    M   0        37 180
 5  87  69  78   2   0  13 0.00  0.0    0  7.3 20 200   M    M   2        24 300
 6  93  67  80   4   0  15 0.00  0.0    0  9.5 29 180   M    M   1        36 160
 7  92  65  79   3   0  14 0.00  0.0    0  8.1 23 170   M    M   1        31 170
 8  93  63  78   2   0  13 0.42  0.0    0  6.9 21  60   M    M   2 1      27  70
 9  85  64  75  -2   0  10 0.36  0.0    0  6.1 30 250   M    M   5 1      39 250
10  92  63  78   1   0  13 0.00  0.0    0  7.1 22 200   M    M   2        27 190
11  94  67  81   4   0  16 0.00  0.0    0 11.0 25 180   M    M   0        29 180
12  91  63  77   0   0  12 0.00  0.0    0  6.7 15 320   M    M   0        22 320
13  95  67  81   3   0  16 0.00  0.0    0  9.6 29  50   M    M   0        36  50
14  91  60  76  -2   0  11 0.01  0.0    0  5.6 22  10   M    M   1        29  10
15  93  70  82   4   0  17 0.00  0.0    0 10.7 30  60   M    M   1        38  60
16  90  66  78   0   0  13 0.00  0.0    0  8.5 24 290   M    M   0        35 320
17  97  67  82   4   0  17 0.02  0.0    0  8.2 21 170   M    M   0        27 360
18  98  66  82   4   0  17    T  0.0    0  7.9 25  80   M    M   0        34  70
19  94  71  83   5   0  18    T  0.0    0 11.4 23 270   M    M   0 8      31 270
20 101  65  83   4   0  18 0.00  0.0    0  7.0 16 120   M    M   0        23 100
21 102  66  84   5   0  19 0.00  0.0    0  6.3 18 170   M    M   0        27 170
22 105  70  88   9   0  23 0.00  0.0    0  6.6 20 160   M    M   0        24 160
23  96  73  85   6   0  20 0.00  0.0    0 10.3 23 150   M    M   0        29 150
24  91  71  81   2   0  16 0.00  0.0    0  7.7 18 140   M    M   4        24 160
25  93  67  80   1   0  15 0.00  0.0    0  6.8 17 200   M    M   0        27 180
26  97  69  83   4   0  18 0.00  0.0    0  6.5 28 110   M    M   0        37 110
27  84  64  74  -5   0   9 0.22  0.0    0  5.7 25  50   M    M   4 1      33  50
28  93  64  79  -1   0  14 0.00  0.0    0  4.3 14 150   M    M   1        19 130
29  97  68  83   3   0  18    T  0.0    0  6.5 20 110   M    M   0        25 100
================================================================================
SM 2715 1907         0 433  1.03     0.0 228.7          M       24
================================================================================
AV 93.6 65.8                               7.9 FASTST   M    M   1    MAX(MPH)
                                 MISC ---->  # 31 240               # 39  240
================================================================================
NOTES:
# LAST OF SEVERAL OCCURRENCES

COLUMN 17 PEAK WIND IN M.P.H.

PRELIMINARY LOCAL CLIMATOLOGICAL DATA (WS FORM: F-6) , PAGE 2

                                          STATION:  TRUTH OR CONSEQUENCES
                                          MONTH:    JUNE
                                          YEAR:     2015
                                          LATITUDE:   33 13 N
                                          LONGITUDE: 107 16 W

[TEMPERATURE DATA]      [PRECIPITATION DATA]       SYMBOLS USED IN COLUMN 16

AVERAGE MONTHLY: 79.7   TOTAL FOR MONTH:   1.03    1 = FOG OR MIST
DPTR FM NORMAL:   2.1   DPTR FM NORMAL:    0.25    2 = FOG REDUCING VISIBILITY
HIGHEST:   105 ON 22    GRTST 24HR  0.42 ON  8- 8      TO 1/4 MILE OR LESS
LOWEST:     59 ON  4, 1                            3 = THUNDER
                        SNOW, ICE PELLETS, HAIL    4 = ICE PELLETS
                        TOTAL MONTH:   0.0 INCH    5 = HAIL
                        GRTST 24HR     0.0         6 = FREEZING RAIN OR DRIZZLE
                        GRTST DEPTH:   0           7 = DUSTSTORM OR SANDSTORM:
                                                       VSBY 1/2 MILE OR LESS
                                                   8 = SMOKE OR HAZE
[NO. OF DAYS WITH]      [WEATHER - DAYS WITH]      9 = BLOWING SNOW
                                                   X = TORNADO
MAX 32 OR BELOW:   0    0.01 INCH OR MORE:   5
MAX 90 OR ABOVE:  26    0.10 INCH OR MORE:   3
MIN 32 OR BELOW:   0    0.50 INCH OR MORE:   0
MIN  0 OR BELOW:   0    1.00 INCH OR MORE:   0

[HDD (BASE 65) ]
TOTAL THIS MO.     0    CLEAR  (SCALE 0-3)  26
DPTR FM NORMAL     0    PTCLDY (SCALE 4-7)   3
TOTAL FM JUL 1  2759    CLOUDY (SCALE 8-10)  0
DPTR FM NORMAL  -501

[CDD (BASE 65) ]
TOTAL THIS MO.   433
DPTR FM NORMAL    69    [PRESSURE DATA]
TOTAL FM JAN 1   541    HIGHEST SLP M ON M
DPTR FM NORMAL   -14    LOWEST  SLP 29.49 ON 11

[REMARKS]
