000
CXUS54 KFWD 200730
CF6TKI
PRELIMINARY LOCAL CLIMATOLOGICAL DATA (WS FORM: F-6)

                                          STATION:   MCKINNEY
                                          MONTH:     SEPTEMBER
                                          YEAR:      2014
                                          LATITUDE:   33 10 N
                                          LONGITUDE:  96 35 W

  TEMPERATURE IN F:       :PCPN:    SNOW:  WIND      :SUNSHINE: SKY     :PK WND
================================================================================
1   2   3   4   5  6A  6B    7    8   9   10  11  12  13   14  15   16   17  18
                                     12Z  AVG MX 2MIN
DY MAX MIN AVG DEP HDD CDD  WTR  SNW DPTH SPD SPD DIR MIN PSBL S-S WX    SPD DR
================================================================================

 1  95  76  86   5   0  21 0.00  0.0    0 15.3 24 150   M    M   2        30 150
 2  96  77  87   6   0  22 0.00  0.0    0 12.6 21 200   M    M   1        29 200
 3  96  75  86   6   0  21 0.00  0.0    0 11.4 22 160   M    M   1        28 190
 4  96  75  86   6   0  21 0.00  0.0    0 10.0 21 170   M    M   1        26 160
 5  95  73  84   4   0  19 0.00  0.0    0  5.1 15 150   M    M   1        22 150
 6  96  72  84   5   0  19    T  0.0    0  7.1 22 360   M    M   3 3      27 360
 7  85  70  78  -1   0  13    T  0.0    0  6.3 14 360   M    M   7        19 360
 8  93  70  82   4   0  17 0.00  0.0    0  5.8 14 160   M    M   2        18 180
 9  97  75  86   8   0  21 0.00  0.0    0 12.2 22 170   M    M   0        29 160
10 100  77  89  11   0  24 0.00  0.0    0 14.0 24 190   M    M   0        30 190
11  85  70  78   1   0  13    T  0.0    0  9.2 17 350   M    M   7 3      21 350
12  72  59  66 -11   0   1 0.24  0.0    0 11.9 22  10   M    M  10 1      29  20
13  69  54  62 -15   3   0 0.00  0.0    0  9.1 20  20   M    M  10 1      28  20
14  80  62  71  -5   0   6 0.00  0.0    0  3.2 10 180   M    M   7 1      13 170
15  86  67  77   1   0  12    T  0.0    0  2.9 10 160   M    M   1        13 180
16  91  73  82   7   0  17 0.00  0.0    0  3.7 12 160   M    M   4        14 160
17  93  71  82   7   0  17 0.00  0.0    0  4.9 20 150   M    M   1 1      24 150
18  87  71  79   4   0  14 0.00  0.0    0  6.2 18  40   M    M   3        22  30
19  90  68  79   5   0  14 0.00  0.0    0  6.0 17 150   M    M   5 1      23 150
================================================================================
SM 1702 1335         3 292  0.24     0.0 156.9          M       66
================================================================================
AV 89.6 70.3                               8.3 FASTST   M    M   3    MAX(MPH)
                                 MISC ---->  # 24 150               # 30  150
================================================================================
NOTES:
# LAST OF SEVERAL OCCURRENCES

COLUMN 17 PEAK WIND IN M.P.H.

PRELIMINARY LOCAL CLIMATOLOGICAL DATA (WS FORM: F-6) , PAGE 2

                                          STATION:  MCKINNEY
                                          MONTH:    SEPTEMBER
                                          YEAR:     2014
                                          LATITUDE:   33 10 N
                                          LONGITUDE:  96 35 W

[TEMPERATURE DATA]      [PRECIPITATION DATA]       SYMBOLS USED IN COLUMN 16

AVERAGE MONTHLY: 79.9   TOTAL FOR MONTH:   0.24    1 = FOG OR MIST
DPTR FM NORMAL:   2.2   DPTR FM NORMAL:   -2.01    2 = FOG REDUCING VISIBILITY
HIGHEST:   100 ON 10    GRTST 24HR  0.24 ON 12-12      TO 1/4 MILE OR LESS
LOWEST:     54 ON 13                               3 = THUNDER
                        SNOW, ICE PELLETS, HAIL    4 = ICE PELLETS
                        TOTAL MONTH:   0.0 INCH    5 = HAIL
                        GRTST 24HR     0.0         6 = FREEZING RAIN OR DRIZZLE
                        GRTST DEPTH:   0           7 = DUSTSTORM OR SANDSTORM:
                                                       VSBY 1/2 MILE OR LESS
                                                   8 = SMOKE OR HAZE
[NO. OF DAYS WITH]      [WEATHER - DAYS WITH]      9 = BLOWING SNOW
                                                   X = TORNADO
MAX 32 OR BELOW:   0    0.01 INCH OR MORE:   1
MAX 90 OR ABOVE:  12    0.10 INCH OR MORE:   1
MIN 32 OR BELOW:   0    0.50 INCH OR MORE:   0
MIN  0 OR BELOW:   0    1.00 INCH OR MORE:   0

[HDD (BASE 65) ]
TOTAL THIS MO.     3    CLEAR  (SCALE 0-3)  12
DPTR FM NORMAL     3    PTCLDY (SCALE 4-7)   5
TOTAL FM JUL 1     3    CLOUDY (SCALE 8-10)  2
DPTR FM NORMAL     3

[CDD (BASE 65) ]
TOTAL THIS MO.   292
DPTR FM NORMAL    48    [PRESSURE DATA]
TOTAL FM JAN 1  2192    HIGHEST SLP M ON M
DPTR FM NORMAL    41    LOWEST  SLP 29.69 ON 10

[REMARKS]
