000
CXUS54 KFWD 270730
CF6TKI
PRELIMINARY LOCAL CLIMATOLOGICAL DATA (WS FORM: F-6)

                                          STATION:   MCKINNEY
                                          MONTH:     FEBRUARY
                                          YEAR:      2017
                                          LATITUDE:   33 10 N
                                          LONGITUDE:  96 35 W

  TEMPERATURE IN F:       :PCPN:    SNOW:  WIND      :SUNSHINE: SKY     :PK WND
================================================================================
1   2   3   4   5  6A  6B    7    8   9   10  11  12  13   14  15   16   17  18
                                     12Z  AVG MX 2MIN
DY MAX MIN AVG DEP HDD CDD  WTR  SNW DPTH SPD SPD DIR MIN PSBL S-S WX    SPD DR
================================================================================

 1  76  51  64  19   1   0 0.00  0.0    0 10.6 18 180   M    M   0        26 180
 2  52  41  47   2  18   0 0.00  0.0    0 12.6 22  10   M    M   7        27 360
 3  51  38  45  -1  20   0 0.00  0.0    0  7.7 15  40   M    M   6        19  10
 4  50  42  46   0  19   0    T  0.0    0 10.1 18 170   M    M  10 1      20 170
 5  74  47  61  15   4   0 0.00  0.0    0  8.1 21 180   M    M   7 1      25 180
 6  80  61  71  25   0   6 0.00  0.0    0 16.2 29 190   M    M   6        37 190
 7  76  51  64  18   1   0 0.00  0.0    0 10.0 22 210   M    M   0        27 210
 8  65  40  53   6  12   0 0.00  0.0    0 12.6 26 330   M    M   0        32 350
 9  58  32  45  -2  20   0 0.00  0.0    0  7.5 15  20   M    M   0        19  20
10  73  43  58  11   7   0 0.00  0.0    0 16.0 29 190   M    M   1        37 190
11  84  64  74  27   0   9 0.00  0.0    0 16.4 25 190   M    M   3        32 190
12  72  55  64  16   1   0 0.00  0.0    0 15.4 25  10   M    M   3 1      32  20
13  77  56  67  19   0   2    T  0.0    0 10.7 20 110   M    M   9 3      24 100
14  60  41  51   3  14   0 1.38  0.0    0 13.8 25 340   M    M  10 138    33 340
15   M  39   M   M   M   M 0.00  0.0    0  9.5 18 340   M    M   1        23 330
16  64   M   M   M   M   M 0.00  0.0    0  5.6 15 180   M    M   0        17 180
17  67  41  54   5  11   0 0.00  0.0    0 10.5 22 160   M    M   1        29 200
18  75  56  66  17   0   1 0.00  0.0    0  8.4 17 170   M    M   5 1      22 170
19  73  54  64  15   1   0 0.00  0.0    0  9.1 17 130   M    M   6 18     24 150
20  69  49  59  10   6   0 0.56  0.0    0  8.1 36 280   M    M   6 123    48 280
21  74  48  61  11   4   0 0.00  0.0    0  7.0 22 320   M    M   3 12     27 320
22  80  41  61  11   4   0 0.00  0.0    0  6.5 18 180   M    M   0        24 170
23  86  50  68  18   0   3 0.00  0.0    0 16.5 31 180   M    M   0        37 180
24  71  43  57   7   8   0 0.00  0.0    0 13.5 23 330   M    M   0        29 320
25  52  31  42  -9  23   0 0.00  0.0    0  6.1 23  10   M    M   0        28  10
26  62  34  48  -3  17   0 0.32    M    0  9.3 28 130   M    M   4 13     35 120
================================================================================
SM 1721 1148       191  21  2.26     0.0 277.8          M       88
================================================================================
AV 68.8 45.9                              10.7 FASTST   M    M   3    MAX(MPH)
                                 MISC ---->  # 36 280               # 48  280
================================================================================
NOTES:
# LAST OF SEVERAL OCCURRENCES

COLUMN 17 PEAK WIND IN M.P.H.

PRELIMINARY LOCAL CLIMATOLOGICAL DATA (WS FORM: F-6) , PAGE 2

                                          STATION:  MCKINNEY
                                          MONTH:    FEBRUARY
                                          YEAR:     2017
                                          LATITUDE:   33 10 N
                                          LONGITUDE:  96 35 W

[TEMPERATURE DATA]      [PRECIPITATION DATA]       SYMBOLS USED IN COLUMN 16

AVERAGE MONTHLY: 57.4   TOTAL FOR MONTH:   2.26    1 = FOG OR MIST
DPTR FM NORMAL:   9.5   DPTR FM NORMAL:   -0.48    2 = FOG REDUCING VISIBILITY
HIGHEST:    86 ON 23    GRTST 24HR  1.38 ON 13-14      TO 1/4 MILE OR LESS
LOWEST:     31 ON 25                               3 = THUNDER
                        SNOW, ICE PELLETS, HAIL    4 = ICE PELLETS
                        TOTAL MONTH:   0.0 INCH    5 = HAIL
                        GRTST 24HR     0.0         6 = FREEZING RAIN OR DRIZZLE
                        GRTST DEPTH:   0           7 = DUSTSTORM OR SANDSTORM:
                                                       VSBY 1/2 MILE OR LESS
                                                   8 = SMOKE OR HAZE
[NO. OF DAYS WITH]      [WEATHER - DAYS WITH]      9 = BLOWING SNOW
                                                   X = TORNADO
MAX 32 OR BELOW:   0    0.01 INCH OR MORE:   3
MAX 90 OR ABOVE:   0    0.10 INCH OR MORE:   3
MIN 32 OR BELOW:   2    0.50 INCH OR MORE:   2
MIN  0 OR BELOW:   0    1.00 INCH OR MORE:   1

[HDD (BASE 65) ]
TOTAL THIS MO.   191    CLEAR  (SCALE 0-3)  14
DPTR FM NORMAL  -256    PTCLDY (SCALE 4-7)   9
TOTAL FM JUL 1  1452    CLOUDY (SCALE 8-10)  3
DPTR FM NORMAL  -698

[CDD (BASE 65) ]
TOTAL THIS MO.    21
DPTR FM NORMAL    21    [PRESSURE DATA]
TOTAL FM JAN 1    21    HIGHEST SLP M ON M
DPTR FM NORMAL    20    LOWEST  SLP 29.42 ON 23

[REMARKS]
