000
CXUS54 KFWD 230730
CF6TKI
PRELIMINARY LOCAL CLIMATOLOGICAL DATA (WS FORM: F-6)

                                          STATION:   MCKINNEY
                                          MONTH:     MAY
                                          YEAR:      2017
                                          LATITUDE:   33 10 N
                                          LONGITUDE:  96 35 W

  TEMPERATURE IN F:       :PCPN:    SNOW:  WIND      :SUNSHINE: SKY     :PK WND
================================================================================
1   2   3   4   5  6A  6B    7    8   9   10  11  12  13   14  15   16   17  18
                                     12Z  AVG MX 2MIN
DY MAX MIN AVG DEP HDD CDD  WTR  SNW DPTH SPD SPD DIR MIN PSBL S-S WX    SPD DR
================================================================================

 1  81  44  63  -5   2   0 0.00  0.0    0  5.9 13 270   M    M   0        16 270
 2  84  54  69   1   0   4 0.00  0.0    0 10.5 22 170   M    M   0        28 170
 3  80  55  68   0   0   3 0.01  0.0    0 14.7 31 350   M    M   6 1      38 330
 4  74  51  63  -6   2   0 0.00  0.0    0 15.1 25 330   M    M   1        35 330
 5  77  50  64  -5   1   0 0.00  0.0    0  8.5 21 340   M    M   0        29 360
 6  84  46  65  -4   0   0 0.00  0.0    0  2.9 13 230   M    M   0        16 230
 7  84  53  69  -1   0   4 0.00  0.0    0  6.8 17 150   M    M   0        22 140
 8  81  59  70   0   0   5 0.00  0.0    0  9.9 18 170   M    M   1        23 150
 9  81  64  73   3   0   8 0.00  0.0    0  9.8 17 180   M    M   5        24 180
10  82  68  75   4   0  10    T  0.0    0 14.4 24 160   M    M   6        30 160
11  85  66  76   5   0  11 0.03  0.0    0 10.4 21 330   M    M   3 3      25 340
12  76  59  68  -3   0   3 0.00  0.0    0 13.1 25 330   M    M   4        32 350
13  82  53  68  -4   0   3 0.00  0.0    0  3.5 10  80   M    M   1        14  60
14  86  56  71  -1   0   6 0.00  0.0    0  8.3 18 150   M    M   0        22 150
15  86  64  75   3   0  10 0.00  0.0    0 10.2 21 160   M    M   0        26 150
16  83  68  76   4   0  11 0.00  0.0    0 17.1 30 160   M    M   6        39 150
17  90  68  79   6   0  14 0.06  0.0    0 16.1 30 160   M    M   5 13     38 160
18  90  75  83  10   0  18 0.00  0.0    0 18.4 39 160   M    M   6 3      51 160
19  87  74  81   8   0  16 0.00  0.0    0 18.3 35 160   M    M   5        42 160
20  80  63  72  -2   0   7 0.07  0.0    0  7.9 36 140   M    M   5 13     45 140
21  80  60  70  -4   0   5 0.02  0.0    0  7.5 17  50   M    M   5 3      23 250
22  78  61  70  -4   0   5 0.04  0.0    0  6.1 16 150   M    M   6        21 140
================================================================================
SM 1811 1311         5 143  0.23     0.0 235.4          M       65
================================================================================
AV 82.3 59.6                              10.7 FASTST   M    M   3    MAX(MPH)
                                 MISC ---->  # 39 160               # 51  160
================================================================================
NOTES:
# LAST OF SEVERAL OCCURRENCES

COLUMN 17 PEAK WIND IN M.P.H.

PRELIMINARY LOCAL CLIMATOLOGICAL DATA (WS FORM: F-6) , PAGE 2

                                          STATION:  MCKINNEY
                                          MONTH:    MAY
                                          YEAR:     2017
                                          LATITUDE:   33 10 N
                                          LONGITUDE:  96 35 W

[TEMPERATURE DATA]      [PRECIPITATION DATA]       SYMBOLS USED IN COLUMN 16

AVERAGE MONTHLY: 71.0   TOTAL FOR MONTH:   0.23    1 = FOG OR MIST
DPTR FM NORMAL:  -0.1   DPTR FM NORMAL:   -3.58    2 = FOG REDUCING VISIBILITY
HIGHEST:    90 ON 18,17 GRTST 24HR  0.07 ON 20-20      TO 1/4 MILE OR LESS
LOWEST:     44 ON  1                               3 = THUNDER
                        SNOW, ICE PELLETS, HAIL    4 = ICE PELLETS
                        TOTAL MONTH:   0.0 INCH    5 = HAIL
                        GRTST 24HR     0.0         6 = FREEZING RAIN OR DRIZZLE
                        GRTST DEPTH:   0           7 = DUSTSTORM OR SANDSTORM:
                                                       VSBY 1/2 MILE OR LESS
                                                   8 = SMOKE OR HAZE
[NO. OF DAYS WITH]      [WEATHER - DAYS WITH]      9 = BLOWING SNOW
                                                   X = TORNADO
MAX 32 OR BELOW:   0    0.01 INCH OR MORE:   6
MAX 90 OR ABOVE:   2    0.10 INCH OR MORE:   0
MIN 32 OR BELOW:   0    0.50 INCH OR MORE:   0
MIN  0 OR BELOW:   0    1.00 INCH OR MORE:   0

[HDD (BASE 65) ]
TOTAL THIS MO.     5    CLEAR  (SCALE 0-3)  11
DPTR FM NORMAL    -4    PTCLDY (SCALE 4-7)  11
TOTAL FM JUL 1  1692    CLOUDY (SCALE 8-10)  0
DPTR FM NORMAL  -946

[CDD (BASE 65) ]
TOTAL THIS MO.   143
DPTR FM NORMAL     0    [PRESSURE DATA]
TOTAL FM JAN 1   324    HIGHEST SLP M ON M
DPTR FM NORMAL    94    LOWEST  SLP 29.56 ON 17

[REMARKS]
