000
CXUS52 KTAE 230800
CF6TLH
PRELIMINARY LOCAL CLIMATOLOGICAL DATA (WS FORM: F-6)

                                          STATION:   TALLAHASSEE
                                          MONTH:     APRIL
                                          YEAR:      2014
                                          LATITUDE:   30 22 N
                                          LONGITUDE:  84 22 W

  TEMPERATURE IN F:       :PCPN:    SNOW:  WIND      :SUNSHINE: SKY     :PK WND
================================================================================
1   2   3   4   5  6A  6B    7    8   9   10  11  12  13   14  15   16   17  18
                                     12Z  AVG MX 2MIN
DY MAX MIN AVG DEP HDD CDD  WTR  SNW DPTH SPD SPD DIR MIN PSBL S-S WX    SPD DR
================================================================================

 1  82  40  61  -2   4   0 0.00  0.0    0  3.2 15 160   M    M   2 1      22 190
 2  84  44  64   1   1   0 0.00  0.0    0  3.2 13 200   M    M   5 12     18 220
 3  85  50  68   4   0   3 0.00  0.0    0  5.8 17 220   M    M   5 12     24 230
 4  86  62  74  10   0   9 0.00  0.0    0  4.8 15 240   M    M   8 12     20 290
 5  83  65  74  10   0   9 0.02  0.0    0  3.5 14 190   M    M   8 13     17 180
 6  80  66  73   9   0   8    T  0.0    0  5.0 22 350   M    M   7 12     32 340
 7  79  69  74  10   0   9 1.17  0.0    0  9.3 23 290   M    M   9 13     30 180
 8  73  57  65   1   0   0 0.21  0.0    0  8.4 20 270   M    M   7 1      29 100
 9  74  49  62  -3   3   0 0.00  0.0    0  6.9 20 320   M    M   2        24 340
10  79  43  61  -4   4   0 0.00  0.0    0  2.7 15 150   M    M   0        21 190
11  80  46  63  -2   2   0 0.00  0.0    0  2.6 16 160   M    M   3        20 160
12  85  52  69   4   0   4 0.00  0.0    0  3.1 15 130   M    M   3        22 210
13  85  59  72   7   0   7 0.00  0.0    0  5.7 17 120   M    M   4         M  M
14  84  66  75   9   0  10    T  0.0    0  7.7 18 160   M    M   6        31 110
15  75  48  62  -4   3   0 3.86  0.0    0 11.4 25 330   M    M   8 138    31 330
16  70  43  57  -9   8   0 0.00  0.0    0  9.7 16  90   M    M   1        22 100
17  74  54  64  -2   1   0 0.27  0.0    0 10.8 20  90   M    M   7 3      28  80
18  64  58  61  -5   4   0 2.88  0.0    0  8.1 16  80   M    M  10 13     26  80
19  64  55  60  -7   5   0 0.01  0.0    0  9.3 17 360   M    M  10 18     23 340
20  63  52  58  -9   7   0 0.00  0.0    0  6.4 12  20   M    M   8 1      18  20
21  82  49  66  -1   0   1 0.00  0.0    0  2.4 10  10   M    M   2 18     21 280
22  85  54  70   2   0   5 0.00  0.0    0  5.4 14 250   M    M   3 18     18 330
================================================================================
SM 1716 1181        42  65  8.42     0.0 135.4          M      118
================================================================================
AV 78.0 53.7                               6.2 FASTST   M    M   5    MAX(MPH)
                                 MISC ---->  # 25 330               # 32  340
================================================================================
NOTES:
# LAST OF SEVERAL OCCURRENCES

COLUMN 17 PEAK WIND IN M.P.H.

PRELIMINARY LOCAL CLIMATOLOGICAL DATA (WS FORM: F-6) , PAGE 2

                                          STATION:  TALLAHASSEE
                                          MONTH:    APRIL
                                          YEAR:     2014
                                          LATITUDE:   30 22 N
                                          LONGITUDE:  84 22 W

[TEMPERATURE DATA]      [PRECIPITATION DATA]       SYMBOLS USED IN COLUMN 16

AVERAGE MONTHLY: 65.8   TOTAL FOR MONTH:   8.42    1 = FOG OR MIST
DPTR FM NORMAL:   0.7   DPTR FM NORMAL:    6.02    2 = FOG REDUCING VISIBILITY
HIGHEST:    86 ON  4    GRTST 24HR  3.86 ON 14-15      TO 1/4 MILE OR LESS
LOWEST:     40 ON  1                               3 = THUNDER
                        SNOW, ICE PELLETS, HAIL    4 = ICE PELLETS
                        TOTAL MONTH:   0.0 INCH    5 = HAIL
                        GRTST 24HR     0.0         6 = FREEZING RAIN OR DRIZZLE
                        GRTST DEPTH:   0           7 = DUSTSTORM OR SANDSTORM:
                                                       VSBY 1/2 MILE OR LESS
                                                   8 = SMOKE OR HAZE
[NO. OF DAYS WITH]      [WEATHER - DAYS WITH]      9 = BLOWING SNOW
                                                   X = TORNADO
MAX 32 OR BELOW:   0    0.01 INCH OR MORE:   7
MAX 90 OR ABOVE:   0    0.10 INCH OR MORE:   5
MIN 32 OR BELOW:   0    0.50 INCH OR MORE:   3
MIN  0 OR BELOW:   0    1.00 INCH OR MORE:   3

[HDD (BASE 65) ]
TOTAL THIS MO.    42    CLEAR  (SCALE 0-3)   7
DPTR FM NORMAL   -17    PTCLDY (SCALE 4-7)  10
TOTAL FM JUL 1  1359    CLOUDY (SCALE 8-10)  5
DPTR FM NORMAL  -224

[CDD (BASE 65) ]
TOTAL THIS MO.    65
DPTR FM NORMAL     4    [PRESSURE DATA]
TOTAL FM JAN 1    89    HIGHEST SLP M ON M
DPTR FM NORMAL   -26    LOWEST  SLP 29.69 ON  7

[REMARKS]
