000
CXUS53 KTOP 240800
CF6TOP
PRELIMINARY LOCAL CLIMATOLOGICAL DATA (WS FORM: F-6)

                                          STATION:   Topeka KS
                                          MONTH:     FEBRUARY
                                          YEAR:      2018
                                          LATITUDE:   39  4 N
                                          LONGITUDE:  95 38 W

  TEMPERATURE IN F:       :PCPN:    SNOW:  WIND      :SUNSHINE: SKY     :PK WND
================================================================================
1   2   3   4   5  6A  6B    7    8   9   10  11  12  13   14  15   16   17  18
                                     12Z  AVG MX 2MIN
DY MAX MIN AVG DEP HDD CDD  WTR  SNW DPTH SPD SPD DIR MIN PSBL S-S WX    SPD DR
================================================================================

 1  44  15  30  -1  35   0 0.00  0.0    0 12.0 26 360   M    M   4        31 360
 2  38  10  24  -7  41   0 0.00  0.0    0  6.5 20 160   M    M   0        22 160
 3  51  30  41  10  24   0 0.00  0.0    0  9.6 24 190   M    M   2        35 220
 4  38  -1  19 -12  46   0 0.11  2.0    0 13.2 29 340   M    M   5 128    35 340
 5  24   0  12 -20  53   0    T    T    1  6.2 14 140   M    M   4        17 340
 6  19  11  15 -17  50   0    T    T    1  7.8 14 360   M    M   6        18  10
 7  32   8  20 -12  45   0 0.00  0.0    1  4.2 12  20   M    M   1        15  10
 8  56  18  37   5  28   0 0.00  0.0    T  5.7 16 180   M    M   0        24 170
 9  47  16  32   0  33   0 0.00  0.0    0 12.8 21  10   M    M   5 18     29  20
10  23  11  17 -16  48   0    T    T    0 13.1 20 360   M    M  10 16     27  10
11  36  13  25  -8  40   0    T    T    0  6.4 15 270   M    M   3 1      19 260
12  39  11  25  -8  40   0    T    T    0  8.1 17  80   M    M   1 4      22  80
13  52  28  40   6  25   0    T    T    0  9.9 20 180   M    M   3        25 180
14  64  37  51  17  14   0 0.00  0.0    0  8.6 18 210   M    M   3 1      25 190
15  64  36  50  16  15   0    T    T    0 10.6 26 340   M    M   2        37 340
16  38  21  30  -5  35   0    T    T    0  8.3 26 350   M    M   3        34 350
17  57  27  42   7  23   0    T  0.0    0  6.7 21 320   M    M   3        28 320
18  58  25  42   7  23   0 0.00  0.0    0 17.0 30 170   M    M   3        43 170
19  65  28  47  11  18   0    T  0.0    0 12.1 25 260   M    M  10 1      43 270
20  29  19  24 -12  41   0 0.36  0.1    T 11.3 22 320   M    M   9 1346   27 310
21  28  14  21 -15  44   0    T  0.0    0 11.2 16 350   M    M   4 16     22 360
22  33  27  30  -7  35   0 0.22  0.1    T  5.3 14  90   M    M  10 16     17  90
23  36  33  35  -2  30   0 0.01  0.0    T  5.3 13  50   M    M  10 1      16  50
================================================================================
SM  971  437       786   0  0.70     2.2 211.9          M      101
================================================================================
AV 42.2 19.0                               9.2 FASTST   M    M   4    MAX(MPH)
                                 MISC ---->  # 30 170               # 43  170
================================================================================
NOTES:
# LAST OF SEVERAL OCCURRENCES

COLUMN 17 PEAK WIND IN M.P.H.

PRELIMINARY LOCAL CLIMATOLOGICAL DATA (WS FORM: F-6) , PAGE 2

                                          STATION:  Topeka KS
                                          MONTH:    FEBRUARY
                                          YEAR:     2018
                                          LATITUDE:   39  4 N
                                          LONGITUDE:  95 38 W

[TEMPERATURE DATA]      [PRECIPITATION DATA]       SYMBOLS USED IN COLUMN 16

AVERAGE MONTHLY: 30.6   TOTAL FOR MONTH:   0.70    1 = FOG OR MIST
DPTR FM NORMAL:  -3.0   DPTR FM NORMAL:   -0.36    2 = FOG REDUCING VISIBILITY
HIGHEST:    65 ON 19    GRTST 24HR  0.36 ON 20-20      TO 1/4 MILE OR LESS
LOWEST:     -1 ON  4                               3 = THUNDER
                        SNOW, ICE PELLETS, HAIL    4 = ICE PELLETS
                        TOTAL MONTH:   2.2 INCHES  5 = HAIL
                        GRTST 24HR   2.0 ON  4- 4  6 = FREEZING RAIN OR DRIZZLE
                        GRTST DEPTH:   1 ON  7, 6  7 = DUSTSTORM OR SANDSTORM:
                                                       VSBY 1/2 MILE OR LESS
                                                   8 = SMOKE OR HAZE
[NO. OF DAYS WITH]      [WEATHER - DAYS WITH]      9 = BLOWING SNOW
                                                   X = TORNADO
MAX 32 OR BELOW:   6    0.01 INCH OR MORE:   4
MAX 90 OR ABOVE:   0    0.10 INCH OR MORE:   3
MIN 32 OR BELOW:  20    0.50 INCH OR MORE:   0
MIN  0 OR BELOW:   2    1.00 INCH OR MORE:   0

[HDD (BASE 65) ]
TOTAL THIS MO.   786    CLEAR  (SCALE 0-3)  11
DPTR FM NORMAL    64    PTCLDY (SCALE 4-7)   7
TOTAL FM JUL 1  3679    CLOUDY (SCALE 8-10)  5
DPTR FM NORMAL  -153

[CDD (BASE 65) ]
TOTAL THIS MO.     0
DPTR FM NORMAL     0    [PRESSURE DATA]
TOTAL FM JAN 1     0    HIGHEST SLP M ON M
DPTR FM NORMAL     0    LOWEST  SLP 29.54 ON 19

[REMARKS]
