000
CXUS53 KTOP 230800
CF6TOP
PRELIMINARY LOCAL CLIMATOLOGICAL DATA (WS FORM: F-6)

                                          STATION:   Topeka KS
                                          MONTH:     JULY
                                          YEAR:      2016
                                          LATITUDE:   39  4 N
                                          LONGITUDE:  95 38 W

  TEMPERATURE IN F:       :PCPN:    SNOW:  WIND      :SUNSHINE: SKY     :PK WND
================================================================================
1   2   3   4   5  6A  6B    7    8   9   10  11  12  13   14  15   16   17  18
                                     12Z  AVG MX 2MIN
DY MAX MIN AVG DEP HDD CDD  WTR  SNW DPTH SPD SPD DIR MIN PSBL S-S WX    SPD DR
================================================================================

 1  83  67  75  -3   0  10 0.00  0.0    0  6.1 12  80   M    M   2        15  50
 2  75  66  71  -7   0   6 1.56  0.0    0  8.1 20  80   M    M  10 13     23  90
 3  71  64  68 -10   0   3 0.26  0.0    0  7.1 14  50   M    M  10 1      16  60
 4  85  66  76  -2   0  11 0.00  0.0    0  3.8 10 150   M    M   7 1      13 170
 5  96  71  84   6   0  19 0.00  0.0    0  7.8 16 180   M    M   0        21 210
 6  94  75  85   6   0  20 0.00  0.0    0  7.6 14 160   M    M   1        18 180
 7  90  67  79   0   0  14 1.13  0.0    0  8.1 44 350   M    M   4 1      54 340
 8  90  71  81   2   0  16 0.00  0.0    0  4.7 12 120   M    M   2        14  80
 9  91  72  82   3   0  17    T  0.0    0  5.8 14 130   M    M   3        19 140
10  92  74  83   4   0  18 0.00  0.0    0 10.4 21 150   M    M   0        25 150
11  93  76  85   6   0  20 0.00  0.0    0 15.4 26 160   M    M   0        36 150
12  83  67  75  -4   0  10 0.47  0.0    0 11.0 32 270   M    M   6 1      43 280
13  86  69  78  -1   0  13 1.08    T    0  5.5 31 260   M    M   2 1235   51 250
14  85  69  77  -2   0  12 0.00  0.0    0  2.9 14 190   M    M   3 12     20 200
15  85  64  75  -4   0  10 0.00  0.0    0  5.1 18 360   M    M   1 1      23 360
16  89  67  78  -1   0  13 0.00  0.0    0  7.7 17 150   M    M   2        22 140
17  94  76  85   6   0  20 0.00  0.0    0  8.8 21 160   M    M   0        26 160
18  92  72  82   3   0  17 0.00  0.0    0  8.3 20 110   M    M   0        28 130
19  94  73  84   5   0  19 0.00  0.0    0  7.7 17 160   M    M   1 1      26 220
20  96  79  88   9   0  23 0.00  0.0    0 10.0 18 170   M    M   0        26 180
21  98  78  88   9   0  23 0.00  0.0    0  9.2 21 180   M    M   0        26 180
22 100  80  90  11   0  25 0.00  0.0    0  9.3 18 180   M    M   0        23 130
================================================================================
SM 1962 1563         0 339  4.50    T    170.4          M       54
================================================================================
AV 89.2 71.0                               7.7 FASTST   M    M   2    MAX(MPH)
                                 MISC ---->  # 44 350               # 54  340
================================================================================
NOTES:
# LAST OF SEVERAL OCCURRENCES

COLUMN 17 PEAK WIND IN M.P.H.

PRELIMINARY LOCAL CLIMATOLOGICAL DATA (WS FORM: F-6) , PAGE 2

                                          STATION:  Topeka KS
                                          MONTH:    JULY
                                          YEAR:     2016
                                          LATITUDE:   39  4 N
                                          LONGITUDE:  95 38 W

[TEMPERATURE DATA]      [PRECIPITATION DATA]       SYMBOLS USED IN COLUMN 16

AVERAGE MONTHLY: 80.1   TOTAL FOR MONTH:   4.50    1 = FOG OR MIST
DPTR FM NORMAL:   1.3   DPTR FM NORMAL:    1.68    2 = FOG REDUCING VISIBILITY
HIGHEST:   100 ON 22    GRTST 24HR  1.81 ON  2- 3      TO 1/4 MILE OR LESS
LOWEST:     64 ON 15, 3                            3 = THUNDER
                        SNOW, ICE PELLETS, HAIL    4 = ICE PELLETS
                        TOTAL MONTH:    T          5 = HAIL
                        GRTST 24HR    T  ON 13-13  6 = FREEZING RAIN OR DRIZZLE
                        GRTST DEPTH:   0           7 = DUSTSTORM OR SANDSTORM:
                                                       VSBY 1/2 MILE OR LESS
                                                   8 = SMOKE OR HAZE
[NO. OF DAYS WITH]      [WEATHER - DAYS WITH]      9 = BLOWING SNOW
                                                   X = TORNADO
MAX 32 OR BELOW:   0    0.01 INCH OR MORE:   5
MAX 90 OR ABOVE:  13    0.10 INCH OR MORE:   5
MIN 32 OR BELOW:   0    0.50 INCH OR MORE:   3
MIN  0 OR BELOW:   0    1.00 INCH OR MORE:   3

[HDD (BASE 65) ]
TOTAL THIS MO.     0    CLEAR  (SCALE 0-3)  17
DPTR FM NORMAL     0    PTCLDY (SCALE 4-7)   3
TOTAL FM JUL 1     0    CLOUDY (SCALE 8-10)  2
DPTR FM NORMAL     0

[CDD (BASE 65) ]
TOTAL THIS MO.   339
DPTR FM NORMAL    36    [PRESSURE DATA]
TOTAL FM JAN 1   870    HIGHEST SLP M ON M
DPTR FM NORMAL   157    LOWEST  SLP 29.65 ON 11

[REMARKS]
