000
CXUS55 KTBW 251000
CF6TPA
PRELIMINARY LOCAL CLIMATOLOGICAL DATA (WS FORM: F-6)

                                          STATION:   Tampa
                                          MONTH:     JUNE
                                          YEAR:      2017
                                          LATITUDE:   27 58 N
                                          LONGITUDE:  82 32 W

  TEMPERATURE IN F:       :PCPN:    SNOW:  WIND      :SUNSHINE: SKY     :PK WND
================================================================================
1   2   3   4   5  6A  6B    7    8   9   10  11  12  13   14  15   16   17  18
                                     12Z  AVG MX 2MIN
DY MAX MIN AVG DEP HDD CDD  WTR  SNW DPTH SPD SPD DIR MIN PSBL S-S WX    SPD DR
================================================================================

 1  93  78  86   5   0  21    T  0.0    0  6.0 20 250   M    M   7 3      24 260
 2  88  75  82   1   0  17 0.15  0.0    0  4.3 22 250   M    M   9 13     29 240
 3  87  75  81  -1   0  16 0.34  0.0    0  4.1 21 350   M    M   8 138    23 360
 4  83  76  80  -2   0  15 0.11  0.0    0  2.4  8 120   M    M   8 13     11 100
 5  81  75  78  -4   0  13 0.25  0.0    0  5.2 20 180   M    M   9 1      26 180
 6  83  76  80  -2   0  15 0.25  0.0    0  8.1 22 240   M    M   8 138    28 240
 7  84  74  79  -3   0  14 1.49  0.0    0 10.7 26 180   M    M   8 123    35 200
 8  88  75  82   0   0  17 0.40  0.0    0 10.4 26 250   M    M   7 1      32 250
 9  89  72  81  -1   0  16 0.00  0.0    0  6.1 12 290   M    M   4        15 270
10  88  76  82   0   0  17    T  0.0    0  5.8 21 170   M    M   7 1      27 170
11  86  75  81  -1   0  16 0.07  0.0    0  5.4 13 290   M    M   9 13     19 290
12  92  74  83   1   0  18 1.56  0.0    0  4.8 16 120   M    M   9 1238   24 110
13  88  74  81  -1   0  16 1.09  0.0    0  3.7 13 150   M    M   9 13     19  80
14  90  74  82   0   0  17 0.15  0.0    0  4.6 24 140   M    M   7 138    36 130
15  89  75  82   0   0  17    T  0.0    0  4.4 17 110   M    M   7 3      28 100
16  89  75  82   0   0  17    T  0.0    0  5.3 18 340   M    M   5 3      22 340
17  89  76  83   1   0  18 0.00  0.0    0  5.3 16 250   M    M   3 3      21 270
18  92  76  84   2   0  19    T  0.0    0  6.3 23 140   M    M   5 3      32 140
19  86  77  82   0   0  17 0.29  0.0    0  5.9 22 150   M    M  10 138    30 130
20  90  77  84   2   0  19 0.11  0.0    0  8.1 16 140   M    M   9 13     24 110
21  92  79  86   4   0  21 0.00  0.0    0  7.6 15 100   M    M   8 38     28  90
22  95  76  86   4   0  21 0.65  0.0    0  7.1 17 120   M    M   6 138    29 110
23  90  76  83   1   0  18    T  0.0    0  5.2 14 270   M    M   3        22 270
24  91  79  85   2   0  20 0.02  0.0    0  5.4 13 260   M    M   7        18 260
================================================================================
SM 2123 1815         0 415  6.93     0.0 142.2          M      172
================================================================================
AV 88.5 75.6                               5.9 FASTST   M    M   7    MAX(MPH)
                                 MISC ---->  # 26 180               # 36  130
================================================================================
NOTES:
# LAST OF SEVERAL OCCURRENCES

COLUMN 17 PEAK WIND IN M.P.H.

PRELIMINARY LOCAL CLIMATOLOGICAL DATA (WS FORM: F-6) , PAGE 2

                                          STATION:  Tampa
                                          MONTH:    JUNE
                                          YEAR:     2017
                                          LATITUDE:   27 58 N
                                          LONGITUDE:  82 32 W

[TEMPERATURE DATA]      [PRECIPITATION DATA]       SYMBOLS USED IN COLUMN 16

AVERAGE MONTHLY: 82.0   TOTAL FOR MONTH:   6.93    1 = FOG OR MIST
DPTR FM NORMAL:   0.1   DPTR FM NORMAL:    1.94    2 = FOG REDUCING VISIBILITY
HIGHEST:    95 ON 22    GRTST 24HR  1.56 ON 12-12      TO 1/4 MILE OR LESS
LOWEST:     72 ON  9                               3 = THUNDER
                        SNOW, ICE PELLETS, HAIL    4 = ICE PELLETS
                        TOTAL MONTH:   0.0 INCH    5 = HAIL
                        GRTST 24HR     0.0         6 = FREEZING RAIN OR DRIZZLE
                        GRTST DEPTH:   0           7 = DUSTSTORM OR SANDSTORM:
                                                       VSBY 1/2 MILE OR LESS
                                                   8 = SMOKE OR HAZE
[NO. OF DAYS WITH]      [WEATHER - DAYS WITH]      9 = BLOWING SNOW
                                                   X = TORNADO
MAX 32 OR BELOW:   0    0.01 INCH OR MORE:  15
MAX 90 OR ABOVE:   9    0.10 INCH OR MORE:  13
MIN 32 OR BELOW:   0    0.50 INCH OR MORE:   4
MIN  0 OR BELOW:   0    1.00 INCH OR MORE:   3

[HDD (BASE 65) ]
TOTAL THIS MO.     0    CLEAR  (SCALE 0-3)   1
DPTR FM NORMAL     0    PTCLDY (SCALE 4-7)  15
TOTAL FM JUL 1   164    CLOUDY (SCALE 8-10)  8
DPTR FM NORMAL  -374

[CDD (BASE 65) ]
TOTAL THIS MO.   415
DPTR FM NORMAL     7    [PRESSURE DATA]
TOTAL FM JAN 1  1731    HIGHEST SLP 29.88 ON 18
DPTR FM NORMAL   446    LOWEST  SLP 29.68 ON  8

[REMARKS]
