000
CXUS56 KLKN 311009
CF6TPH
PRELIMINARY LOCAL CLIMATOLOGICAL DATA (WS FORM: F-6)

                                          STATION:   TONOPAH AIRPORT NV
                                          MONTH:     JULY
                                          YEAR:      2015
                                          LATITUDE:   38  3 N
                                          LONGITUDE: 117  5 W

  TEMPERATURE IN F:       :PCPN:    SNOW:  WIND      :SUNSHINE: SKY     :PK WND
================================================================================
1   2   3   4   5  6A  6B    7    8   9   10  11  12  13   14  15   16   17  18
                                     12Z  AVG MX 2MIN
DY MAX MIN AVG DEP HDD CDD  WTR  SNW DPTH SPD SPD DIR MIN PSBL S-S WX    SPD DR
================================================================================

 1  98  66  82   9   0  17 0.03    M    M  9.8 33  50   M    M   0 3      41  40
 2  92  69  81   8   0  16 0.03    M    M  7.2 25 100   M    M   3 3      31 100
 3  96  65  81   8   0  16 0.00    M    M  8.3 21 220   M    M   0        26 210
 4  80  65  73  -1   0   8 0.01    M    M 10.7 24 320   M    M   4        28 320
 5  91  59  75   1   0  10 0.00    M    M  9.1 37 280   M    M   0        45 300
 6  92  60  76   2   0  11    T    M    M 10.1 38 100   M    M   1 3      45 100
 7  88  60  74   0   0   9 0.01    M    M 11.5 36 340   M    M   3 3      45 330
 8  87  59  73  -1   0   8 0.00    M    M 17.2 32 330   M    M   2 3      42 340
 9  80  55  68  -6   0   3 0.00    M    M 11.4 36 260   M    M   2 8      52 220
10  80  50  65  -9   0   0 0.00    M    M  7.8 22 190   M    M   2        29 210
11  83  52  68  -7   0   3 0.00    M    M  9.1 23 180   M    M   1        32 210
12  88  51  70  -5   0   5 0.00    M    M 10.1 26 200   M    M   0        38 220
13  89  56  73  -2   0   8 0.00    M    M  6.6 20 180   M    M   0        24 180
14  89  55  72  -3   0   7 0.00    M    M  8.4 24 190   M    M   0        35 210
15  89  57  73  -2   0   8 0.00    M    M  8.0 20 170   M    M   0        26 240
16  91  57  74  -1   0   9 0.00    M    M  9.1 17 190   M    M   0        22 250
17  93  57  75   0   0  10 0.00    M    M 10.6 28 200   M    M   0        37 230
18  89  59  74  -1   0   9 0.00    M    M  8.2 29 210   M    M   0        38 210
19  85  56  71  -4   0   6 0.01    M    M  8.3 37  20   M    M   2 8      44  20
20  81  58  70  -5   0   5    T    M    M  7.2 28 170   M    M   1 3      34 180
21  86  60  73  -2   0   8 0.00    M    M  9.1 38  30   M    M   1 3      49  20
22  87  59  73  -2   0   8 0.02    M    M 13.2 32 320   M    M   6 3      42 190
23  86  55  71  -4   0   6 0.00    M    M  9.9 23 180   M    M   2        31 180
24  88  55  72  -3   0   7 0.00    M    M  5.9 18 200   M    M   2        23 200
25  91  57  74  -1   0   9 0.00    M    M  6.7 18 180   M    M   0        23 180
26  93  58  76   1   0  11 0.00    M    M 10.8 26 180   M    M   0        31 320
27  84  62  73  -2   0   8 0.00    M    M 15.8 32 340   M    M   0        42 340
28  88  57  73  -2   0   8 0.00    M    M 10.0 20  20   M    M   0        26  10
29  93  59  76   1   0  11 0.00    M    M  8.1 18  10   M    M   0        22 150
30  92  60  76   1   0  11 0.00    M    M  8.8 32 140   M    M   0        39 130
================================================================================
SM 2649 1748         0 255  0.11    M    287.0          M       32
================================================================================
AV 88.3 58.3                               9.6 FASTST   M    M   1    MAX(MPH)
                                 MISC ---->  # 38 100               # 52  220
================================================================================
NOTES:
# LAST OF SEVERAL OCCURRENCES

COLUMN 17 PEAK WIND IN M.P.H.

PRELIMINARY LOCAL CLIMATOLOGICAL DATA (WS FORM: F-6) , PAGE 2

                                          STATION:  TONOPAH AIRPORT NV
                                          MONTH:    JULY
                                          YEAR:     2015
                                          LATITUDE:   38  3 N
                                          LONGITUDE: 117  5 W

[TEMPERATURE DATA]      [PRECIPITATION DATA]       SYMBOLS USED IN COLUMN 16

AVERAGE MONTHLY: 73.3   TOTAL FOR MONTH:   0.11    1 = FOG OR MIST
DPTR FM NORMAL:  -1.3   DPTR FM NORMAL:   -0.32    2 = FOG REDUCING VISIBILITY
HIGHEST:    98 ON  1    GRTST 24HR  0.08 ON 30- 1      TO 1/4 MILE OR LESS
LOWEST:     50 ON 10                               3 = THUNDER
                        SNOW, ICE PELLETS, HAIL    4 = ICE PELLETS
                        TOTAL MONTH:    M          5 = HAIL
                        GRTST 24HR    M  ON   M    6 = FREEZING RAIN OR DRIZZLE
                        GRTST DEPTH:  M  ON   M    7 = DUSTSTORM OR SANDSTORM:
                                                       VSBY 1/2 MILE OR LESS
                                                   8 = SMOKE OR HAZE
[NO. OF DAYS WITH]      [WEATHER - DAYS WITH]      9 = BLOWING SNOW
                                                   X = TORNADO
MAX 32 OR BELOW:   0    0.01 INCH OR MORE:   6
MAX 90 OR ABOVE:  11    0.10 INCH OR MORE:   0
MIN 32 OR BELOW:   0    0.50 INCH OR MORE:   0
MIN  0 OR BELOW:   0    1.00 INCH OR MORE:   0

[HDD (BASE 65) ]
TOTAL THIS MO.     0    CLEAR  (SCALE 0-3)  28
DPTR FM NORMAL     0    PTCLDY (SCALE 4-7)   2
TOTAL FM JUL 1     0    CLOUDY (SCALE 8-10)  0
DPTR FM NORMAL     0

[CDD (BASE 65) ]
TOTAL THIS MO.   255
DPTR FM NORMAL   -33    [PRESSURE DATA]
TOTAL FM JAN 1   569    HIGHEST SLP M ON M
DPTR FM NORMAL   109    LOWEST  SLP 29.66 ON 14

[REMARKS]
