094
CXUS54 KFWD 250730
CF6TRL
PRELIMINARY LOCAL CLIMATOLOGICAL DATA (WS FORM: F-6)

                                          STATION:   TERRELL
                                          MONTH:     SEPTEMBER
                                          YEAR:      2016
                                          LATITUDE:   32 42 N
                                          LONGITUDE:  96 16 W

  TEMPERATURE IN F:       :PCPN:    SNOW:  WIND      :SUNSHINE: SKY     :PK WND
================================================================================
1   2   3   4   5  6A  6B    7    8   9   10  11  12  13   14  15   16   17  18
                                     12Z  AVG MX 2MIN
DY MAX MIN AVG DEP HDD CDD  WTR  SNW DPTH SPD SPD DIR MIN PSBL S-S WX    SPD DR
================================================================================

 1  93  72  83   1   0  18    T  0.0    0  6.8 23  10   M    M   1 3      30  10
 2  88  71  80  -2   0  15 0.00  0.0    0  5.8 14  40   M    M   3 1      16  40
 3  88  68  78  -4   0  13 0.00  0.0    0  5.2 12 100   M    M   0        16 100
 4  91  69  80  -1   0  15 0.00  0.0    0  6.0 13 150   M    M   1        16 170
 5  92  75  84   3   0  19 0.00  0.0    0  8.7 20 170   M    M   2        25 180
 6  92  75  84   3   0  19 0.00  0.0    0  8.8 16 170   M    M   2        22 180
 7  93  73  83   3   0  18 0.00  0.0    0  9.2 17 170   M    M   3        23 170
 8  93  76  85   5   0  20 0.00  0.0    0  9.5 18 160   M    M   1        24 170
 9  93  75  84   4   0  19 0.00  0.0    0  9.7 20 170   M    M   2        23 170
10  87  67  77  -2   0  12 0.02  0.0    0  8.7 21 360   M    M   2        28 360
11  89  61  75  -4   0  10 0.00  0.0    0  4.4  9  70   M    M   0        12 360
12  90  64  77  -1   0  12 0.00  0.0    0  5.0 12 160   M    M   1        17 150
13  92  72  82   4   0  17 0.00  0.0    0  4.7 13  90   M    M   1        18 110
14  93  72  83   5   0  18 0.00  0.0    0  4.0 13  50   M    M   1        18  60
15  93  72  83   6   0  18 0.00  0.0    0  3.7 13 140   M    M   0        16 130
16  94  73  84   7   0  19    T  0.0    0  3.5 13 140   M    M   0        18 180
17  96  73  85   9   0  20 0.00  0.0    0  4.0 15  80   M    M   1 1      19  90
18  95  73  84   8   0  19 0.05  0.0    0  4.6 22 330   M    M   0 13     31 320
19  98  74  86  10   0  21 0.00  0.0    0  3.9 14 160   M    M   1 1      17 160
20  97  73  85  10   0  20 0.00  0.0    0  4.5 13  70   M    M   1        16  60
21  93  69  81   6   0  16 0.00  0.0    0  3.8 12 140   M    M   0        18 150
22  94  67  81   7   0  16 0.00  0.0    0  3.9 13 150   M    M   0 8      18 120
23  93  72  83   9   0  18 0.00  0.0    0  7.8 16 150   M    M   3        21 160
24  92  74  83   9   0  18 0.00  0.0    0  8.3 18 140   M    M   3 1      24 160
================================================================================
SM 2219 1710         0 410  0.07     0.0 144.5          M       29
================================================================================
AV 92.5 71.2                               6.0 FASTST   M    M   1    MAX(MPH)
                                 MISC ---->  # 23  10               # 31  320
================================================================================
NOTES:
# LAST OF SEVERAL OCCURRENCES

COLUMN 17 PEAK WIND IN M.P.H.

PRELIMINARY LOCAL CLIMATOLOGICAL DATA (WS FORM: F-6) , PAGE 2

                                          STATION:  TERRELL
                                          MONTH:    SEPTEMBER
                                          YEAR:     2016
                                          LATITUDE:   32 42 N
                                          LONGITUDE:  96 16 W

[TEMPERATURE DATA]      [PRECIPITATION DATA]       SYMBOLS USED IN COLUMN 16

AVERAGE MONTHLY: 81.9   TOTAL FOR MONTH:   0.07    1 = FOG OR MIST
DPTR FM NORMAL:   3.7   DPTR FM NORMAL:   -2.23    2 = FOG REDUCING VISIBILITY
HIGHEST:    98 ON 19    GRTST 24HR  0.05 ON 18-18      TO 1/4 MILE OR LESS
LOWEST:     61 ON 11                               3 = THUNDER
                        SNOW, ICE PELLETS, HAIL    4 = ICE PELLETS
                        TOTAL MONTH:   0.0 INCH    5 = HAIL
                        GRTST 24HR     0.0         6 = FREEZING RAIN OR DRIZZLE
                        GRTST DEPTH:   0           7 = DUSTSTORM OR SANDSTORM:
                                                       VSBY 1/2 MILE OR LESS
                                                   8 = SMOKE OR HAZE
[NO. OF DAYS WITH]      [WEATHER - DAYS WITH]      9 = BLOWING SNOW
                                                   X = TORNADO
MAX 32 OR BELOW:   0    0.01 INCH OR MORE:   2
MAX 90 OR ABOVE:  20    0.10 INCH OR MORE:   0
MIN 32 OR BELOW:   0    0.50 INCH OR MORE:   0
MIN  0 OR BELOW:   0    1.00 INCH OR MORE:   0

[HDD (BASE 65) ]
TOTAL THIS MO.     0    CLEAR  (SCALE 0-3)  24
DPTR FM NORMAL     0    PTCLDY (SCALE 4-7)   0
TOTAL FM JUL 1     0    CLOUDY (SCALE 8-10)  0
DPTR FM NORMAL     0

[CDD (BASE 65) ]
TOTAL THIS MO.   410
DPTR FM NORMAL    93    [PRESSURE DATA]
TOTAL FM JAN 1  2483    HIGHEST SLP M ON M
DPTR FM NORMAL   134    LOWEST  SLP 29.82 ON  9

[REMARKS]
