000
CXUS51 KPHI 240800
CF6TTN
PRELIMINARY LOCAL CLIMATOLOGICAL DATA (WS FORM: F-6)

                                          STATION:   TRENTON NJ
                                          MONTH:     JULY
                                          YEAR:      2016
                                          LATITUDE:   40 16 N
                                          LONGITUDE:  74 49 W

  TEMPERATURE IN F:       :PCPN:    SNOW:  WIND      :SUNSHINE: SKY     :PK WND
================================================================================
1   2   3   4   5  6A  6B    7    8   9   10  11  12  13   14  15   16   17  18
                                     12Z  AVG MX 2MIN
DY MAX MIN AVG DEP HDD CDD  WTR  SNW DPTH SPD SPD DIR MIN PSBL S-S WX    SPD DR
================================================================================

 1  86  66  76   2   0  11 0.50    M    M  5.5 18 180   M    M   4 13     27 160
 2  79  66  73  -2   0   8 0.00    M    M  8.0 16 320   M    M   0        24 310
 3  81  62  72  -3   0   7 0.00    M    M  5.7 14 230   M    M   0        19 230
 4  82  60  71  -4   0   6 0.11    M    M  5.8 15 210   M    M   6 1      19 230
 5  87  70  79   4   0  14 0.30    M    M  4.6 12 300   M    M   7 1      16 340
 6  93  71  82   7   0  17 0.00    M    M  3.4 13 270   M    M   1        18 260
 7  93  74  84   9   0  19 0.46    M    M  5.8 30 280   M    M   1 138    48 270
 8  91  70  81   5   0  16 0.87    M    M  6.9 20 110   M    M   5 13     28 160
 9  75  67  71  -5   0   6 0.95    M    M  7.5 21 290   M    M   9 13     28 290
10  83  65  74  -2   0   9 0.00    M    M  6.6 16 350   M    M   3        20 310
11  83  61  72  -4   0   7 0.00    M    M  5.1 13 150   M    M   2        17 150
12  86  64  75  -1   0  10 0.00    M    M  6.2 15 180   M    M   2        19 190
13  80  69  75  -1   0  10 0.56    M    M  4.4 12  40   M    M   8        16  40
14  93  74  84   8   0  19 0.00    M    M  6.3 20 210   M    M   6 18     26 200
15  89  76  83   7   0  18 0.00    M    M  5.2 12 250   M    M   1        16 260
16  89  72  81   5   0  16 0.09    M    M  5.2 20 350   M    M   2 3      24 360
17  91  70  81   5   0  16 0.00    M    M  4.4 12 270   M    M   1 8      16 290
18  93  71  82   6   0  17 0.17    M    M  6.5 21 310   M    M   1 38     27 310
19  85  70  78   2   0  13    T    M    M  6.9 18 340   M    M   2        24 340
20  84  65  75  -1   0  10 0.00    M    M  5.3 12 320   M    M   1        14 320
21  88  65  77   1   0  12 0.00    M    M  5.4 14 210   M    M   0        19 220
22  93  70  82   6   0  17 0.00    M    M  7.7 16 220   M    M   1 1      22 230
23  96  74  85   9   0  20 0.00    M    M  6.3 16 230   M    M   0        23 240
================================================================================
SM 2000 1572         0 298  4.01    M    134.7          M       63
================================================================================
AV 87.0 68.3                               5.9 FASTST   M    M   3    MAX(MPH)
                                 MISC ---->  # 30 280               # 48  270
================================================================================
NOTES:
# LAST OF SEVERAL OCCURRENCES

COLUMN 17 PEAK WIND IN M.P.H.

PRELIMINARY LOCAL CLIMATOLOGICAL DATA (WS FORM: F-6) , PAGE 2

                                          STATION:  TRENTON NJ
                                          MONTH:    JULY
                                          YEAR:     2016
                                          LATITUDE:   40 16 N
                                          LONGITUDE:  74 49 W

[TEMPERATURE DATA]      [PRECIPITATION DATA]       SYMBOLS USED IN COLUMN 16

AVERAGE MONTHLY: 77.7   TOTAL FOR MONTH:   4.01    1 = FOG OR MIST
DPTR FM NORMAL:   2.0   DPTR FM NORMAL:    0.30    2 = FOG REDUCING VISIBILITY
HIGHEST:    96 ON 23    GRTST 24HR  0.95 ON  9- 9      TO 1/4 MILE OR LESS
LOWEST:     60 ON  4                               3 = THUNDER
                        SNOW, ICE PELLETS, HAIL    4 = ICE PELLETS
                        TOTAL MONTH:    M          5 = HAIL
                        GRTST 24HR    M  ON   M    6 = FREEZING RAIN OR DRIZZLE
                        GRTST DEPTH:  M  ON   M    7 = DUSTSTORM OR SANDSTORM:
                                                       VSBY 1/2 MILE OR LESS
                                                   8 = SMOKE OR HAZE
[NO. OF DAYS WITH]      [WEATHER - DAYS WITH]      9 = BLOWING SNOW
                                                   X = TORNADO
MAX 32 OR BELOW:   0    0.01 INCH OR MORE:   9
MAX 90 OR ABOVE:   8    0.10 INCH OR MORE:   8
MIN 32 OR BELOW:   0    0.50 INCH OR MORE:   4
MIN  0 OR BELOW:   0    1.00 INCH OR MORE:   0

[HDD (BASE 65) ]
TOTAL THIS MO.     0    CLEAR  (SCALE 0-3)  15
DPTR FM NORMAL     0    PTCLDY (SCALE 4-7)   7
TOTAL FM JUL 1     0    CLOUDY (SCALE 8-10)  1
DPTR FM NORMAL     0

[CDD (BASE 65) ]
TOTAL THIS MO.   298
DPTR FM NORMAL    54    [PRESSURE DATA]
TOTAL FM JAN 1   613    HIGHEST SLP M ON M
DPTR FM NORMAL   122    LOWEST  SLP 29.73 ON  7

[REMARKS]
