000
CXUS54 KTSA 210940
CF6TUL
PRELIMINARY LOCAL CLIMATOLOGICAL DATA (WS FORM: F-6)

                                          STATION:   TULSA OKLAHOMA
                                          MONTH:     DECEMBER
                                          YEAR:      2014
                                          LATITUDE:   36 12 N
                                          LONGITUDE:  95 54 W

  TEMPERATURE IN F:       :PCPN:    SNOW:  WIND      :SUNSHINE: SKY     :PK WND
================================================================================
1   2   3   4   5  6A  6B    7    8   9   10  11  12  13   14  15   16   17  18
                                     12Z  AVG MX 2MIN
DY MAX MIN AVG DEP HDD CDD  WTR  SNW DPTH SPD SPD DIR MIN PSBL S-S WX    SPD DR
================================================================================

 1  32  28  30 -13  35   0 0.00  0.0    0 13.5 24  20   M    M  10        31 360
 2  43  29  36  -7  29   0 0.00  0.0    0  6.4 14 180   M    M  10        17 180
 3  49  37  43   1  22   0 0.01  0.0    0  5.9 17  40   M    M  10 1      20  50
 4  53  42  48   6  17   0 0.16  0.0    0  4.6 12 150   M    M   8 12     14 150
 5  60  46  53  11  12   0 0.10  0.0    0  8.6 20 340   M    M  10 1      24 340
 6  48  43  46   4  19   0    T  0.0    0  8.4 14 360   M    M  10 18     19 360
 7  48  42  45   4  20   0    T  0.0    0  6.3 13 170   M    M  10 1      16 170
 8  65  42  54  13  11   0    T  0.0    0  3.1 13 200   M    M   5 1      15 200
 9  49  34  42   1  23   0 0.00  0.0    0  6.2 16  10   M    M   3        21  30
10  52  28  40   0  25   0 0.00  0.0    0  6.7 15 180   M    M   7        19 160
11  55  46  51  11  14   0 0.00  0.0    0  6.9 12 150   M    M   9        15 160
12  53  47  50  10  15   0    T  0.0    0  8.1 14 150   M    M  10 1      17 140
13  62  48  55  15  10   0    T  0.0    0 10.2 20 150   M    M   9 12     25 150
14  63  53  58  19   7   0 1.14  0.0    0 12.5 29 180   M    M  10 13     40 190
15  58  41  50  11  15   0 0.00  0.0    0 15.5 30 300   M    M   7        37 290
16  47  32  40   1  25   0 0.00  0.0    0 10.2 28 320   M    M   7        35 290
17  37  30  34  -5  31   0 0.37    T    0  5.5 13 130   M    M  10 1      14 130
18  42  36  39   0  26   0 0.01  0.0    0  5.0  9 360   M    M  10 1      12 120
19  41  37  39   1  26   0    T  0.0    0  5.6 12 350   M    M  10 1      14 350
20  45  37  41   3  24   0    T  0.0    0  5.5 13 180   M    M  10 1      16 210
================================================================================
SM 1002  778       406   0  1.79    T    154.7          M      175
================================================================================
AV 50.1 38.9                               7.7 FASTST   M    M   9    MAX(MPH)
                                 MISC ---->  # 30 300               # 40  190
================================================================================
NOTES:
# LAST OF SEVERAL OCCURRENCES

COLUMN 17 PEAK WIND IN M.P.H.

PRELIMINARY LOCAL CLIMATOLOGICAL DATA (WS FORM: F-6) , PAGE 2

                                          STATION:  TULSA OKLAHOMA
                                          MONTH:    DECEMBER
                                          YEAR:     2014
                                          LATITUDE:   36 12 N
                                          LONGITUDE:  95 54 W

[TEMPERATURE DATA]      [PRECIPITATION DATA]       SYMBOLS USED IN COLUMN 16

AVERAGE MONTHLY: 44.5   TOTAL FOR MONTH:   1.79    1 = FOG OR MIST
DPTR FM NORMAL:   4.1   DPTR FM NORMAL:    0.10    2 = FOG REDUCING VISIBILITY
HIGHEST:    65 ON  8    GRTST 24HR  1.14 ON 14-14      TO 1/4 MILE OR LESS
LOWEST:     28 ON 10, 1                            3 = THUNDER
                        SNOW, ICE PELLETS, HAIL    4 = ICE PELLETS
                        TOTAL MONTH:    T          5 = HAIL
                        GRTST 24HR    T  ON 17-17  6 = FREEZING RAIN OR DRIZZLE
                        GRTST DEPTH:   0           7 = DUSTSTORM OR SANDSTORM:
                                                       VSBY 1/2 MILE OR LESS
                                                   8 = SMOKE OR HAZE
[NO. OF DAYS WITH]      [WEATHER - DAYS WITH]      9 = BLOWING SNOW
                                                   X = TORNADO
MAX 32 OR BELOW:   1    0.01 INCH OR MORE:   6
MAX 90 OR ABOVE:   0    0.10 INCH OR MORE:   4
MIN 32 OR BELOW:   5    0.50 INCH OR MORE:   1
MIN  0 OR BELOW:   0    1.00 INCH OR MORE:   1

[HDD (BASE 65) ]
TOTAL THIS MO.   406    CLEAR  (SCALE 0-3)   1
DPTR FM NORMAL   -87    PTCLDY (SCALE 4-7)   4
TOTAL FM JUL 1  1107    CLOUDY (SCALE 8-10) 15
DPTR FM NORMAL   -22

[CDD (BASE 65) ]
TOTAL THIS MO.     0
DPTR FM NORMAL     0    [PRESSURE DATA]
TOTAL FM JAN 1  2048    HIGHEST SLP M ON M
DPTR FM NORMAL    12    LOWEST  SLP 29.63 ON 15

[REMARKS]
