000
CXUS53 KAPX 230631
CF6TVC
PRELIMINARY LOCAL CLIMATOLOGICAL DATA (WS FORM: F-6)

                                          STATION:   TRAVERSE CITY MI
                                          MONTH:     AUGUST
                                          YEAR:      2017
                                          LATITUDE:   44 44 N
                                          LONGITUDE:  85 34 W

  TEMPERATURE IN F:       :PCPN:    SNOW:  WIND      :SUNSHINE: SKY     :PK WND
================================================================================
1   2   3   4   5  6A  6B    7    8   9   10  11  12  13   14  15   16   17  18
                                     12Z  AVG MX 2MIN
DY MAX MIN AVG DEP HDD CDD  WTR  SNW DPTH SPD SPD DIR MIN PSBL S-S WX    SPD DR
================================================================================

 1  86  62  74   5   0   9 0.00    M    M  5.2 17 260   M    M   2 3      25 270
 2  77  65  71   2   0   6 0.04    M    M  7.7 15 360   M    M   7 13     21  10
 3  77  63  70   1   0   5 3.02    M    M  6.1 14 100   M    M  10 138    20 150
 4  69  58  64  -5   1   0 0.33    M    M  9.4 22 310   M    M   9 18     30 340
 5  74  58  66  -3   0   1 0.00    M    M  8.4 17 300   M    M   5        22 300
 6  77  57  67  -1   0   2    T    M    M  2.9 16 360   M    M   7 3      22  10
 7  73  58  66  -2   0   1    T    M    M  5.2 12 270   M    M   3        18 360
 8  83  55  69   1   0   4 0.00    M    M  6.1 22 270   M    M   2        25 270
 9  84  58  71   3   0   6 0.00    M    M  4.5 16 270   M    M   5        22 260
10  79  62  71   3   0   6 0.41    M    M  3.2 20 240   M    M   6 13     26 260
11  73  59  66  -2   0   1 0.06    M    M  7.4 16 300   M    M   7 1      23 290
12  74  54  64  -4   1   0    T    M    M  6.9 15 310   M    M   6        19 350
13  81  52  67  -1   0   2 0.00    M    M  2.2 10 250   M    M   4        13 270
14  78  58  68   0   0   3 0.00    M    M  2.8 14 310   M    M   5        19 280
15  76  59  68   0   0   3 0.06    M    M  4.3 12  40   M    M   6 1      16 310
16  85  58  72   4   0   7 0.00    M    M  3.7 12 100   M    M   5        16 200
17  81  66  74   6   0   9 0.55    M    M  6.4 13 220   M    M   7 138    23 190
18  69  60  65  -2   0   0 0.03    M    M  7.9 17 260   M    M   9 18     24 260
19  80  60  70   3   0   5 0.00    M    M  6.1 16 280   M    M   5        21 270
20  83  64  74   7   0   9 0.00    M    M  5.1 14 240   M    M   5        23 210
21  86  68  77  10   0  12 0.00    M    M  3.9  9 230   M    M   6 3      15 210
22  75  61  68   1   0   3 0.03    M    M 10.3 25 290   M    M   6 1      32 280
================================================================================
SM 1720 1315         2  94  4.53    M    125.7          M      127
================================================================================
AV 78.2 59.8                               5.7 FASTST   M    M   6    MAX(MPH)
                                 MISC ---->  # 25 290               # 32  280
================================================================================
NOTES:
# LAST OF SEVERAL OCCURRENCES

COLUMN 17 PEAK WIND IN M.P.H.

PRELIMINARY LOCAL CLIMATOLOGICAL DATA (WS FORM: F-6) , PAGE 2

                                          STATION:  TRAVERSE CITY MI
                                          MONTH:    AUGUST
                                          YEAR:     2017
                                          LATITUDE:   44 44 N
                                          LONGITUDE:  85 34 W

[TEMPERATURE DATA]      [PRECIPITATION DATA]       SYMBOLS USED IN COLUMN 16

AVERAGE MONTHLY: 69.0   TOTAL FOR MONTH:   4.53    1 = FOG OR MIST
DPTR FM NORMAL:   1.0   DPTR FM NORMAL:    2.13    2 = FOG REDUCING VISIBILITY
HIGHEST:    86 ON 21, 1 GRTST 24HR  3.02 ON  3- 3      TO 1/4 MILE OR LESS
LOWEST:     52 ON 13                               3 = THUNDER
                        SNOW, ICE PELLETS, HAIL    4 = ICE PELLETS
                        TOTAL MONTH:    M          5 = HAIL
                        GRTST 24HR    M  ON   M    6 = FREEZING RAIN OR DRIZZLE
                        GRTST DEPTH:  M  ON   M    7 = DUSTSTORM OR SANDSTORM:
                                                       VSBY 1/2 MILE OR LESS
                                                   8 = SMOKE OR HAZE
[NO. OF DAYS WITH]      [WEATHER - DAYS WITH]      9 = BLOWING SNOW
                                                   X = TORNADO
MAX 32 OR BELOW:   0    0.01 INCH OR MORE:   9
MAX 90 OR ABOVE:   0    0.10 INCH OR MORE:   4
MIN 32 OR BELOW:   0    0.50 INCH OR MORE:   2
MIN  0 OR BELOW:   0    1.00 INCH OR MORE:   1

[HDD (BASE 65) ]
TOTAL THIS MO.     2    CLEAR  (SCALE 0-3)   2
DPTR FM NORMAL   -20    PTCLDY (SCALE 4-7)  17
TOTAL FM JUL 1     5    CLOUDY (SCALE 8-10)  3
DPTR FM NORMAL   -45

[CDD (BASE 65) ]
TOTAL THIS MO.    94
DPTR FM NORMAL     4    [PRESSURE DATA]
TOTAL FM JAN 1   378    HIGHEST SLP M ON M
DPTR FM NORMAL    35    LOWEST  SLP 29.55 ON 18

[REMARKS]
