000
CXUS54 KSHV 281300
CF6TXK
PRELIMINARY LOCAL CLIMATOLOGICAL DATA (WS FORM: F-6)

                                          STATION:   TEXARKANA
                                          MONTH:     JANUARY
                                          YEAR:      2015
                                          LATITUDE:   33 27 N
                                          LONGITUDE:  94  0 W

  TEMPERATURE IN F:       :PCPN:    SNOW:  WIND      :SUNSHINE: SKY     :PK WND
================================================================================
1   2   3   4   5  6A  6B    7    8   9   10  11  12  13   14  15   16   17  18
                                     12Z  AVG MX 2MIN
DY MAX MIN AVG DEP HDD CDD  WTR  SNW DPTH SPD SPD DIR MIN PSBL S-S WX    SPD DR
================================================================================

 1  38  34  36  -8  29   0 1.20  0.0    0  4.4  9  50   M    M  10 1      12  50
 2  43  36  40  -4  25   0 0.70  0.0    0  6.2 10  70   M    M   8 1      16  70
 3  48  37  43   0  22   0 0.86  0.0    0  6.6 22 310   M    M   9 13     30 310
 4  42  28  35  -8  30   0 0.00  0.0    0  9.2 24 300   M    M   4 1      29 290
 5  43  22  33 -10  32   0 0.00  0.0    0  5.2 12  70   M    M   0        16  70
 6  57  26  42  -1  23   0 0.00  0.0    0  2.3  9  20   M    M   0        11  50
 7  44  21  33 -10  32   0 0.00  0.0    0 10.1 21  20   M    M   1        31  20
 8  36  13  25 -18  40   0 0.00  0.0    0  5.2 14 200   M    M   0        18 180
 9  43  22  33 -10  32   0 0.00  0.0    0  4.5 13  10   M    M   0        18  20
10  37  26  32 -11  33   0    T  0.0    0  4.6  9 130   M    M   8 4      12 120
11  39  31  35  -8  30   0 0.93    T    T  4.6 10 100   M    M  10 146    16  80
12  45  38  42  -2  23   0 0.00  0.0    0  7.1 14  40   M    M  10 1      19  40
13  44  28  36  -8  29   0 0.00  0.0    0  6.6 16  50   M    M   5        22  20
14  43  25  34 -10  31   0 0.00  0.0    0  3.2  9 360   M    M   2        13  50
15  53  36  45   1  20   0    T  0.0    0  4.2 13 290   M    M   4        16 310
16  59  27  43  -1  22   0 0.00  0.0    0  5.5 15 230   M    M   0 1      18 230
17  67  38  53   9  12   0 0.00  0.0    0 10.4 18 230   M    M   0        25 230
18  67  34  51   7  14   0 0.00  0.0    0  7.3 14 260   M    M   0        17 210
19  69  40  55  11  10   0 0.00  0.0    0  8.4 18 230   M    M   0        24 210
20  67  38  53   9  12   0 0.00  0.0    0  4.7 13  30   M    M   0        16  20
21  62  33  48   4  17   0    T    M    0  4.6 12  60   M    M   2        15  50
22  52  38  45   1  20   0 0.55    M    0 10.7 20  50   M    M  10 1      28  40
23  50  38  44   0  21   0    T    M    0  8.1 16  30   M    M   7        21  10
24  60  29  45   1  20   0 0.00  0.0    0  7.2 15 270   M    M   0        20 280
25  63  38  51   7  14   0 0.00  0.0    0 13.2 30 290   M    M   1        40 280
26  63  37  50   6  15   0 0.00  0.0    0  8.1 14 260   M    M   0        18 220
27  75  39  57  12   8   0 0.00  0.0    0  3.4  7 180   M    M   0         9  60
================================================================================
SM 1409  852       616   0  4.24    T    175.6          M       91
================================================================================
AV 52.2 31.6                               6.5 FASTST   M    M   3    MAX(MPH)
                                 MISC ---->  # 30 290               # 40  280
================================================================================
NOTES:
# LAST OF SEVERAL OCCURRENCES

COLUMN 17 PEAK WIND IN M.P.H.

PRELIMINARY LOCAL CLIMATOLOGICAL DATA (WS FORM: F-6) , PAGE 2

                                          STATION:  TEXARKANA
                                          MONTH:    JANUARY
                                          YEAR:     2015
                                          LATITUDE:   33 27 N
                                          LONGITUDE:  94  0 W

[TEMPERATURE DATA]      [PRECIPITATION DATA]       SYMBOLS USED IN COLUMN 16

AVERAGE MONTHLY: 41.9   TOTAL FOR MONTH:   4.24    1 = FOG OR MIST
DPTR FM NORMAL:  -1.8   DPTR FM NORMAL:    1.29    2 = FOG REDUCING VISIBILITY
HIGHEST:    75 ON 27    GRTST 24HR  1.53 ON  2- 3      TO 1/4 MILE OR LESS
LOWEST:     13 ON  8                               3 = THUNDER
                        SNOW, ICE PELLETS, HAIL    4 = ICE PELLETS
                        TOTAL MONTH:    T          5 = HAIL
                        GRTST 24HR    T  ON 11-11  6 = FREEZING RAIN OR DRIZZLE
                        GRTST DEPTH:   T           7 = DUSTSTORM OR SANDSTORM:
                                                       VSBY 1/2 MILE OR LESS
                                                   8 = SMOKE OR HAZE
[NO. OF DAYS WITH]      [WEATHER - DAYS WITH]      9 = BLOWING SNOW
                                                   X = TORNADO
MAX 32 OR BELOW:   0    0.01 INCH OR MORE:   5
MAX 90 OR ABOVE:   0    0.10 INCH OR MORE:   5
MIN 32 OR BELOW:  12    0.50 INCH OR MORE:   5
MIN  0 OR BELOW:   0    1.00 INCH OR MORE:   1

[HDD (BASE 65) ]
TOTAL THIS MO.   616    CLEAR  (SCALE 0-3)  16
DPTR FM NORMAL    37    PTCLDY (SCALE 4-7)   5
TOTAL FM JUL 1  1677    CLOUDY (SCALE 8-10)  6
DPTR FM NORMAL    31

[CDD (BASE 65) ]
TOTAL THIS MO.     0
DPTR FM NORMAL     0    [PRESSURE DATA]
TOTAL FM JAN 1     0    HIGHEST SLP M ON M
DPTR FM NORMAL     0    LOWEST  SLP 29.76 ON  3

[REMARKS]
