000
CXUS56 KPQR 241200
CF6UAO
PRELIMINARY LOCAL CLIMATOLOGICAL DATA (WS FORM: F-6)

                                          STATION:   AURORA STATE OR
                                          MONTH:     SEPTEMBER
                                          YEAR:      2016
                                          LATITUDE:   45 15 N
                                          LONGITUDE: 122 46 W

  TEMPERATURE IN F:       :PCPN:    SNOW:  WIND      :SUNSHINE: SKY     :PK WND
================================================================================
1   2   3   4   5  6A  6B    7    8   9   10  11  12  13   14  15   16   17  18
                                     12Z  AVG MX 2MIN
DY MAX MIN AVG DEP HDD CDD  WTR  SNW DPTH SPD SPD DIR MIN PSBL S-S WX    SPD DR
================================================================================

 1  68  54  61  -5   4   0 0.03  0.0    0  4.9 15 180   M    M   7 1      20 230
 2  70  56  63  -3   2   0 0.07  0.0    0  6.1 17 170   M    M   9        21 170
 3  71  48  60  -6   5   0 0.00  0.0    0  2.8 12 350   M    M   6 1      17 280
 4  69  47  58  -8   7   0 0.01  0.0    0  3.1 10 350   M    M   7        15  40
 5  72  51  62  -4   3   0 0.00  0.0    0  2.2  8 360   M    M   5        11 330
 6  71  54  63  -3   2   0 0.04  0.0    0  7.8 18 190   M    M  10 1      23 200
 7  74  55  65   0   0   0 0.03  0.0    0  2.7 10  50   M    M   6 1      19  70
 8  77  53  65   0   0   0 0.00  0.0    0  5.6 14 350   M    M   5        19 360
 9  84  48  66   1   0   1 0.00  0.0    0  9.4 18  10   M    M   1        23  10
10  86  51  69   4   0   4 0.00  0.0    0  5.8 15 350   M    M   1        21 350
11  75  52  64  -1   1   0 0.00  0.0    0  6.1 13  30   M    M   1        19 360
12  79  47  63  -1   2   0 0.00  0.0    0  8.1 21  30   M    M   0        25  20
13  82  51  67   3   0   2 0.00  0.0    0  7.6 17  10   M    M   0        23  40
14  78  42  60  -4   5   0 0.00  0.0    0  4.3 13 180   M    M   0        17 170
15  81  46  64   0   1   0 0.00  0.0    0  1.7  9  20   M    M   1 1      11  20
16  82  47  65   2   0   0 0.00  0.0    0  1.2  7 250   M    M   3         9 260
17  61  55  58  -5   7   0 0.53  0.0    0  5.4 14 190   M    M   9 1      17 180
18  72  52  62  -1   3   0    T  0.0    0  2.5 10 180   M    M   7 1      14 180
19  66  46  56  -6   9   0 0.00  0.0    0  2.5 10 190   M    M   6 128    13 180
20  72  48  60  -2   5   0 0.00  0.0    0  4.0 14 330   M    M   2        22 340
21  74  44  59  -3   6   0 0.00  0.0    0  3.5 13 360   M    M   4 3      16  10
22  68  46  57  -5   8   0 0.04    M    0  2.5 12 340   M    M   5        16 340
23  61  49  55  -6  10   0 0.02    M    0  7.7 17 190   M    M   8 12     27 180
================================================================================
SM 1693 1142        80   7  0.77     0.0 107.5          M      103
================================================================================
AV 73.6 49.7                               4.7 FASTST   M    M   4    MAX(MPH)
                                 MISC ---->  # 21  30               # 27  180
================================================================================
NOTES:
# LAST OF SEVERAL OCCURRENCES

COLUMN 17 PEAK WIND IN M.P.H.

PRELIMINARY LOCAL CLIMATOLOGICAL DATA (WS FORM: F-6) , PAGE 2

                                          STATION:  AURORA STATE OR
                                          MONTH:    SEPTEMBER
                                          YEAR:     2016
                                          LATITUDE:   45 15 N
                                          LONGITUDE: 122 46 W

[TEMPERATURE DATA]      [PRECIPITATION DATA]       SYMBOLS USED IN COLUMN 16

AVERAGE MONTHLY: 61.6   TOTAL FOR MONTH:   0.77    1 = FOG OR MIST
DPTR FM NORMAL:  -2.5   DPTR FM NORMAL:   -0.37    2 = FOG REDUCING VISIBILITY
HIGHEST:    86 ON 10    GRTST 24HR  0.53 ON 17-17      TO 1/4 MILE OR LESS
LOWEST:     42 ON 14                               3 = THUNDER
                        SNOW, ICE PELLETS, HAIL    4 = ICE PELLETS
                        TOTAL MONTH:   0.0 INCH    5 = HAIL
                        GRTST 24HR     0.0         6 = FREEZING RAIN OR DRIZZLE
                        GRTST DEPTH:   0           7 = DUSTSTORM OR SANDSTORM:
                                                       VSBY 1/2 MILE OR LESS
                                                   8 = SMOKE OR HAZE
[NO. OF DAYS WITH]      [WEATHER - DAYS WITH]      9 = BLOWING SNOW
                                                   X = TORNADO
MAX 32 OR BELOW:   0    0.01 INCH OR MORE:   8
MAX 90 OR ABOVE:   0    0.10 INCH OR MORE:   1
MIN 32 OR BELOW:   0    0.50 INCH OR MORE:   1
MIN  0 OR BELOW:   0    1.00 INCH OR MORE:   0

[HDD (BASE 65) ]
TOTAL THIS MO.    80    CLEAR  (SCALE 0-3)   8
DPTR FM NORMAL    20    PTCLDY (SCALE 4-7)  12
TOTAL FM JUL 1   111    CLOUDY (SCALE 8-10)  3
DPTR FM NORMAL     4

[CDD (BASE 65) ]
TOTAL THIS MO.     7
DPTR FM NORMAL   -33    [PRESSURE DATA]
TOTAL FM JAN 1   386    HIGHEST SLP M ON M
DPTR FM NORMAL    56    LOWEST  SLP 29.88 ON 13

[REMARKS]
