000
CXUS54 KCRP 201300
CF6VCT
PRELIMINARY LOCAL CLIMATOLOGICAL DATA (WS FORM: F-6)

                                          STATION:   VICTORIA
                                          MONTH:     FEBRUARY
                                          YEAR:      2018
                                          LATITUDE:   28 51 N
                                          LONGITUDE:  96 55 W

  TEMPERATURE IN F:       :PCPN:    SNOW:  WIND      :SUNSHINE: SKY     :PK WND
================================================================================
1   2   3   4   5  6A  6B    7    8   9   10  11  12  13   14  15   16   17  18
                                     12Z  AVG MX 2MIN
DY MAX MIN AVG DEP HDD CDD  WTR  SNW DPTH SPD SPD DIR MIN PSBL S-S WX    SPD DR
================================================================================

 1  82  49  66  11   0   1 0.00  0.0    0  8.6 23 220   M    M   3 128    29 220
 2  61  51  56   1   9   0 0.00  0.0    0 12.0 22  40   M    M   9        27  30
 3  67  50  59   4   6   0    T  0.0    0  5.1 14  70   M    M   7 1      17  60
 4  78  50  64   9   1   0 0.00  0.0    0  7.0 20  30   M    M   6 12     23  30
 5  63  52  58   2   7   0 0.00  0.0    0  6.9 16  40   M    M  10        21  40
 6  78  51  65   9   0   0 0.01  0.0    0 10.4 29 170   M    M  10 128    34 170
 7  51  41  46 -10  19   0 0.05  0.0    0 14.6 23 360   M    M  10 18     32  10
 8  56  41  49  -7  16   0 0.00  0.0    0  6.8 15 350   M    M  10 8      18  20
 9  66  50  58   2   7   0 0.15  0.0    0  2.6  8 130   M    M  10 12     11 120
10  70  45  58   2   7   0 0.06  0.0    0  5.4 16 350   M    M  10 123    21  10
11  45  37  41 -15  24   0    T    M    0 16.0 26 360   M    M  10 18     33 360
12  52  32  42 -15  23   0 0.00  0.0    0  8.9 16  10   M    M   7        20  10
13  52  44  48  -9  17   0 0.13    M    0  8.2 20  80   M    M  10 128    23  80
14  73  50  62   5   3   0 0.00  0.0    0  6.2 15 150   M    M  10 128    18 160
15  81  65  73  16   0   8 0.02  0.0    0 13.2 25 170   M    M   9 12     30 160
16  79  66  73  16   0   8 0.00  0.0    0  9.2 16 160   M    M  10 12     20 190
17  80  60  70  12   0   5 0.05  0.0    0  8.2 18  30   M    M  10 128    23  30
18  82  59  71  13   0   6 0.00  0.0    0 12.2 26 160   M    M   8 128    33 160
19  81  70  76  18   0  11 0.00  0.0    0 22.1 33 170   M    M  10 1      42 170
================================================================================
SM 1297  963       139  39  0.47     0.0 183.6          M      169
================================================================================
AV 68.3 50.7                               9.7 FASTST   M    M   9    MAX(MPH)
                                 MISC ---->  # 33 170               # 42  170
================================================================================
NOTES:
# LAST OF SEVERAL OCCURRENCES

COLUMN 17 PEAK WIND IN M.P.H.

PRELIMINARY LOCAL CLIMATOLOGICAL DATA (WS FORM: F-6) , PAGE 2

                                          STATION:  VICTORIA
                                          MONTH:    FEBRUARY
                                          YEAR:     2018
                                          LATITUDE:   28 51 N
                                          LONGITUDE:  96 55 W

[TEMPERATURE DATA]      [PRECIPITATION DATA]       SYMBOLS USED IN COLUMN 16

AVERAGE MONTHLY: 59.5   TOTAL FOR MONTH:   0.47    1 = FOG OR MIST
DPTR FM NORMAL:   3.1   DPTR FM NORMAL:   -0.93    2 = FOG REDUCING VISIBILITY
HIGHEST:    82 ON 18, 1 GRTST 24HR  0.15 ON  9- 9      TO 1/4 MILE OR LESS
LOWEST:     32 ON 12                               3 = THUNDER
                        SNOW, ICE PELLETS, HAIL    4 = ICE PELLETS
                        TOTAL MONTH:   0.0 INCH    5 = HAIL
                        GRTST 24HR     0.0         6 = FREEZING RAIN OR DRIZZLE
                        GRTST DEPTH:   0           7 = DUSTSTORM OR SANDSTORM:
                                                       VSBY 1/2 MILE OR LESS
                                                   8 = SMOKE OR HAZE
[NO. OF DAYS WITH]      [WEATHER - DAYS WITH]      9 = BLOWING SNOW
                                                   X = TORNADO
MAX 32 OR BELOW:   0    0.01 INCH OR MORE:   7
MAX 90 OR ABOVE:   0    0.10 INCH OR MORE:   2
MIN 32 OR BELOW:   1    0.50 INCH OR MORE:   0
MIN  0 OR BELOW:   0    1.00 INCH OR MORE:   0

[HDD (BASE 65) ]
TOTAL THIS MO.   139    CLEAR  (SCALE 0-3)   1
DPTR FM NORMAL   -38    PTCLDY (SCALE 4-7)   3
TOTAL FM JUL 1  1025    CLOUDY (SCALE 8-10) 15
DPTR FM NORMAL    -4

[CDD (BASE 65) ]
TOTAL THIS MO.    39
DPTR FM NORMAL    20    [PRESSURE DATA]
TOTAL FM JAN 1    45    HIGHEST SLP M ON M
DPTR FM NORMAL    12    LOWEST  SLP 29.78 ON 10

[REMARKS]
