549
CXUS54 KCRP 011712
CF6VCT
PRELIMINARY LOCAL CLIMATOLOGICAL DATA (WS FORM: F-6)

                                          STATION:   VICTORIA
                                          MONTH:     FEBRUARY
                                          YEAR:      2017
                                          LATITUDE:   28 51 N
                                          LONGITUDE:  96 55 W

  TEMPERATURE IN F:       :PCPN:    SNOW:  WIND      :SUNSHINE: SKY     :PK WND
================================================================================
1   2   3   4   5  6A  6B    7    8   9   10  11  12  13   14  15   16   17  18
                                     12Z  AVG MX 2MIN
DY MAX MIN AVG DEP HDD CDD  WTR  SNW DPTH SPD SPD DIR MIN PSBL S-S WX    SPD DR
================================================================================

 1  83  52  68  13   0   3 0.00  0.0    0 10.1 24 150   M    M   5 128    29 150
 2  69  58  64   9   1   0 0.01  0.0    0  9.2 17  20   M    M  10 18     21 350
 3  61  52  57   2   8   0 0.00  0.0    0 11.2 20  30   M    M  10 8      24  50
 4  64  54  59   4   6   0 0.05  0.0    0  8.0 15  90   M    M  10 18     19 240
 5  78  63  71  15   0   6 0.04  0.0    0  8.4 18 160   M    M  10 1      22 160
 6  82  65  74  18   0   9 0.01  0.0    0 14.6 26 150   M    M   9 1      31 160
 7  88  65  77  21   0  12 0.00  0.0    0  8.8 21 190   M    M   5 18     27 180
 8  91  60  76  20   0  11 0.00  0.0    0 10.8 23 360   M    M   5 18     29 350
 9  74  48  61   5   4   0 0.00  0.0    0  9.4 21  20   M    M   0        25  20
10  82  52  67  11   0   2    T  0.0    0 10.6 20 160   M    M   7 1      24 150
11  86  71  79  23   0  14 0.00  0.0    0 15.6 26 170   M    M   6        33 160
12  86  67  77  20   0  12 0.00  0.0    0  9.8 18 180   M    M   6 128    24 180
13  78  68  73  16   0   8 0.03  0.0    0 13.0 24 130   M    M  10 1      28 130
14  72  54  63   6   2   0 1.88  0.0    0 15.2 37 330   M    M  10 13     43 310
15  66  44  55  -2  10   0 0.00  0.0    0 12.4 25 320   M    M   3        32 320
16  70  40  55  -2  10   0 0.00  0.0    0  5.1 15 130   M    M   0        19 140
17  74  53  64   6   1   0 0.15  0.0    0  7.8 25 120   M    M   6 12     30 120
18  88  63  76  18   0  11 0.00  0.0    0 11.2 20 140   M    M   6 12     24 140
19  77  71  74  16   0   9    T  0.0    0 15.6 28 130   M    M  10 18     33 130
20  73  59  66   8   0   1 2.66  0.0    0  9.8 28 320   M    M   8 13     32 330
21  80  54  67   9   0   2 0.00  0.0    0 11.7 25 310   M    M   1        33 310
22  86  48  67   8   0   2 0.00  0.0    0  5.6 14 150   M    M   0 8      16 150
23  85  53  69  10   0   4 0.00  0.0    0 12.1 28 140   M    M   3 12     31 150
24  86  56  71  12   0   6 0.00  0.0    0 10.4 23 360   M    M   2 1      29 360
25  69  47  58  -1   7   0 0.00  0.0    0  9.3 24  30   M    M   0        29  30
26  75  47  61   1   4   0 0.01  0.0    0 10.0 23 160   M    M   7 18     28 150
27  84  65  75  15   0  10 0.00  0.0    0  9.9 21 150   M    M   8 12     25 170
28  84  73  79  19   0  14 0.00  0.0    0 16.6 28 170   M    M   7 18     35 160
================================================================================
SM 2191 1602        53 136  4.84     0.0 302.2          M      164
================================================================================
AV 78.3 57.2                              10.8 FASTST   M    M   6    MAX(MPH)
                                 MISC ---->  # 37 330               # 43  310
================================================================================
NOTES:
# LAST OF SEVERAL OCCURRENCES

COLUMN 17 PEAK WIND IN M.P.H.

PRELIMINARY LOCAL CLIMATOLOGICAL DATA (WS FORM: F-6) , PAGE 2

                                          STATION:  VICTORIA
                                          MONTH:    FEBRUARY
                                          YEAR:     2017
                                          LATITUDE:   28 51 N
                                          LONGITUDE:  96 55 W

[TEMPERATURE DATA]      [PRECIPITATION DATA]       SYMBOLS USED IN COLUMN 16

AVERAGE MONTHLY: 67.7   TOTAL FOR MONTH:   4.84    1 = FOG OR MIST
DPTR FM NORMAL:  10.4   DPTR FM NORMAL:    2.76    2 = FOG REDUCING VISIBILITY
HIGHEST:    91 ON  8    GRTST 24HR  2.66 ON 20-20      TO 1/4 MILE OR LESS
LOWEST:     40 ON 16                               3 = THUNDER
                        SNOW, ICE PELLETS, HAIL    4 = ICE PELLETS
                        TOTAL MONTH:   0.0 INCH    5 = HAIL
                        GRTST 24HR     0.0         6 = FREEZING RAIN OR DRIZZLE
                        GRTST DEPTH:   0           7 = DUSTSTORM OR SANDSTORM:
                                                       VSBY 1/2 MILE OR LESS
                                                   8 = SMOKE OR HAZE
[NO. OF DAYS WITH]      [WEATHER - DAYS WITH]      9 = BLOWING SNOW
                                                   X = TORNADO
MAX 32 OR BELOW:   0    0.01 INCH OR MORE:   9
MAX 90 OR ABOVE:   1    0.10 INCH OR MORE:   3
MIN 32 OR BELOW:   0    0.50 INCH OR MORE:   2
MIN  0 OR BELOW:   0    1.00 INCH OR MORE:   2

[HDD (BASE 65) ]
TOTAL THIS MO.    53    CLEAR  (SCALE 0-3)   8
DPTR FM NORMAL  -188    PTCLDY (SCALE 4-7)  12
TOTAL FM JUL 1   531    CLOUDY (SCALE 8-10)  8
DPTR FM NORMAL  -562

[CDD (BASE 65) ]
TOTAL THIS MO.   136
DPTR FM NORMAL   112    [PRESSURE DATA]
TOTAL FM JAN 1   207    HIGHEST SLP 30.35 ON  3
DPTR FM NORMAL   169    LOWEST  SLP 29.60 ON 23

[REMARKS]
#FINAL-02-17#
