000
CXUS54 KCRP 251300
CF6VCT
PRELIMINARY LOCAL CLIMATOLOGICAL DATA (WS FORM: F-6)

                                          STATION:   VICTORIA
                                          MONTH:     DECEMBER
                                          YEAR:      2014
                                          LATITUDE:   28 51 N
                                          LONGITUDE:  96 55 W

  TEMPERATURE IN F:       :PCPN:    SNOW:  WIND      :SUNSHINE: SKY     :PK WND
================================================================================
1   2   3   4   5  6A  6B    7    8   9   10  11  12  13   14  15   16   17  18
                                     12Z  AVG MX 2MIN
DY MAX MIN AVG DEP HDD CDD  WTR  SNW DPTH SPD SPD DIR MIN PSBL S-S WX    SPD DR
================================================================================

 1  72  46  59   1   6   0 0.12  0.0    0  9.0 23 350   M    M  10 128    28 350
 2  55  46  51  -7  14   0 0.00  0.0    0  7.4 17 360   M    M  10 1      22 350
 3  74  51  63   5   2   0 0.00  0.0    0  7.6 14 150   M    M   8 1      18 120
 4  75  61  68  11   0   3 0.02  0.0    0  7.0 14 140   M    M  10 128    18 140
 5  82  68  75  18   0  10 0.00  0.0    0  7.4 21 200   M    M   8 12     27 200
 6  73  55  64   7   1   0 0.00  0.0    0  7.8 17 350   M    M   6 18     23 350
 7  62  55  59   3   6   0 0.00  0.0    0  6.8 13  30   M    M   9 18     16  40
 8  69  48  59   3   6   0 0.00  0.0    0  7.9 14  10   M    M   5        19 360
 9  74  43  59   3   6   0 0.00  0.0    0  4.4  9 120   M    M   0 128    10 120
10  71  46  59   3   6   0 0.00  0.0    0  6.6 16 130   M    M   7 128    20 140
11  73  59  66  10   0   1 0.00  0.0    0  7.8 17 150   M    M  10        22 140
12  77  56  67  11   0   2 0.00  0.0    0  8.9 18 160   M    M   5 1      22 160
13  79  53  66  11   0   1 0.00  0.0    0  7.2 15 120   M    M   4 12     20 140
14  80  59  70  15   0   5    T  0.0    0 13.2 26 160   M    M   5 1      32 160
15  79  55  67  12   0   2 0.00  0.0    0  5.3 13 220   M    M   7 12     16 220
16  68  51  60   5   5   0 0.00  0.0    0  6.8 14  40   M    M   8        16  50
17  70  49  60   5   5   0 0.04  0.0    0  9.2 21 130   M    M   8 18     27 120
18  68  60  64   9   1   0 0.08  0.0    0  6.5 13  20   M    M   9 12     15  30
19  65  54  60   6   5   0 1.35  0.0    0 12.1 23 360   M    M  10 1      28 360
20  58  51  55   1  10   0 0.00  0.0    0  8.9 18 360   M    M  10 1      24  10
21  63  53  58   4   7   0 0.00  0.0    0  5.5 12 150   M    M  10 1      13 140
22  75  55  65  11   0   0 0.00  0.0    0  5.9 20 210   M    M   6 12     24 230
23  66  46  56   2   9   0 0.01    M    0 13.2 28 340   M    M   7 12     35 340
24  60  40  50  -4  15   0 0.00  0.0    0 10.8 23 320   M    M   1        30 320
================================================================================
SM 1688 1260       104  24  1.62     0.0 193.2          M      173
================================================================================
AV 70.3 52.5                               8.1 FASTST   M    M   7    MAX(MPH)
                                 MISC ---->  # 28 340               # 35  340
================================================================================
NOTES:
# LAST OF SEVERAL OCCURRENCES

COLUMN 17 PEAK WIND IN M.P.H.

PRELIMINARY LOCAL CLIMATOLOGICAL DATA (WS FORM: F-6) , PAGE 2

                                          STATION:  VICTORIA
                                          MONTH:    DECEMBER
                                          YEAR:     2014
                                          LATITUDE:   28 51 N
                                          LONGITUDE:  96 55 W

[TEMPERATURE DATA]      [PRECIPITATION DATA]       SYMBOLS USED IN COLUMN 16

AVERAGE MONTHLY: 61.4   TOTAL FOR MONTH:   1.62    1 = FOG OR MIST
DPTR FM NORMAL:   5.8   DPTR FM NORMAL:   -0.15    2 = FOG REDUCING VISIBILITY
HIGHEST:    82 ON  5    GRTST 24HR  1.42 ON 18-19      TO 1/4 MILE OR LESS
LOWEST:     40 ON 24                               3 = THUNDER
                        SNOW, ICE PELLETS, HAIL    4 = ICE PELLETS
                        TOTAL MONTH:   0.0 INCH    5 = HAIL
                        GRTST 24HR     0.0         6 = FREEZING RAIN OR DRIZZLE
                        GRTST DEPTH:   0           7 = DUSTSTORM OR SANDSTORM:
                                                       VSBY 1/2 MILE OR LESS
                                                   8 = SMOKE OR HAZE
[NO. OF DAYS WITH]      [WEATHER - DAYS WITH]      9 = BLOWING SNOW
                                                   X = TORNADO
MAX 32 OR BELOW:   0    0.01 INCH OR MORE:   6
MAX 90 OR ABOVE:   0    0.10 INCH OR MORE:   2
MIN 32 OR BELOW:   0    0.50 INCH OR MORE:   1
MIN  0 OR BELOW:   0    1.00 INCH OR MORE:   1

[HDD (BASE 65) ]
TOTAL THIS MO.   104    CLEAR  (SCALE 0-3)   2
DPTR FM NORMAL  -144    PTCLDY (SCALE 4-7)  11
TOTAL FM JUL 1   295    CLOUDY (SCALE 8-10) 11
DPTR FM NORMAL  -116

[CDD (BASE 65) ]
TOTAL THIS MO.    24
DPTR FM NORMAL     0    [PRESSURE DATA]
TOTAL FM JAN 1  3513    HIGHEST SLP M ON M
DPTR FM NORMAL   366    LOWEST  SLP 29.52 ON 23

[REMARKS]
