000
CXUS55 KGJT 221000
CF6VEL
PRELIMINARY LOCAL CLIMATOLOGICAL DATA (WS FORM: F-6)

                                          STATION:   VERNAL UT
                                          MONTH:     NOVEMBER
                                          YEAR:      2014
                                          LATITUDE:   40 27 N
                                          LONGITUDE: 109 31 W

  TEMPERATURE IN F:       :PCPN:    SNOW:  WIND      :SUNSHINE: SKY     :PK WND
================================================================================
1   2   3   4   5  6A  6B    7    8   9   10  11  12  13   14  15   16   17  18
                                     12Z  AVG MX 2MIN
DY MAX MIN AVG DEP HDD CDD  WTR  SNW DPTH SPD SPD DIR MIN PSBL S-S WX    SPD DR
================================================================================

 1  69  42  56  14   9   0 0.03    M    M  8.8 28 200   M    M   4 3      37 200
 2  51  39  45   4  20   0 0.15    M    M  4.8 22 360   M    M   8 13     30 340
 3  45  31  38  -3  27   0 0.01    M    M  3.7 13 140   M    M   8        16 150
 4  46  24  35  -5  30   0 0.00    M    M  2.7  9 110   M    M   2        15 140
 5  52  28  40   0  25   0 0.00    M    M  3.6  9 170   M    M   1        11 110
 6  54  28  41   2  24   0 0.00    M    M  3.0  8 150   M    M   0 8      11 140
 7  57  31  44   5  21   0 0.00    M    M  3.1 13  20   M    M   0        18  20
 8  58  29  44   6  21   0 0.00    M    M  2.7  9 270   M    M   0        11 290
 9  57  31  44   6  21   0 0.00    M    M  3.5  9 260   M    M   0        10 260
10  52  24  38   1  27   0 0.00    M    M  9.0 29  10   M    M   3        34  10
11  44  16  30  -6  35   0 0.00    M    M  8.9 26  60   M    M   0        35  70
12  22  10  16 -20  49   0 0.00    M    M 12.2 21  70   M    M   6        27  60
13  21   7  14 -21  51   0    T    M    M  2.1  9 140   M    M   5        12 150
14  31  14  23 -12  42   0 0.00    M    M  2.3  7 190   M    M   2         8 100
15  39  18  29  -5  36   0 0.00    M    M  8.2 24  50   M    M   7        30  20
16  29   9  19 -15  46   0 0.00    M    M  4.2 20  60   M    M   0        25  60
17  35   7  21 -12  44   0 0.00    M    M  3.1  8 290   M    M   0        10 310
18  39  11  25  -8  40   0 0.00    M    M  3.9  8 270   M    M   0        10 150
19  44  18  31  -1  34   0 0.00    M    M  2.5  7 280   M    M   0         8  30
20  45  25  35   3  30   0 0.00    M    M  2.0  8 110   M    M   4        10 110
21  46  18  32   1  33   0 0.00    M    M  4.1  8 260   M    M   0         9 130
================================================================================
SM  936  460       665   0  0.19    M     98.4          M       50
================================================================================
AV 44.6 21.9                               4.7 FASTST   M    M   2    MAX(MPH)
                                 MISC ---->  # 29  10               # 37  200
================================================================================
NOTES:
# LAST OF SEVERAL OCCURRENCES

COLUMN 17 PEAK WIND IN M.P.H.

PRELIMINARY LOCAL CLIMATOLOGICAL DATA (WS FORM: F-6) , PAGE 2

                                          STATION:  VERNAL UT
                                          MONTH:    NOVEMBER
                                          YEAR:     2014
                                          LATITUDE:   40 27 N
                                          LONGITUDE: 109 31 W

[TEMPERATURE DATA]      [PRECIPITATION DATA]       SYMBOLS USED IN COLUMN 16

AVERAGE MONTHLY: 33.2   TOTAL FOR MONTH:   0.19    1 = FOG OR MIST
DPTR FM NORMAL:  -3.2   DPTR FM NORMAL:   -0.27    2 = FOG REDUCING VISIBILITY
HIGHEST:    69 ON  1    GRTST 24HR  0.18 ON  1- 2      TO 1/4 MILE OR LESS
LOWEST:      7 ON 17,13                            3 = THUNDER
                        SNOW, ICE PELLETS, HAIL    4 = ICE PELLETS
                        TOTAL MONTH:    M          5 = HAIL
                        GRTST 24HR    M  ON   M    6 = FREEZING RAIN OR DRIZZLE
                        GRTST DEPTH:  M  ON   M    7 = DUSTSTORM OR SANDSTORM:
                                                       VSBY 1/2 MILE OR LESS
                                                   8 = SMOKE OR HAZE
[NO. OF DAYS WITH]      [WEATHER - DAYS WITH]      9 = BLOWING SNOW
                                                   X = TORNADO
MAX 32 OR BELOW:   4    0.01 INCH OR MORE:   3
MAX 90 OR ABOVE:   0    0.10 INCH OR MORE:   1
MIN 32 OR BELOW:  19    0.50 INCH OR MORE:   0
MIN  0 OR BELOW:   0    1.00 INCH OR MORE:   0

[HDD (BASE 65) ]
TOTAL THIS MO.   665    CLEAR  (SCALE 0-3)  14
DPTR FM NORMAL    67    PTCLDY (SCALE 4-7)   7
TOTAL FM JUL 1  1211    CLOUDY (SCALE 8-10)  0
DPTR FM NORMAL   -91

[CDD (BASE 65) ]
TOTAL THIS MO.     0
DPTR FM NORMAL     0    [PRESSURE DATA]
TOTAL FM JAN 1   621    HIGHEST SLP M ON M
DPTR FM NORMAL   110    LOWEST  SLP 29.41 ON 10

[REMARKS]
