000
CXUS53 KSGF 240800
CF6VIH
PRELIMINARY LOCAL CLIMATOLOGICAL DATA (WS FORM: F-6)

                                          STATION:   VICHY-ROLLA MO
                                          MONTH:     MAY
                                          YEAR:      2016
                                          LATITUDE:   38  7 N
                                          LONGITUDE:  91 46 W

  TEMPERATURE IN F:       :PCPN:    SNOW:  WIND      :SUNSHINE: SKY     :PK WND
================================================================================
1   2   3   4   5  6A  6B    7    8   9   10  11  12  13   14  15   16   17  18
                                     12Z  AVG MX 2MIN
DY MAX MIN AVG DEP HDD CDD  WTR  SNW DPTH SPD SPD DIR MIN PSBL S-S WX    SPD DR
================================================================================

 1  68  49  59  -1   6   0 0.00    M    M  9.0 18 300   M    M   2        26 270
 2  54  47  51  -9  14   0    T    M    M  5.4 15 330   M    M   9        19 340
 3  64  46  55  -5  10   0 0.00    M    M  6.6 13 310   M    M   6 1      18 320
 4  67  43  55  -6  10   0 0.00    M    M 11.9 24 360   M    M   2        31 360
 5  66  43  55  -6  10   0 0.00    M    M  7.4 18 330   M    M   0        23 330
 6  76  40  58  -3   7   0 0.00    M    M  5.5 12 260   M    M   0        16 250
 7  83  51  67   5   0   2 0.00    M    M  9.9 20 270   M    M   0        26 270
 8  79  53  66   4   0   1    T    M    M  7.0 15 180   M    M   2        19 170
 9  69  59  64   2   1   0 0.17  0.0    0 10.8 22 110   M    M   7 13     28 100
10  79  56  68   6   0   3 0.14  0.0    0  6.9 20 170   M    M   4 13     27 160
11  85  61  73  11   0   8 0.02  0.0    0  8.4 20 200   M    M   3 138    24 210
12  70  45  58  -5   7   0    T    M    M 10.1 23 280   M    M   4        29 300
13  76  42  59  -4   6   0 0.00    M    M 10.3 25 330   M    M   2        35 330
14  58  37  48 -15  17   0 0.00    M    M 11.6 23 350   M    M   2        31 340
15  66  35  51 -13  14   0 0.00    M    M  4.9 15 360   M    M   2        20 360
16  55  46  51 -13  14   0 0.86    M    M  9.4 18 120   M    M  10 1      24 130
17  53  45  49 -15  16   0 0.98    M    M 11.2 20  40   M    M   9 1      25  50
18  65  44  55  -9  10   0 0.00    M    M  6.4 16  30   M    M   5 12     20  50
19  68  41  55 -10  10   0 0.00    M    M  5.2 10 100   M    M   2        16  60
20  67  51  59  -6   6   0 0.14    M    M  4.3 10  10   M    M  10 1      12 350
21  73  52  63  -2   2   0 0.00    M    M  3.9 12  50   M    M   3 1      15  10
22  78  50  64  -1   1   0 0.00    M    M  4.0  9 190   M    M   0        12 120
23  77  52  65  -1   0   0 0.00    M    M  8.7 17 160   M    M   1        22 180
================================================================================
SM 1596 1088       161  14  2.31     0.0 178.8          M       85
================================================================================
AV 69.4 47.3                               7.8 FASTST   M    M   4    MAX(MPH)
                                 MISC ---->  # 25 330               # 35  330
================================================================================
NOTES:
# LAST OF SEVERAL OCCURRENCES

COLUMN 17 PEAK WIND IN M.P.H.

PRELIMINARY LOCAL CLIMATOLOGICAL DATA (WS FORM: F-6) , PAGE 2

                                          STATION:  VICHY-ROLLA MO
                                          MONTH:    MAY
                                          YEAR:     2016
                                          LATITUDE:   38  7 N
                                          LONGITUDE:  91 46 W

[TEMPERATURE DATA]      [PRECIPITATION DATA]       SYMBOLS USED IN COLUMN 16

AVERAGE MONTHLY: 58.3   TOTAL FOR MONTH:   2.31    1 = FOG OR MIST
DPTR FM NORMAL:  -4.4   DPTR FM NORMAL:   -1.43    2 = FOG REDUCING VISIBILITY
HIGHEST:    85 ON 11    GRTST 24HR  1.43 ON 16-17      TO 1/4 MILE OR LESS
LOWEST:     35 ON 15                               3 = THUNDER
                        SNOW, ICE PELLETS, HAIL    4 = ICE PELLETS
                        TOTAL MONTH:   0.0 INCH    5 = HAIL
                        GRTST 24HR     0.0         6 = FREEZING RAIN OR DRIZZLE
                        GRTST DEPTH:   0           7 = DUSTSTORM OR SANDSTORM:
                                                       VSBY 1/2 MILE OR LESS
                                                   8 = SMOKE OR HAZE
[NO. OF DAYS WITH]      [WEATHER - DAYS WITH]      9 = BLOWING SNOW
                                                   X = TORNADO
MAX 32 OR BELOW:   0    0.01 INCH OR MORE:   6
MAX 90 OR ABOVE:   0    0.10 INCH OR MORE:   5
MIN 32 OR BELOW:   0    0.50 INCH OR MORE:   2
MIN  0 OR BELOW:   0    1.00 INCH OR MORE:   0

[HDD (BASE 65) ]
TOTAL THIS MO.   161    CLEAR  (SCALE 0-3)  14
DPTR FM NORMAL    60    PTCLDY (SCALE 4-7)   5
TOTAL FM JUL 1  4052    CLOUDY (SCALE 8-10)  4
DPTR FM NORMAL  -767

[CDD (BASE 65) ]
TOTAL THIS MO.    14
DPTR FM NORMAL   -35    [PRESSURE DATA]
TOTAL FM JAN 1    28    HIGHEST SLP M ON M
DPTR FM NORMAL   -47    LOWEST  SLP 29.62 ON  9

[REMARKS]
