661
CXUS53 KSGF 260800
CF6VIH
PRELIMINARY LOCAL CLIMATOLOGICAL DATA (WS FORM: F-6)

                                          STATION:   VICHY-ROLLA MO
                                          MONTH:     AUGUST
                                          YEAR:      2016
                                          LATITUDE:   38  7 N
                                          LONGITUDE:  91 46 W

  TEMPERATURE IN F:       :PCPN:    SNOW:  WIND      :SUNSHINE: SKY     :PK WND
================================================================================
1   2   3   4   5  6A  6B    7    8   9   10  11  12  13   14  15   16   17  18
                                     12Z  AVG MX 2MIN
DY MAX MIN AVG DEP HDD CDD  WTR  SNW DPTH SPD SPD DIR MIN PSBL S-S WX    SPD DR
================================================================================

 1  80  68  74  -4   0   9 1.17    M    M  6.8 21  80   M    M   5 13     26 320
 2  90  68  79   1   0  14 0.78    M    M  8.6 28 260   M    M   1 13     35 280
 3  87  69  78   0   0  13 0.80    M    M  5.2 13 150   M    M   3 13     15 150
 4  93  71  82   4   0  17 0.00    M    M  4.6  9 150   M    M   0        12 300
 5  91  72  82   4   0  17 3.30    M    M  7.1 24 340   M    M   3 13     35 340
 6  83  68  76  -2   0  11    T    M    M  4.0  8  20   M    M   7 1       M  M
 7  83  66  75  -3   0  10 0.00    M    M  5.8 12  90   0    0   0         M  M
 8  81  69  75  -2   0  10 0.00    M    M  5.6  9 170   M    M  10         M  M
 9  89  70  80   3   0  15 0.00    M    M  4.7  9 210   M    M   5 1      11 210
10  90  74  82   5   0  17 0.00    M    M  6.8 13 150   M    M   2 3      16 140
11  92  74  83   6   0  18 0.00    M    M  7.4 13 160   M    M   1        17 150
12  88  72  80   3   0  15 2.95    M    M  7.3 31 240   M    M   1 13     40 240
13  84  67  76  -1   0  11 0.01    M    M  7.1 14 350   M    M   5 1      18 360
14  73  64  69  -8   0   4 0.28    M    M  7.2 16 110   M    M   6 1      22 110
15  72  67  70  -7   0   5 0.12    M    M  6.8 14  50   M    M   8 1      20  60
16  83  67  75  -2   0  10 0.00    M    M  4.6 10 200   M    M   6 1      14 180
17  85  65  75  -2   0  10 0.00    M    M  6.0 10 220   M    M   1        14 160
18  87  68  78   2   0  13 0.00    M    M  7.3 12 180   M    M   1        15 190
19  85  67  76   0   0  11    T    M    M  5.6 16 190   M    M   5 1      24 100
20  78  62  70  -6   0   5 0.00    M    M  9.6 16 270   M    M   6        21 290
21  79  57  68  -8   0   3 0.00    M    M  4.9 14 330   M    M   0        19 310
22  80  54  67  -9   0   2    T  0.0    0  6.9 13 160   M    M   0        16 150
23  76  62  69  -7   0   4 0.06    M    0  8.8 15 180   M    M   6 13     23 100
24  89  74  82   7   0  17    T    M    M 10.8 22 210   M    M   2        29 200
25  89  69  79   4   0  14 0.01  0.0    0  5.8 15 240   M    M   1 13     19 260
================================================================================
SM 2107 1684         0 275  9.48     0.0 165.3            0     85
================================================================================
AV 84.3 67.4                               6.6 FASTST    0   0   3    MAX(MPH)
                                 MISC ---->  # 31 240               # 40  240
================================================================================
NOTES:
# LAST OF SEVERAL OCCURRENCES

COLUMN 17 PEAK WIND IN M.P.H.

PRELIMINARY LOCAL CLIMATOLOGICAL DATA (WS FORM: F-6) , PAGE 2

                                          STATION:  VICHY-ROLLA MO
                                          MONTH:    AUGUST
                                          YEAR:     2016
                                          LATITUDE:   38  7 N
                                          LONGITUDE:  91 46 W

[TEMPERATURE DATA]      [PRECIPITATION DATA]       SYMBOLS USED IN COLUMN 16

AVERAGE MONTHLY: 75.8   TOTAL FOR MONTH:   9.48    1 = FOG OR MIST
DPTR FM NORMAL:  -1.1   DPTR FM NORMAL:    6.54    2 = FOG REDUCING VISIBILITY
HIGHEST:    93 ON  4    GRTST 24HR  3.30 ON  5- 5      TO 1/4 MILE OR LESS
LOWEST:     54 ON 22                               3 = THUNDER
                        SNOW, ICE PELLETS, HAIL    4 = ICE PELLETS
                        TOTAL MONTH:   0.0 INCH    5 = HAIL
                        GRTST 24HR     0.0         6 = FREEZING RAIN OR DRIZZLE
                        GRTST DEPTH:   0           7 = DUSTSTORM OR SANDSTORM:
                                                       VSBY 1/2 MILE OR LESS
                                                   8 = SMOKE OR HAZE
[NO. OF DAYS WITH]      [WEATHER - DAYS WITH]      9 = BLOWING SNOW
                                                   X = TORNADO
MAX 32 OR BELOW:   0    0.01 INCH OR MORE:  10
MAX 90 OR ABOVE:   5    0.10 INCH OR MORE:   7
MIN 32 OR BELOW:   0    0.50 INCH OR MORE:   5
MIN  0 OR BELOW:   0    1.00 INCH OR MORE:   3

[HDD (BASE 65) ]
TOTAL THIS MO.     0    CLEAR  (SCALE 0-3)  13
DPTR FM NORMAL     0    PTCLDY (SCALE 4-7)  11
TOTAL FM JUL 1     0    CLOUDY (SCALE 8-10)  1
DPTR FM NORMAL    -1

[CDD (BASE 65) ]
TOTAL THIS MO.   275
DPTR FM NORMAL   -22    [PRESSURE DATA]
TOTAL FM JAN 1  1109    HIGHEST SLP  0.00 ON  7
DPTR FM NORMAL    88    LOWEST  SLP 29.74 ON 20

[REMARKS]
