000
CXUS52 KMLB 271220
CF6VRB
PRELIMINARY LOCAL CLIMATOLOGICAL DATA (WS FORM: F-6)

                                          STATION:   VERO BEACH
                                          MONTH:     JANUARY
                                          YEAR:      2015
                                          LATITUDE:   27 39 N
                                          LONGITUDE:  80 25 W

  TEMPERATURE IN F:       :PCPN:    SNOW:  WIND      :SUNSHINE: SKY     :PK WND
================================================================================
1   2   3   4   5  6A  6B    7    8   9   10  11  12  13   14  15   16   17  18
                                     12Z  AVG MX 2MIN
DY MAX MIN AVG DEP HDD CDD  WTR  SNW DPTH SPD SPD DIR MIN PSBL S-S WX    SPD DR
================================================================================

 1  76  68  72  10   0   7 0.38  0.0    0  7.3 16 100   M    M   8 18     20 110
 2  76  68  72  10   0   7 0.06  0.0    0  5.0 12  30   M    M   7 18     14  30
 3  83  72  78  16   0  13 0.02  0.0    0 11.0 22 140   M    M   2        28 140
 4  86  70  78  16   0  13 0.06  0.0    0  8.0 20 160   M    M   3 1      24 170
 5  72  65  69   7   0   4 0.00  0.0    0  9.2 21 360   M    M   7 18     26 360
 6  81  60  71   9   0   6 0.00  0.0    0  4.1  9  80   M    M   5        12  50
 7  74  51  63   1   2   0 0.00  0.0    0  7.8 13 330   M    M   2        22 330
 8  65  48  57  -5   8   0 0.00  0.0    0 14.3 26 350   M    M   7        36 340
 9  74  53  64   2   1   0 0.00  0.0    0  7.6 18 350   M    M   8        22 350
10  71  52  62   0   3   0 0.00  0.0    0  8.9 17 350   M    M   3        24 360
11  81  59  70   8   0   5 0.03  0.0    0 10.2 17 110   M    M   6 1      22  90
12  80  65  73  11   0   8 0.28  0.0    0 11.0 25 360   M    M   6 138    32  10
13  78  65  72  10   0   7 0.06  0.0    0  8.0 17 360   M    M   7 18     21 360
14  73  61  67   5   0   2 0.00  0.0    0 12.8 22 340   M    M   9 18     28 350
15  72  58  65   3   0   0 0.00  0.0    0 10.5 20 340   M    M   7        24 340
16  64  52  58  -4   7   0 0.09  0.0    0  9.6 17  10   M    M   5 1      21  10
17  75  50  63   1   2   0 0.00  0.0    0  6.3 14  90   M    M   0        18 100
18  73  51  62   0   3   0 0.00  0.0    0  6.8 24 280   M    M   1        31 280
19  71  47  59  -3   6   0 0.00  0.0    0  6.8 18 360   M    M   0        23 360
20  74  48  61  -1   4   0 0.00  0.0    0  1.7 13 160   M    M   5 1      16 170
21  76  51  64   2   1   0 0.00  0.0    0  4.3 14  20   M    M   1 12     17  30
22  79  54  67   5   0   2 0.00  0.0    0  4.7 15  40   M    M   4 12     18  40
23  79  68  74  12   0   9 0.00  0.0    0 13.7 24 140   M    M   3        30 140
24  73  50  62   0   3   0 0.06  0.0    0 16.0 28 280   M    M   3        37 270
25  66  37  52 -10  13   0 0.00  0.0    0  4.5 13 330   M    M   0        17 310
26  72  50  61  -1   4   0 0.11  0.0    0 12.9 31 260   M    M   2 18     40 260
================================================================================
SM 1944 1473        57  83  1.15     0.0 223.0          M      111
================================================================================
AV 74.8 56.7                               8.6 FASTST   M    M   4    MAX(MPH)
                                 MISC ---->  # 31 260               # 40  260
================================================================================
NOTES:
# LAST OF SEVERAL OCCURRENCES

COLUMN 17 PEAK WIND IN M.P.H.

PRELIMINARY LOCAL CLIMATOLOGICAL DATA (WS FORM: F-6) , PAGE 2

                                          STATION:  VERO BEACH
                                          MONTH:    JANUARY
                                          YEAR:     2015
                                          LATITUDE:   27 39 N
                                          LONGITUDE:  80 25 W

[TEMPERATURE DATA]      [PRECIPITATION DATA]       SYMBOLS USED IN COLUMN 16

AVERAGE MONTHLY: 65.7   TOTAL FOR MONTH:   1.15    1 = FOG OR MIST
DPTR FM NORMAL:   3.7   DPTR FM NORMAL:   -0.95    2 = FOG REDUCING VISIBILITY
HIGHEST:    86 ON  4    GRTST 24HR  0.57 ON 31- 1      TO 1/4 MILE OR LESS
LOWEST:     37 ON 25                               3 = THUNDER
                        SNOW, ICE PELLETS, HAIL    4 = ICE PELLETS
                        TOTAL MONTH:   0.0 INCH    5 = HAIL
                        GRTST 24HR     0.0         6 = FREEZING RAIN OR DRIZZLE
                        GRTST DEPTH:   0           7 = DUSTSTORM OR SANDSTORM:
                                                       VSBY 1/2 MILE OR LESS
                                                   8 = SMOKE OR HAZE
[NO. OF DAYS WITH]      [WEATHER - DAYS WITH]      9 = BLOWING SNOW
                                                   X = TORNADO
MAX 32 OR BELOW:   0    0.01 INCH OR MORE:  10
MAX 90 OR ABOVE:   0    0.10 INCH OR MORE:   3
MIN 32 OR BELOW:   0    0.50 INCH OR MORE:   0
MIN  0 OR BELOW:   0    1.00 INCH OR MORE:   0

[HDD (BASE 65) ]
TOTAL THIS MO.    57    CLEAR  (SCALE 0-3)  10
DPTR FM NORMAL   -73    PTCLDY (SCALE 4-7)  15
TOTAL FM JUL 1   211    CLOUDY (SCALE 8-10)  1
DPTR FM NORMAL   -54

[CDD (BASE 65) ]
TOTAL THIS MO.    83
DPTR FM NORMAL    31    [PRESSURE DATA]
TOTAL FM JAN 1    83    HIGHEST SLP M ON M
DPTR FM NORMAL    31    LOWEST  SLP 29.75 ON 24

[REMARKS]
