000
CXUS56 KLKN 271009
CF6WMC
PRELIMINARY LOCAL CLIMATOLOGICAL DATA (WS FORM: F-6)

                                          STATION:   WINNEMUCCA AIRPORT NV
                                          MONTH:     FEBRUARY
                                          YEAR:      2015
                                          LATITUDE:   40 54 N
                                          LONGITUDE: 117 48 W

  TEMPERATURE IN F:       :PCPN:    SNOW:  WIND      :SUNSHINE: SKY     :PK WND
================================================================================
1   2   3   4   5  6A  6B    7    8   9   10  11  12  13   14  15   16   17  18
                                     12Z  AVG MX 2MIN
DY MAX MIN AVG DEP HDD CDD  WTR  SNW DPTH SPD SPD DIR MIN PSBL S-S WX    SPD DR
================================================================================

 1  51  20  36   4  29   0 0.00  0.0    0  3.2 14 180   M    M   2        18 200
 2  49  30  40   8  25   0 0.07  0.0    0  5.3 21 160   M    M   8 1      25 160
 3  58  33  46  13  19   0 0.00  0.0    0  8.4 21 230   M    M   2        28 240
 4  64  31  48  15  17   0 0.00  0.0    0  7.8 17 170   M    M   0        22 170
 5  63  43  53  20  12   0 0.00  0.0    0 15.4 23 150   M    M   0        30 150
 6  68  43  56  23   9   0 0.12  0.0    0 18.4 31 230   M    M   4 8      40 200
 7  62  36  49  16  16   0 0.04  0.0    0 13.8 35 160   M    M   3        47 170
 8  59  29  44  10  21   0 0.13  0.0    0  5.5 25 240   M    M   5 1      33 240
 9  55  33  44  10  21   0 0.13  0.0    0 11.6 26 220   M    M   3 1      35 220
10  51  24  38   4  27   0 0.00  0.0    0  4.6 15  40   M    M   0        20  40
11  56  30  43   9  22   0 0.00  0.0    0  6.3 14  40   M    M   0        16  40
12  61  25  43   9  22   0 0.00  0.0    0  3.6  8  50   M    M   0        10  30
13  66  28  47  12  18   0 0.00  0.0    0  4.4 16  40   M    M   0        20  40
14  63  28  46  11  19   0 0.00  0.0    0  3.7 10 180   M    M   0        12 260
15  56  22  39   4  26   0 0.00  0.0    0  4.5 14  20   M    M   0        17  30
16  54  17  36   1  29   0 0.00  0.0    0  6.9 21  30   M    M   0        26  40
17  58  17  38   2  27   0 0.00  0.0    0  3.5 13  70   M    M   0        15  60
18  65  19  42   6  23   0 0.00  0.0    0  3.0  9 140   M    M   0        15 270
19  64  22  43   7  22   0 0.00  0.0    0  3.9 12 240   M    M   0        15 240
20  51  23  37   1  28   0 0.00  0.0    0  5.6 13 330   M    M   0        16 320
21  50  17  34  -3  31   0    T    T    0  8.5 24 340   M    M   3        33 330
22  40  23  32  -5  33   0 0.00  0.0    0 17.7 33  20   M    M   2 8      41  50
23  45  16  31  -6  34   0 0.00  0.0    0 14.1 29  50   M    M   0        37  50
24  52   8  30  -7  35   0 0.00  0.0    0  6.1 15 170   M    M   0        19 270
25  56  15  36  -2  29   0 0.00  0.0    0  6.1 17 310   M    M   1        23 300
26  49  28  39   1  26   0 0.00  0.0    0  7.7 20 320   M    M   7        23 330
================================================================================
SM 1466  660       620   0  0.49    T    199.6          M       40
================================================================================
AV 56.4 25.4                               7.7 FASTST   M    M   2    MAX(MPH)
                                 MISC ---->  # 35 160               # 47  170
================================================================================
NOTES:
# LAST OF SEVERAL OCCURRENCES

COLUMN 17 PEAK WIND IN M.P.H.

PRELIMINARY LOCAL CLIMATOLOGICAL DATA (WS FORM: F-6) , PAGE 2

                                          STATION:  WINNEMUCCA AIRPORT NV
                                          MONTH:    FEBRUARY
                                          YEAR:     2015
                                          LATITUDE:   40 54 N
                                          LONGITUDE: 117 48 W

[TEMPERATURE DATA]      [PRECIPITATION DATA]       SYMBOLS USED IN COLUMN 16

AVERAGE MONTHLY: 40.9   TOTAL FOR MONTH:   0.49    1 = FOG OR MIST
DPTR FM NORMAL:   6.0   DPTR FM NORMAL:   -0.12    2 = FOG REDUCING VISIBILITY
HIGHEST:    68 ON  6    GRTST 24HR  0.26 ON  8- 9      TO 1/4 MILE OR LESS
LOWEST:      8 ON 24                               3 = THUNDER
                        SNOW, ICE PELLETS, HAIL    4 = ICE PELLETS
                        TOTAL MONTH:    T          5 = HAIL
                        GRTST 24HR    T  ON 21-21  6 = FREEZING RAIN OR DRIZZLE
                        GRTST DEPTH:   0           7 = DUSTSTORM OR SANDSTORM:
                                                       VSBY 1/2 MILE OR LESS
                                                   8 = SMOKE OR HAZE
[NO. OF DAYS WITH]      [WEATHER - DAYS WITH]      9 = BLOWING SNOW
                                                   X = TORNADO
MAX 32 OR BELOW:   0    0.01 INCH OR MORE:   5
MAX 90 OR ABOVE:   0    0.10 INCH OR MORE:   3
MIN 32 OR BELOW:  21    0.50 INCH OR MORE:   0
MIN  0 OR BELOW:   0    1.00 INCH OR MORE:   0

[HDD (BASE 65) ]
TOTAL THIS MO.   620    CLEAR  (SCALE 0-3)  21
DPTR FM NORMAL  -162    PTCLDY (SCALE 4-7)   5
TOTAL FM JUL 1  3725    CLOUDY (SCALE 8-10)  0
DPTR FM NORMAL  -810

[CDD (BASE 65) ]
TOTAL THIS MO.     0
DPTR FM NORMAL     0    [PRESSURE DATA]
TOTAL FM JAN 1     0    HIGHEST SLP M ON M
DPTR FM NORMAL     0    LOWEST  SLP 29.76 ON  6

[REMARKS]
