000
CXUS55 KRIW 300904
CF6WRL
PRELIMINARY LOCAL CLIMATOLOGICAL DATA (WS FORM: F-6)

                                          STATION:   WORLAND WY
                                          MONTH:     MAY
                                          YEAR:      2015
                                          LATITUDE:   43 58 N
                                          LONGITUDE: 107 57 W

  TEMPERATURE IN F:       :PCPN:    SNOW:  WIND      :SUNSHINE: SKY     :PK WND
================================================================================
1   2   3   4   5  6A  6B    7    8   9   10  11  12  13   14  15   16   17  18
                                     12Z  AVG MX 2MIN
DY MAX MIN AVG DEP HDD CDD  WTR  SNW DPTH SPD SPD DIR MIN PSBL S-S WX    SPD DR
================================================================================

 1  75  34  55   5  10   0 0.00  0.0    0  6.1 15 120   M    M   0        20 130
 2  79  38  59   8   6   0 0.00  0.0    0  5.5 17 320   M    M   0 8      21 320
 3  68  46  57   6   8   0 0.00  0.0    0  6.3 16 350   M    M   3        19 350
 4  74  44  59   7   6   0 0.00  0.0    0  6.3 21 210   M    M   2        25 210
 5  79  45  62  10   3   0    T  0.0    0  6.8 22 150   M    M   1        26 360
 6  59  48  54   2  11   0 0.10    M    M 11.3 29 330   M    M   9        34 320
 7  49  41  45  -8  20   0 0.13    M    M  6.6 16 300   M    M  10 1      21 300
 8  50  40  45  -8  20   0 0.10    M    M  7.0 14 330   M    M  10 1      17 330
 9  45  38  42 -11  23   0 0.16    M    M 13.3 25 330   M    M  10 1      31 330
10  54  33  44 -10  21   0    T    M    M 10.5 22 310   M    M   7        26 320
11  62  24  43 -11  22   0 0.00  0.0    0  6.6 15 180   M    M   0        20 180
12  71  40  56   2   9   0    T    M    M  5.4 26 330   M    M   2 3      32 330
13  70  38  54   0  11   0 0.00  0.0    0  5.8 16 140   M    M   1        20 340
14  75  43  59   4   6   0 0.04    M    M  6.0 25 230   M    M   3 138    34 170
15  67  39  53  -2  12   0 1.04  0.0    0  7.4 28 140   M    M   7 1238   32 140
16  67  37  52  -4  13   0    T    M    M  6.9 21 330   M    M   3 12     26 350
17  55  43  49  -7  16   0 0.02  0.0    0 12.8 22 320   M    M   9        27 330
18  58  40  49  -7  16   0    T    M    M  7.1 22 120   M    M   9        26 130
19  53  40  47  -9  18   0 0.19    M    M  8.6 24 160   M    M  10 1      31 170
20  56  39  48  -9  17   0 0.03    M    M  5.8 17 120   M    M   8        21 120
21  69  40  55  -2  10   0 0.00  0.0    0  7.8 21 120   M    M   1        25 130
22  66  47  57   0   8   0 0.49  0.0    0  3.9 20  70   M    M   6 138    25 190
23  62  49  56  -2   9   0 0.25  0.0    0  5.9 18 140   M    M   8 13     23 330
24  55  49  52  -6  13   0 0.21  0.0    0  8.9 24 330   M    M  10 1      31 330
25  67  49  58   0   7   0 0.06  0.0    0  6.0 15 120   M    M   7 13     19 110
26  70  43  57  -1   8   0 0.05  0.0    0  3.9 16 360   M    M   1 1      23 360
27  73  50  62   3   3   0 0.12  0.0    0  5.2 26 340   M    M   4 3      33 340
28  67  49  58  -1   7   0 0.01    M    0  7.8 21 330   M    M   6        26 340
29  68  50  59   0   6   0 0.01  0.0    0  7.9 15 150   M    M   5        19 170
================================================================================
SM 1863 1216       339   0  3.01     0.0 209.4          M      152
================================================================================
AV 64.2 41.9                               7.2 FASTST   M    M   5    MAX(MPH)
                                 MISC ---->  # 29 330               # 34  320
================================================================================
NOTES:
# LAST OF SEVERAL OCCURRENCES

COLUMN 17 PEAK WIND IN M.P.H.

PRELIMINARY LOCAL CLIMATOLOGICAL DATA (WS FORM: F-6) , PAGE 2

                                          STATION:  WORLAND WY
                                          MONTH:    MAY
                                          YEAR:     2015
                                          LATITUDE:   43 58 N
                                          LONGITUDE: 107 57 W

[TEMPERATURE DATA]      [PRECIPITATION DATA]       SYMBOLS USED IN COLUMN 16

AVERAGE MONTHLY: 53.1   TOTAL FOR MONTH:   3.01    1 = FOG OR MIST
DPTR FM NORMAL:  -2.0   DPTR FM NORMAL:    1.69    2 = FOG REDUCING VISIBILITY
HIGHEST:    79 ON  5, 2 GRTST 24HR  1.05 ON 14-15      TO 1/4 MILE OR LESS
LOWEST:     24 ON 11                               3 = THUNDER
                        SNOW, ICE PELLETS, HAIL    4 = ICE PELLETS
                        TOTAL MONTH:   0.0 INCH    5 = HAIL
                        GRTST 24HR     0.0         6 = FREEZING RAIN OR DRIZZLE
                        GRTST DEPTH:   0           7 = DUSTSTORM OR SANDSTORM:
                                                       VSBY 1/2 MILE OR LESS
                                                   8 = SMOKE OR HAZE
[NO. OF DAYS WITH]      [WEATHER - DAYS WITH]      9 = BLOWING SNOW
                                                   X = TORNADO
MAX 32 OR BELOW:   0    0.01 INCH OR MORE:  17
MAX 90 OR ABOVE:   0    0.10 INCH OR MORE:  10
MIN 32 OR BELOW:   1    0.50 INCH OR MORE:   1
MIN  0 OR BELOW:   0    1.00 INCH OR MORE:   1

[HDD (BASE 65) ]
TOTAL THIS MO.   339    CLEAR  (SCALE 0-3)  11
DPTR FM NORMAL    43    PTCLDY (SCALE 4-7)  10
TOTAL FM JUL 1  7513    CLOUDY (SCALE 8-10)  8
DPTR FM NORMAL  -250

[CDD (BASE 65) ]
TOTAL THIS MO.     0
DPTR FM NORMAL    -3    [PRESSURE DATA]
TOTAL FM JAN 1     0    HIGHEST SLP M ON M
DPTR FM NORMAL    -4    LOWEST  SLP 29.62 ON 15

[REMARKS]
