000
CXUS55 KRIW 290901
CF6WRL
PRELIMINARY LOCAL CLIMATOLOGICAL DATA (WS FORM: F-6)

                                          STATION:   WORLAND WY
                                          MONTH:     JANUARY
                                          YEAR:      2015
                                          LATITUDE:   43 58 N
                                          LONGITUDE: 107 57 W

  TEMPERATURE IN F:       :PCPN:    SNOW:  WIND      :SUNSHINE: SKY     :PK WND
================================================================================
1   2   3   4   5  6A  6B    7    8   9   10  11  12  13   14  15   16   17  18
                                     12Z  AVG MX 2MIN
DY MAX MIN AVG DEP HDD CDD  WTR  SNW DPTH SPD SPD DIR MIN PSBL S-S WX    SPD DR
================================================================================

 1  14 -18  -2 -18  67   0    T    M    M  1.0  8 190   M    M   6         9 190
 2  23  -1  11  -5  54   0 0.00  0.0    M  3.1 17 160   M    M   3        19 160
 3  22 -10   6 -10  59   0    T    M    M  7.3 25 310   M    M   5 18     31 300
 4   9  -7   1 -15  64   0    T    M    M  3.8 12 170   M    M   5 8      12 160
 5  20   2  11  -5  54   0 0.00  0.0    M  2.1 10 160   M    M   2        16 290
 6  25   4  15  -1  50   0 0.00  0.0    M  6.9 22 350   M    M   2        27 350
 7  15   6  11  -5  54   0 0.00  0.0    M  3.7 12 220   M    M   5        14  10
 8  28  -1  14  -2  51   0 0.01    M    M  5.4 30 330   M    M   5 18     36 320
 9   9  -9   0 -16  65   0 0.00  0.0    M  3.9 12 190   M    M   2 18     12 190
10  20   3  12  -4  53   0 0.00  0.0    M  2.7 10 210   M    M   0        12 230
11  28  11  20   3  45   0 0.03    M    M  2.2  9 180   M    M   8 1      11 340
12  26   7  17   0  48   0 0.07    M    M  1.5  8 210   M    M  10 12      8 200
13  19   3  11  -6  54   0    T    M    M  2.6  9 180   M    M   9 12     10 190
14  14  -5   5 -12  60   0    T    M    M  3.7 10 180   M    M   4 128    11 190
15  17  -7   5 -12  60   0 0.00  0.0    M  1.9  8 170   M    M   0         9 160
16  29   7  18   1  47   0 0.00  0.0    M  4.9 15 160   M    M   2        18 170
17  27   2  15  -2  50   0 0.00  0.0    M  5.1 15 160   M    M   0        16 260
18  34  11  23   6  42   0 0.00  0.0    M  5.7 21 300   M    M   0        31 300
19  36  10  23   6  42   0 0.00  0.0    M  5.4 17 160   M    M   2        21 360
20  26   8  17   0  48   0    T    M    M  7.0 15 170   M    M   6        15 170
21  27   0  14  -3  51   0 0.00  0.0    M  4.7 17 130   M    M   1        18 130
22  20  -8   6 -12  59   0    T    M    M  2.9 12 210   M    M   0 1      12 210
23  30   4  17  -1  48   0 0.00  0.0    M  2.8 10 210   M    M   3        12 220
24  32   8  20   2  45   0 0.00  0.0    M  4.5 13 180   M    M   3        13 180
25  34  11  23   5  42   0 0.00  0.0    M  3.4 13 180   M    M   1        14 190
26  37  12  25   7  40   0 0.00  0.0    M  3.6 10 190   M    M   0        12 220
27  37  11  24   6  41   0 0.00  0.0    M  3.5 15 130   M    M   0        15 120
28  38  22  30  12  35   0 0.12    M    M  5.6 14 220   M    M   9 1      15 290
================================================================================
SM  696   76      1428   0  0.23     0.0 110.9          M       93
================================================================================
AV 24.9  2.7                               4.0 FASTST   M    M   3    MAX(MPH)
                                 MISC ---->  # 30 330               # 36  320
================================================================================
NOTES:
# LAST OF SEVERAL OCCURRENCES

COLUMN 17 PEAK WIND IN M.P.H.

PRELIMINARY LOCAL CLIMATOLOGICAL DATA (WS FORM: F-6) , PAGE 2

                                          STATION:  WORLAND WY
                                          MONTH:    JANUARY
                                          YEAR:     2015
                                          LATITUDE:   43 58 N
                                          LONGITUDE: 107 57 W

[TEMPERATURE DATA]      [PRECIPITATION DATA]       SYMBOLS USED IN COLUMN 16

AVERAGE MONTHLY: 13.8   TOTAL FOR MONTH:   0.23    1 = FOG OR MIST
DPTR FM NORMAL:  -3.1   DPTR FM NORMAL:    0.02    2 = FOG REDUCING VISIBILITY
HIGHEST:    38 ON 28    GRTST 24HR  0.12 ON 28-28      TO 1/4 MILE OR LESS
LOWEST:    -18 ON  1                               3 = THUNDER
                        SNOW, ICE PELLETS, HAIL    4 = ICE PELLETS
                        TOTAL MONTH:   0.0 INCH    5 = HAIL
                        GRTST 24HR     0.0         6 = FREEZING RAIN OR DRIZZLE
                        GRTST DEPTH:  M  ON   M    7 = DUSTSTORM OR SANDSTORM:
                                                       VSBY 1/2 MILE OR LESS
                                                   8 = SMOKE OR HAZE
[NO. OF DAYS WITH]      [WEATHER - DAYS WITH]      9 = BLOWING SNOW
                                                   X = TORNADO
MAX 32 OR BELOW:  22    0.01 INCH OR MORE:   4
MAX 90 OR ABOVE:   0    0.10 INCH OR MORE:   1
MIN 32 OR BELOW:  28    0.50 INCH OR MORE:   0
MIN  0 OR BELOW:  10    1.00 INCH OR MORE:   0

[HDD (BASE 65) ]
TOTAL THIS MO.  1428    CLEAR  (SCALE 0-3)  16
DPTR FM NORMAL    81    PTCLDY (SCALE 4-7)   8
TOTAL FM JUL 1  4798    CLOUDY (SCALE 8-10)  4
DPTR FM NORMAL    88

[CDD (BASE 65) ]
TOTAL THIS MO.     0
DPTR FM NORMAL     0    [PRESSURE DATA]
TOTAL FM JAN 1     0    HIGHEST SLP M ON M
DPTR FM NORMAL     0    LOWEST  SLP 30.00 ON 11

[REMARKS]
