000
CXUS54 KFWD 300730
CF6XBP
PRELIMINARY LOCAL CLIMATOLOGICAL DATA (WS FORM: F-6)

                                          STATION:   BRIDGEPORT
                                          MONTH:     JULY
                                          YEAR:      2014
                                          LATITUDE:   33 10 N
                                          LONGITUDE:  96 30 W

  TEMPERATURE IN F:       :PCPN:    SNOW:  WIND      :SUNSHINE: SKY     :PK WND
================================================================================
1   2   3   4   5  6A  6B    7    8   9   10  11  12  13   14  15   16   17  18
                                     12Z  AVG MX 2MIN
DY MAX MIN AVG DEP HDD CDD  WTR  SNW DPTH SPD SPD DIR MIN PSBL S-S WX    SPD DR
================================================================================

 1  93  73  83   2   0  18 0.00  0.0    0  7.1 15 180   M    M   0        21 180
 2  88  72  80  -1   0  15 0.00  0.0    0  3.6 10  60   M    M   1 3       M  M
 3  81  68  75  -7   0  10    M  0.0    0  3.7  8  10   M    M   3 38      M  M
 4  91  69  80  -2   0  15 0.00  0.0    0  4.0 12 150   M    M   1        16 150
 5  92  70  81  -1   0  16 0.00  0.0    0  6.6 12 170   M    M   1 1       M  M
 6  92  70  81  -1   0  16 0.00  0.0    0  6.3 10 200   M    M   0         M  M
 7  95  69  82   0   0  17 0.00  0.0    0  5.3 20 180   M    M   0        24 180
 8  96  75  86   4   0  21 0.00  0.0    0  5.8 13 200   M    M   1        17 200
 9  94  71  83   1   0  18 0.00  0.0    0  3.4 10 160   M    M   1 3       M  M
10  96  77  87   5   0  22 0.00  0.0    0  8.7 15 170   M    M   0        20 190
11  93  71  82   0   0  17 0.00  0.0    0  9.1 15 180   M    M   0        23 190
12  96  64  80  -2   0  15 0.00  0.0    0  7.3 14 160   M    M   0        21 170
13  98  67  83   1   0  18 0.00  0.0    0  5.0 10 170   M    M   0         M  M
14  99  74  87   5   0  22 0.00  0.0    0  6.4 12 210   M    M   1 3       M  M
15  90  72  81  -1   0  16 0.00  0.0    0  5.7 12  40   M    M   2 8      17  80
16  89  65  77  -6   0  12 0.00  0.0    0  5.9 10 120   M    M   3 8       M  M
17  78  66  72 -11   0   7 0.08  0.0    0  6.7 12  90   M    M  10 13     18  80
18  72  64  68 -15   0   3 0.01  0.0    0  3.8  7  40   M    M  10 1       M  M
19  81  65  73 -10   0   8 0.00  0.0    0  3.0  7 120   M    M   6         M  M
20  91  64  78  -5   0  13 0.00  0.0    0  3.6  8 120   M    M   1         M  M
21  95  73  84   1   0  19 0.00  0.0    0  4.4  8 130   M    M   2 18      M  M
22  95  73  84   1   0  19 0.00  0.0    0  3.3  9 120   M    M   1 1       M  M
23  94  70  82  -1   0  17 0.00  0.0    0  2.5 10 120   M    M   1 1      16 120
24  94  71  83   0   0  18 0.00  0.0    0  2.3  8 100   M    M   1         M  M
25  98  69  84   1   0  19 0.00  0.0    0  5.4 12 170   M    M   0         M  M
26  99  77  88   5   0  23 0.00  0.0    0  7.7 13 170   M    M   0        21 170
27 101  76  89   6   0  24 0.00  0.0    0  5.1  9 170   M    M   0         M  M
28  89  70  80  -3   0  15 0.00  0.0    0  5.6 15  40   M    M   2        22  10
29  80  68  74  -9   0   9 0.00  0.0    0  1.4  6 240   M    M   5         M  M
================================================================================
SM 2650 2033         0 462  0.09     0.0 148.7          M       53
================================================================================
AV 91.4 70.1                               5.1 FASTST   M    M   2    MAX(MPH)
                                 MISC ---->    20   M                 24    M
================================================================================
NOTES:
# LAST OF SEVERAL OCCURRENCES

COLUMN 17 PEAK WIND IN M.P.H.

PRELIMINARY LOCAL CLIMATOLOGICAL DATA (WS FORM: F-6) , PAGE 2

                                          STATION:  BRIDGEPORT
                                          MONTH:    JULY
                                          YEAR:     2014
                                          LATITUDE:   33 10 N
                                          LONGITUDE:  96 30 W

[TEMPERATURE DATA]      [PRECIPITATION DATA]       SYMBOLS USED IN COLUMN 16

AVERAGE MONTHLY: 80.7   TOTAL FOR MONTH:   0.09    1 = FOG OR MIST
DPTR FM NORMAL:  -1.7   DPTR FM NORMAL:   -1.82    2 = FOG REDUCING VISIBILITY
HIGHEST:   101 ON 27    GRTST 24HR  0.08 ON 17-17      TO 1/4 MILE OR LESS
LOWEST:     64 ON 20,18                            3 = THUNDER
                        SNOW, ICE PELLETS, HAIL    4 = ICE PELLETS
                        TOTAL MONTH:   0.0 INCH    5 = HAIL
                        GRTST 24HR     0.0         6 = FREEZING RAIN OR DRIZZLE
                        GRTST DEPTH:   0           7 = DUSTSTORM OR SANDSTORM:
                                                       VSBY 1/2 MILE OR LESS
                                                   8 = SMOKE OR HAZE
[NO. OF DAYS WITH]      [WEATHER - DAYS WITH]      9 = BLOWING SNOW
                                                   X = TORNADO
MAX 32 OR BELOW:   0    0.01 INCH OR MORE:   2
MAX 90 OR ABOVE:  21    0.10 INCH OR MORE:   0
MIN 32 OR BELOW:   0    0.50 INCH OR MORE:   0
MIN  0 OR BELOW:   0    1.00 INCH OR MORE:   0

[HDD (BASE 65) ]
TOTAL THIS MO.     0    CLEAR  (SCALE 0-3)  24
DPTR FM NORMAL     0    PTCLDY (SCALE 4-7)   3
TOTAL FM JUL 1     0    CLOUDY (SCALE 8-10)  2
DPTR FM NORMAL     0

[CDD (BASE 65) ]
TOTAL THIS MO.   462
DPTR FM NORMAL   -42    [PRESSURE DATA]
TOTAL FM JAN 1  1288    HIGHEST SLP M ON M
DPTR FM NORMAL   107    LOWEST  SLP M ON M

[REMARKS]
