000
CXUS56 KPDT 250532
CF6YKM
PRELIMINARY LOCAL CLIMATOLOGICAL DATA (WS FORM: F-6)

                                          STATION:   YAKIMA WA
                                          MONTH:     DECEMBER
                                          YEAR:      2014
                                          LATITUDE:   46 34 N
                                          LONGITUDE: 120 32 W

  TEMPERATURE IN F:       :PCPN:    SNOW:  WIND      :SUNSHINE: SKY     :PK WND
================================================================================
1   2   3   4   5  6A  6B    7    8   9   10  11  12  13   14  15   16   17  18
                                     12Z  AVG MX 2MIN
DY MAX MIN AVG DEP HDD CDD  WTR  SNW DPTH SPD SPD DIR MIN PSBL S-S WX    SPD DR
================================================================================

 1  29  10  20 -12  45   0 0.00  0.0    0  3.0  7 270   M    M   4         8 140
 2  33   7  20 -11  45   0 0.00  0.0    0  4.8 10 270   M    M   0 8      12 270
 3  34  16  25  -6  40   0 0.00  0.0    0  4.0  9 280   M    M   6        10 280
 4  35  30  33   3  32   0 0.11  0.0    0  0.9  5 270   M    M  10 168     6 100
 5  37  33  35   5  30   0    T  0.0    0  2.2  8 250   M    M  10 18      9 250
 6  46  28  37   7  28   0 0.13  0.0    0  3.5  9 260   M    M   6 12     12 240
 7  41  29  35   5  30   0 0.00  0.0    0  4.8  9 250   M    M  10 12     11 250
 8  45  38  42  13  23   0 0.00  0.0    0  1.4  7 310   M    M  10 1       7 300
 9  45  39  42  13  23   0 0.06    M    0  2.2  9  90   M    M   9 18     13  90
10  53  40  47  18  18   0 0.04  0.0    0  5.7 25 170   M    M   8 12     32 220
11  52  37  45  16  20   0 0.13    M    0  6.4 17 180   M    M   5 1      23 200
12  51  32  42  14  23   0 0.00  0.0    0  4.2 20 200   M    M   2        27 200
13  53  27  40  12  25   0 0.00  0.0    0  3.8 10 290   M    M   0        12 300
14  44  23  34   6  31   0 0.00  0.0    0  4.2 10 250   M    M   3        12 250
15  42  30  36   8  29   0 0.00  0.0    0  4.5  9 270   M    M   9        27 220
16  41  36  39  11  26   0 0.08    M    0  5.0 10 250   M    M  10        13 240
17  43  37  40  12  25   0 0.03    M    0  1.9  9 250   M    M  10 1      11 250
18  43  39  41  13  24   0 0.02    M    0  0.4  6  80   M    M  10 18      6  80
19  45  34  40  12  25   0 0.03    M    0  2.8  9 260   M    M   7 18     12 250
20  44  36  40  12  25   0 0.20    M    0  1.3  8 300   M    M   8 1       9 260
21  59  39  49  21  16   0 0.03  0.0    0 10.9 21 270   M    M   3 1      37 270
22  56  36  46  19  19   0 0.00  0.0    M  5.0 18 310   M    M   2        21 310
23  50  31  41  14  24   0 0.00  0.0    0  3.9  9 280   M    M   5        10 280
================================================================================
SM 1021  707       626   0  0.86     0.0  86.8          M      147
================================================================================
AV 44.4 30.7                               3.8 FASTST   M    M   6    MAX(MPH)
                                 MISC ---->  # 25 170                 37    M
================================================================================
NOTES:
# LAST OF SEVERAL OCCURRENCES

COLUMN 17 PEAK WIND IN M.P.H.

PRELIMINARY LOCAL CLIMATOLOGICAL DATA (WS FORM: F-6) , PAGE 2

                                          STATION:  YAKIMA WA
                                          MONTH:    DECEMBER
                                          YEAR:     2014
                                          LATITUDE:   46 34 N
                                          LONGITUDE: 120 32 W

[TEMPERATURE DATA]      [PRECIPITATION DATA]       SYMBOLS USED IN COLUMN 16

AVERAGE MONTHLY: 37.6   TOTAL FOR MONTH:   0.86    1 = FOG OR MIST
DPTR FM NORMAL:   8.7   DPTR FM NORMAL:   -0.29    2 = FOG REDUCING VISIBILITY
HIGHEST:    59 ON 21    GRTST 24HR  0.20 ON 20-20      TO 1/4 MILE OR LESS
LOWEST:      7 ON  2                               3 = THUNDER
                        SNOW, ICE PELLETS, HAIL    4 = ICE PELLETS
                        TOTAL MONTH:   0.0 INCH    5 = HAIL
                        GRTST 24HR     0.0         6 = FREEZING RAIN OR DRIZZLE
                        GRTST DEPTH:   0           7 = DUSTSTORM OR SANDSTORM:
                                                       VSBY 1/2 MILE OR LESS
                                                   8 = SMOKE OR HAZE
[NO. OF DAYS WITH]      [WEATHER - DAYS WITH]      9 = BLOWING SNOW
                                                   X = TORNADO
MAX 32 OR BELOW:   1    0.01 INCH OR MORE:  11
MAX 90 OR ABOVE:   0    0.10 INCH OR MORE:   4
MIN 32 OR BELOW:  11    0.50 INCH OR MORE:   0
MIN  0 OR BELOW:   0    1.00 INCH OR MORE:   0

[HDD (BASE 65) ]
TOTAL THIS MO.   626    CLEAR  (SCALE 0-3)   5
DPTR FM NORMAL  -205    PTCLDY (SCALE 4-7)   8
TOTAL FM JUL 1  1810    CLOUDY (SCALE 8-10) 10
DPTR FM NORMAL  -554

[CDD (BASE 65) ]
TOTAL THIS MO.     0
DPTR FM NORMAL     0    [PRESSURE DATA]
TOTAL FM JAN 1   871    HIGHEST SLP M ON M
DPTR FM NORMAL   399    LOWEST  SLP 29.28 ON 11

[REMARKS]
