000
CXUS51 KPBZ 211001
CF6ZZV
PRELIMINARY LOCAL CLIMATOLOGICAL DATA (WS FORM: F-6)

                                          STATION:   ZANESVILLE OH
                                          MONTH:     DECEMBER
                                          YEAR:      2014
                                          LATITUDE:   39 56 N
                                          LONGITUDE:  81 54 W

  TEMPERATURE IN F:       :PCPN:    SNOW:  WIND      :SUNSHINE: SKY     :PK WND
================================================================================
1   2   3   4   5  6A  6B    7    8   9   10  11  12  13   14  15   16   17  18
                                     12Z  AVG MX 2MIN
DY MAX MIN AVG DEP HDD CDD  WTR  SNW DPTH SPD SPD DIR MIN PSBL S-S WX    SPD DR
================================================================================

 1  63  29  46   9  19   0 0.26    M    M  8.1 16 210   M    M   8 18     24 270
 2  36  27  32  -5  33   0 0.02    M    M  4.4 12  60   M    M   8 18     14  30
 3  37  27  32  -4  33   0 0.01    M    M  7.1 16 270   M    M   7 1      24 270
 4  34  23  29  -7  36   0 0.00    M    M  1.4  6  60   M    M   5 1       7 220
 5  43  34  39   3  26   0 0.38    M    M  1.3  8  70   M    M  10 1       9  70
 6  44  35  40   5  25   0 1.17    M    M  9.4 17 360   M    M   9 18     27  10
 7  41  26  34  -1  31   0 0.00    M    M  6.2 13  80   M    M   1        16  60
 8  43  30  37   2  28   0 0.01    M    M  6.7 16 170   M    M   3        20 180
 9  45  35  40   6  25   0    T    M    M  6.4 14 330   M    M  10        19 320
10  36  27  32  -2  33   0 0.00    M    M 11.3 20 330   M    M  10 1      26 340
11  36  22  29  -5  36   0 0.00    M    M  9.0 16 260   M    M   4 18     22 260
12  38  22  30  -3  35   0 0.00    M    M  5.9 13 260   M    M   2 18     16 240
13  40  29  35   2  30   0 0.00    M    M  6.7 13 280   M    M  10 18     16 290
14  45  40  43  10  22   0 0.00    M    M  6.0 12 250   M    M  10        15 260
15  53  38  46  14  19   0    T    M    M  4.9 12 150   M    M   4 18     14 140
16  50  38  44  12  21   0 0.22    M    M 10.1 24 260   M    M  10 1      32 270
17  38  27  33   1  32   0 0.01    M    M 11.6 18 290   M    M  10 1      25 250
18  28  26  27  -5  38   0 0.01    M    M  4.8 15 290   M    M  10 1      19 300
19  30  26  28  -3  37   0 0.00    M    M  2.8  7 250   M    M  10 18      9 260
20  31  29  30  -1  35   0 0.00    M    M  1.1  7  70   M    M  10 8       9  70
================================================================================
SM  811  590       594   0  2.09    M    125.2          M      151
================================================================================
AV 40.5 29.5                               6.3 FASTST   M    M   8    MAX(MPH)
                                 MISC ---->  # 24 260               # 32  270
================================================================================
NOTES:
# LAST OF SEVERAL OCCURRENCES

COLUMN 17 PEAK WIND IN M.P.H.

PRELIMINARY LOCAL CLIMATOLOGICAL DATA (WS FORM: F-6) , PAGE 2

                                          STATION:  ZANESVILLE OH
                                          MONTH:    DECEMBER
                                          YEAR:     2014
                                          LATITUDE:   39 56 N
                                          LONGITUDE:  81 54 W

[TEMPERATURE DATA]      [PRECIPITATION DATA]       SYMBOLS USED IN COLUMN 16

AVERAGE MONTHLY: 35.0   TOTAL FOR MONTH:   2.09    1 = FOG OR MIST
DPTR FM NORMAL:   1.1   DPTR FM NORMAL:    0.43    2 = FOG REDUCING VISIBILITY
HIGHEST:    63 ON  1    GRTST 24HR  1.50 ON  5- 6      TO 1/4 MILE OR LESS
LOWEST:     22 ON 12,11                            3 = THUNDER
                        SNOW, ICE PELLETS, HAIL    4 = ICE PELLETS
                        TOTAL MONTH:    M          5 = HAIL
                        GRTST 24HR    M  ON   M    6 = FREEZING RAIN OR DRIZZLE
                        GRTST DEPTH:  M  ON   M    7 = DUSTSTORM OR SANDSTORM:
                                                       VSBY 1/2 MILE OR LESS
                                                   8 = SMOKE OR HAZE
[NO. OF DAYS WITH]      [WEATHER - DAYS WITH]      9 = BLOWING SNOW
                                                   X = TORNADO
MAX 32 OR BELOW:   3    0.01 INCH OR MORE:   9
MAX 90 OR ABOVE:   0    0.10 INCH OR MORE:   4
MIN 32 OR BELOW:  14    0.50 INCH OR MORE:   1
MIN  0 OR BELOW:   0    1.00 INCH OR MORE:   1

[HDD (BASE 65) ]
TOTAL THIS MO.   594    CLEAR  (SCALE 0-3)   2
DPTR FM NORMAL   -28    PTCLDY (SCALE 4-7)   6
TOTAL FM JUL 1  1901    CLOUDY (SCALE 8-10) 12
DPTR FM NORMAL   138

[CDD (BASE 65) ]
TOTAL THIS MO.     0
DPTR FM NORMAL     0    [PRESSURE DATA]
TOTAL FM JAN 1   727    HIGHEST SLP M ON M
DPTR FM NORMAL   -41    LOWEST  SLP 29.75 ON 16

[REMARKS]
