000
CXUS51 KPBZ 300804
CF6ZZV
PRELIMINARY LOCAL CLIMATOLOGICAL DATA (WS FORM: F-6)

                                          STATION:   ZANESVILLE OH
                                          MONTH:     JUNE
                                          YEAR:      2015
                                          LATITUDE:   39 56 N
                                          LONGITUDE:  81 54 W

  TEMPERATURE IN F:       :PCPN:    SNOW:  WIND      :SUNSHINE: SKY     :PK WND
================================================================================
1   2   3   4   5  6A  6B    7    8   9   10  11  12  13   14  15   16   17  18
                                     12Z  AVG MX 2MIN
DY MAX MIN AVG DEP HDD CDD  WTR  SNW DPTH SPD SPD DIR MIN PSBL S-S WX    SPD DR
================================================================================

 1  57  49  53 -12  12   0 0.01    M    M  6.5 12 340   M    M  10 18     16 360
 2  61  51  56 -10   9   0 0.00    M    M  5.1  8  20   M    M  10         M  M
 3  73  57  65  -1   0   0 0.00    M    M  3.7 10  60   M    M   8 18     14 110
 4  79  57  68   2   0   3 0.00    M    M  2.9 10 170   M    M   4 1      19 240
 5  85  62  74   8   0   9    T    M    M  4.2 14 290   M    M   5 18     19 310
 6  77  57  67   0   0   2 0.00    M    M  5.8 12  50   M    M   6 18     16  30
 7  84  53  69   2   0   4 0.00    M    M  7.2 17 200   M    M   2 18     21 200
 8  81  63  72   5   0   7 0.48    M    M  9.5 23 310   M    M   5 138    31 310
 9  75  57  66  -2   0   1 0.00    M    M  5.3 14 310   M    M   1 1      19 270
10  88  55  72   4   0   7 0.00    M    M  6.2 15 250   M    M   0 18     21 250
11  90  65  78  10   0  13 0.00    M    M  5.0 12 210   M    M   1 8      16 170
12  90  65  78  10   0  13 0.33    M    M  5.6 28 320   M    M   1 138    33 320
13  86  69  78   9   0  13 0.20    M    M  4.6 24 330   M    M   5 138    34 340
14  87  68  78   9   0  13 0.47    M    M  5.4 28 310   M    M   3 123    40 320
15  86  70  78   9   0  13 1.19    M    M  6.9 26 290   M    M   3 13     36 280
16  83  69  76   6   0  11 0.13    M    M  7.0 12 280   M    M   5 13     17 350
17  69  60  65  -5   0   0 1.36    M    M  4.0 15 100   M    M  10 1      16 100
18  85  68  77   7   0  12 0.02    M    M  5.5 15 310   M    M   6 138    20 250
19  78  66  72   2   0   7 0.13    M    M  4.4 16 310   M    M   8 18     19 310
20  73  66  70   0   0   5 2.01    M    M  5.2 17  70   M    M   9 123    22  80
21  85  68  77   6   0  12 0.00    M    M  6.8 16 270   M    M   5 18     23 280
22  85  62  74   3   0   9 0.00    M    M  6.4 15 160   M    M   2 12     20 210
23  86  63  75   4   0  10 0.02    M    M  9.2 22 310   M    M   4 38     29 270
24  81  59  70  -1   0   5 0.00    M    M  2.2  9 220   M    M   2 1      13 250
25  75  63  69  -3   0   4 0.08    M    M  3.0 13 190   M    M   5 1      15 200
26  78  64  71  -1   0   6 0.12    M    M  3.6 10 110   M    M   7 18     16 100
27  77  59  68  -4   0   3 0.60    M    M 12.4 23 260   M    M  10 18     30 280
28  72  57  65  -7   0   0 0.01    M    M  8.2 18 290   M    M   7 1      25 290
29  70  54  62 -10   3   0 0.14    M    M  4.0 14 180   M    M   6 1      17 190
================================================================================
SM 2296 1776        24 182  7.30    M    165.8          M      150
================================================================================
AV 79.2 61.2                               5.7 FASTST   M    M   5    MAX(MPH)
                                 MISC ---->  # 28 320               # 40  320
================================================================================
NOTES:
# LAST OF SEVERAL OCCURRENCES

COLUMN 17 PEAK WIND IN M.P.H.

PRELIMINARY LOCAL CLIMATOLOGICAL DATA (WS FORM: F-6) , PAGE 2

                                          STATION:  ZANESVILLE OH
                                          MONTH:    JUNE
                                          YEAR:     2015
                                          LATITUDE:   39 56 N
                                          LONGITUDE:  81 54 W

[TEMPERATURE DATA]      [PRECIPITATION DATA]       SYMBOLS USED IN COLUMN 16

AVERAGE MONTHLY: 70.2   TOTAL FOR MONTH:   7.30    1 = FOG OR MIST
DPTR FM NORMAL:   1.1   DPTR FM NORMAL:    3.40    2 = FOG REDUCING VISIBILITY
HIGHEST:    90 ON 12,11 GRTST 24HR  2.01 ON 20-20      TO 1/4 MILE OR LESS
LOWEST:     49 ON  1                               3 = THUNDER
                        SNOW, ICE PELLETS, HAIL    4 = ICE PELLETS
                        TOTAL MONTH:    M          5 = HAIL
                        GRTST 24HR    M  ON   M    6 = FREEZING RAIN OR DRIZZLE
                        GRTST DEPTH:  M  ON   M    7 = DUSTSTORM OR SANDSTORM:
                                                       VSBY 1/2 MILE OR LESS
                                                   8 = SMOKE OR HAZE
[NO. OF DAYS WITH]      [WEATHER - DAYS WITH]      9 = BLOWING SNOW
                                                   X = TORNADO
MAX 32 OR BELOW:   0    0.01 INCH OR MORE:  17
MAX 90 OR ABOVE:   2    0.10 INCH OR MORE:  12
MIN 32 OR BELOW:   0    0.50 INCH OR MORE:   4
MIN  0 OR BELOW:   0    1.00 INCH OR MORE:   3

[HDD (BASE 65) ]
TOTAL THIS MO.    24    CLEAR  (SCALE 0-3)   9
DPTR FM NORMAL    -6    PTCLDY (SCALE 4-7)  15
TOTAL FM JUL 1  6040    CLOUDY (SCALE 8-10)  5
DPTR FM NORMAL   471

[CDD (BASE 65) ]
TOTAL THIS MO.   182
DPTR FM NORMAL    32    [PRESSURE DATA]
TOTAL FM JAN 1   299    HIGHEST SLP M ON M
DPTR FM NORMAL    95    LOWEST  SLP 29.63 ON M

[REMARKS]
