000
CXUS52 KCAE 191413
CLAAGS


CLIMATE REPORT
NATIONAL WEATHER SERVICE COLUMBIA SC
912 AM EST TUE JAN 19 2016

...................................

...THE AUGUSTA REGIONAL BUSH FIELD GA CLIMATE SUMMARY FOR THE YEAR OF 2015...

CLIMATE NORMAL PERIOD 1981 TO 2010
CLIMATE RECORD PERIOD 1873 TO 2016

WEATHER         OBSERVED          NORMAL  DEPART  LAST YEAR`S
                 VALUE   DATE(S)  VALUE   FROM    VALUE  DATE(S)
                                          NORMAL
................................................................
TEMPERATURE (F)
RECORD
 HIGH             108   08/10/2007
                        08/21/1983
 LOW                    01/21/1985
HIGHEST           104   07/21        MM      MM      100  08/23
LOWEST             13   02/20        MM      MM       11  01/25
AVG. MAXIMUM     77.4              76.9     0.5     74.5
AVG. MINIMUM     53.5              51.0     2.5     48.1
MEAN             65.5              63.9     1.6     61.3
DAYS MAX >= 90     92              82.0    10.0       70
DAYS MAX <= 32      0               0.3    -0.3        2
DAYS MIN <= 32     45              51.2    -6.2       73
DAYS MIN <= 0       0               0.0     0.0        0

PRECIPITATION (INCHES)
RECORD
 MAXIMUM        73.82   1929
 MINIMUM        28.05   1933
TOTALS          47.39             43.57    3.82    36.42
DAILY AVG.       0.13              0.12    0.01     0.11
DAYS >= .01       126             104.8    21.2       96
DAYS >= .10        83              67.9    15.1       51
DAYS >= .50        37              28.6     8.4       21
DAYS >= 1.00       13              12.4     0.6       11
GREATEST
 24 HR. TOTAL    2.26   MM                       12/31 TO 12/31
                                                          12/31 TO 12/31
                                                          12/31 TO 12/31
 STORM TOTAL       MM                                 MM
 (MM/DD(HH))            MM                    12/31(00) TO 12/31(00)
                                                 12/31(00) TO 12/31(00)1
                                                 12/31(00) TO 12/31(00)1

SNOWFALL (INCHES)
RECORDS
 TOTAL           14.0   1973
 24 HR TOTAL       MM
 SNOW DEPTH        14   02/10/1973
TOTALS              T               0.9    -0.9      3.2
 LIQUID EQUIV      MM              0.10      MM     0.32
SINCE 7/1         0.0               0.1    -0.1      0.0
 LIQUID 7/1      0.00              0.00    0.00     0.00
SNOWDEPTH AVG.      0                MM      MM        0
DAYS >= TRACE       1               0.4     0.6        4
DAYS >= 1.0         0               0.3    -0.3        2
GREATEST
 SNOW DEPTH         0   MM                             2  01/29
 24 HR TOTAL      0.0   MM                       12/31 TO 12/31
                                                          12/31 TO 12/31
                                                          12/31 TO 12/31
 STORM TOTAL       MM                                 MM
 (MM/DD(HH))            MM                    12/31(00) TO 12/31(00)
                                                 12/31(00) TO 12/31(00)1
                                                 12/31(00) TO 12/31(00)1

DEGREE_DAYS
HEATING TOTAL    2042              2470    -428     2784
 SINCE 7/1        504               975    -471       MM
COOLING TOTAL    2357              2088     269     1675
 SINCE 1/1       2357              2089     268     1675

FREEZE DATES
RECORD
 EARLIEST     MM
 LATEST       MM
EARLIEST                        MM
LATEST                          MM
..................................................

WIND (MPH)
AVERAGE WIND SPEED              5.1
RESULTANT WIND SPEED/DIRECTION   1/300
HIGHEST WIND SPEED/DIRECTION    38/200    DATE  08/06
HIGHEST GUST SPEED/DIRECTION    50/200    DATE  08/06

SKY COVER
POSSIBLE SUNSHINE (PERCENT)   MM
AVERAGE SKY COVER           0.40
NUMBER OF DAYS FAIR          215
NUMBER OF DAYS PC             86
NUMBER OF DAYS CLOUDY         64

AVERAGE RH (PERCENT)     72

WEATHER CONDITIONS. NUMBER OF DAYS WITH
THUNDERSTORM              0     MIXED PRECIP               0
HEAVY RAIN               57     RAIN                      81
LIGHT RAIN              155     FREEZING RAIN              0
LT FREEZING RAIN          0     HAIL                       0
HEAVY SNOW                0     SNOW                       0
LIGHT SNOW                1     SLEET                      0
FOG                     260     FOG W/VIS <= 1/4 MILE     57
HAZE                     41

-  INDICATES NEGATIVE NUMBERS.
R  INDICATES RECORD WAS SET OR TIED.
MM INDICATES DATA IS MISSING.
T  INDICATES TRACE AMOUNT.

$$
