000
CXUS53 KBIS 011650
CLABIS

CLIMATE REPORT NATIONAL WEATHER SERVICE BISMARCK ND

1046 AM CST MON JAN 1 2018

...................................

...THE BISMARCK ND CLIMATE SUMMARY FOR THE YEAR OF 2017...

CLIMATE NORMAL PERIOD 1981 TO 2010
CLIMATE RECORD PERIOD 1875 TO 2017

WEATHER         OBSERVED          NORMAL  DEPART
                 VALUE   DATE(S)  VALUE   FROM
                                          NORMAL
................................................
TEMPERATURE (F)
RECORD
 HIGH             114   07/06/1936
 LOW              -45   02/16/1936
                        01/13/1916
HIGHEST           103                MM      MM
LOWEST            -30                MM      MM
MEAN             44.7              43.0     1.7

PRECIPITATION (INCHES)
RECORD
 MAXIMUM        30.92   1876
TOTALS          13.79             17.85   -4.06

SNOWFALL (INCHES)
RECORDS
 TOTAL          101.6   5
                        0
                        0
TOTALS           35.0              51.2

DEGREE_DAYS
HEATING TOTAL    7894
COOLING TOTAL     615
.................................................



-  INDICATES NEGATIVE NUMBERS.
R  INDICATES RECORD WAS SET OR TIED.
MM INDICATES DATA IS MISSING.
T  INDICATES TRACE AMOUNT.
...................................

...THE DICKINSON ND CLIMATE SUMMARY FOR THE YEAR OF 2017...

CLIMATE NORMAL PERIOD 1981 TO 2010
CLIMATE RECORD PERIOD 1893 TO 2017

WEATHER         OBSERVED          NORMAL  DEPART
                 VALUE   DATE(S)  VALUE   FROM
                                          NORMAL
................................................
TEMPERATURE (F)
RECORD
 HIGH             114   07/06/1936
 LOW              -47   02/16/1936
                        01/31/1893
HIGHEST           104                MM      MM
LOWEST            -31                MM      MM
MEAN             42.9              42.6     0.3

PRECIPITATION (INCHES)
RECORD
 MAXIMUM        23.20   2013
TOTALS          10.32             15.77   -5.45

SNOWFALL (INCHES)
RECORDS
 TOTAL            0.4   2000
TOTALS             MM              35.5

DEGREE_DAYS
HEATING TOTAL    8422
COOLING TOTAL     487
.................................................



-  INDICATES NEGATIVE NUMBERS.
R  INDICATES RECORD WAS SET OR TIED.
MM INDICATES DATA IS MISSING.
T  INDICATES TRACE AMOUNT.
...................................

...THE JAMESTOWN ND CLIMATE SUMMARY FOR THE YEAR OF 2017...

CLIMATE NORMAL PERIOD 1981 TO 2010
CLIMATE RECORD PERIOD 1891 TO 2017

WEATHER         OBSERVED          NORMAL  DEPART
                 VALUE   DATE(S)  VALUE   FROM
                                          NORMAL
................................................
TEMPERATURE (F)
RECORD
 HIGH             118   07/06/1936
 LOW              -42   02/15/1936
HIGHEST            99                MM      MM
LOWEST            -26                MM      MM
MEAN             42.5              41.5     1.0

PRECIPITATION (INCHES)
RECORD
 MAXIMUM        26.15   2016
TOTALS          12.50             18.77   -6.27

SNOWFALL (INCHES)
RECORDS
 TOTAL           24.9   2000
TOTALS             MM              44.5

DEGREE_DAYS
HEATING TOTAL    8481
COOLING TOTAL     397
.................................................



-  INDICATES NEGATIVE NUMBERS.
R  INDICATES RECORD WAS SET OR TIED.
MM INDICATES DATA IS MISSING.
T  INDICATES TRACE AMOUNT.
...................................

...THE MINOT ND CLIMATE SUMMARY FOR THE YEAR OF 2017...

CLIMATE NORMAL PERIOD 1981 TO 2010
CLIMATE RECORD PERIOD 1897 TO 2017

WEATHER         OBSERVED          NORMAL  DEPART
                 VALUE   DATE(S)  VALUE   FROM
                                          NORMAL
................................................
TEMPERATURE (F)
RECORD
 HIGH             109   07/11/1936
                        06/20/1910
 LOW              -49   02/15/1936
HIGHEST           100                MM      MM
LOWEST            -28                MM      MM
MEAN             43.8              42.1     1.7

PRECIPITATION (INCHES)
RECORD
 MAXIMUM        24.99   2013
TOTALS           7.59R            17.19   -9.60

SNOWFALL (INCHES)
RECORDS
 TOTAL            1.0   2000
TOTALS             MM              46.1

DEGREE_DAYS
HEATING TOTAL    8191
COOLING TOTAL     580
.................................................



-  INDICATES NEGATIVE NUMBERS.
R  INDICATES RECORD WAS SET OR TIED.
MM INDICATES DATA IS MISSING.
T  INDICATES TRACE AMOUNT.
...................................

...THE WILLISTON ND CLIMATE SUMMARY FOR THE YEAR OF 2017...

CLIMATE NORMAL PERIOD 1981 TO 2010
CLIMATE RECORD PERIOD 1894 TO 2017

WEATHER         OBSERVED          NORMAL  DEPART
                 VALUE   DATE(S)  VALUE   FROM
                                          NORMAL
................................................
TEMPERATURE (F)
RECORD
 HIGH             110   07/05/1936
 LOW              -50   12/23/1983
                        02/16/1936
HIGHEST           103                MM      MM
LOWEST            -31                MM      MM
MEAN             43.4              41.6     1.8

PRECIPITATION (INCHES)
RECORD
 MAXIMUM        22.04   1896
TOTALS          12.34             14.37   -2.03

SNOWFALL (INCHES)
RECORDS
 TOTAL           75.6   2010
TOTALS             MM              45.3

DEGREE_DAYS
HEATING TOTAL    8382
COOLING TOTAL     643
.................................................



-  INDICATES NEGATIVE NUMBERS.
R  INDICATES RECORD WAS SET OR TIED.
MM INDICATES DATA IS MISSING.
T  INDICATES TRACE AMOUNT.

$$
