639
CXUS53 KGJT 012040
CLADRO

CLIMATE REPORT
NATIONAL WEATHER SERVICE GRAND JUNCTION CO
659 AM MST MON JAN 1 2018

...................................

...THE DURANGO AIRPORT CO CLIMATE SUMMARY FOR THE YEAR OF 2017...

CLIMATE NORMAL PERIOD 1981 TO 2010
CLIMATE RECORD PERIOD 9999 TO 9999

WEATHER         OBSERVED          NORMAL  DEPART  LAST YEAR`S
                 VALUE   DATE(S)  VALUE   FROM    VALUE  DATE(S)
                                          NORMAL
................................................................
TEMPERATURE (F)
RECORD
 HIGH              MM   MM
 LOW               MM   MM
HIGHEST            96   06/21        MM      MM       96  06/20
LOWEST            -12   01/28        MM      MM      -17  01/11
AVG. MAXIMUM     64.5              61.8     2.7     62.6
AVG. MINIMUM     31.9              30.5     1.4     30.3
MEAN             48.2              46.1     2.1     46.5
DAYS MAX >= 90     18              11.0     7.0       23
DAYS MAX <= 32     13              16.8    -3.8       25
DAYS MIN <= 32    207             197.7     9.3      201
DAYS MIN <= 0       5              12.2    -7.2       21

PRECIPITATION (INCHES)
RECORD
 MAXIMUM           MM   MM
 MINIMUM           MM   MM
TOTALS           9.27             16.07   -6.80    13.63
DAILY AVG.       0.03              0.04   -0.01     0.04
DAYS >= .01        73                MM      MM       74
DAYS >= .10        31                MM      MM       40
DAYS >= .50         1                MM      MM        6
DAYS >= 1.00        0                MM      MM        2
GREATEST
 24 HR. TOTAL    0.75   MM                       12/31 TO 12/31
 STORM TOTAL       MM                                 MM

SNOWFALL (INCHES)
RECORDS
 TOTAL             MM   MM
 24 HR TOTAL       MM
 SNOW DEPTH        MM   MM
TOTALS             MM                MM      MM       MM
 LIQUID EQUIV      MM                MM      MM       MM
SINCE 7/1          MM                MM      MM       MM
 LIQUID 7/1        MM                MM      MM       MM
SNOWDEPTH AVG.     MM                MM      MM       MM
DAYS >= TRACE      MM                MM      MM       MM
DAYS >= 1.0        MM                MM      MM       MM
GREATEST
 SNOW DEPTH        MM                                 MM  MM
 24 HR TOTAL       MM                                 MM
 STORM TOTAL       MM                                 MM

DEGREE_DAYS
HEATING TOTAL    6367              7124    -757     6996
 SINCE 7/1       2550              2874    -324     2592
COOLING TOTAL     351               242     109      319
 SINCE 1/1        351               243     108      319

FREEZE DATES
RECORD
 EARLIEST     MM
 LATEST       MM
EARLIEST                        MM
LATEST                          MM
..................................................

WIND (MPH)
AVERAGE WIND SPEED              6.2
RESULTANT WIND SPEED/DIRECTION   1/284
HIGHEST WIND SPEED/DIRECTION    40/030    DATE  07/05
HIGHEST GUST SPEED/DIRECTION    51/250    DATE  07/04

SKY COVER
POSSIBLE SUNSHINE (PERCENT)   MM
AVERAGE SKY COVER           0.20
NUMBER OF DAYS FAIR          274
NUMBER OF DAYS PC             63
NUMBER OF DAYS CLOUDY         27

AVERAGE RH (PERCENT)     52

WEATHER CONDITIONS. NUMBER OF DAYS WITH
THUNDERSTORM             56     MIXED PRECIP               0
HEAVY RAIN                8     RAIN                      18
LIGHT RAIN               91     FREEZING RAIN              0
LT FREEZING RAIN          0     HAIL                       0
HEAVY SNOW                3     SNOW                      12
LIGHT SNOW               37     SLEET                      0
FOG                      66     FOG W/VIS <= 1/4 MILE     19
HAZE                     24

-  INDICATES NEGATIVE NUMBERS.
R  INDICATES RECORD WAS SET OR TIED.
MM INDICATES DATA IS MISSING.
T  INDICATES TRACE AMOUNT.

$$
