000
CXUS53 KGJT 021313
CLAEEO


CLIMATE REPORT
NATIONAL WEATHER SERVICE GRAND JUNCTION CO
528 AM MST THU JAN 2 2014

...................................

...THE MEEKER CO CLIMATE SUMMARY FOR THE YEAR OF 2013...

CLIMATE NORMAL PERIOD 1981 TO 2010
CLIMATE RECORD PERIOD 9999 TO 9999

WEATHER         OBSERVED          NORMAL  DEPART  LAST YEAR`S
                 VALUE   DATE(S)  VALUE   FROM    VALUE  DATE(S)
                                          NORMAL
................................................................
TEMPERATURE (F)
RECORD
 HIGH              MM   MM
 LOW               MM   MM
HIGHEST            95   06/28        MM      MM       97  06/25
LOWEST            -34   01/14        MM      MM      -21  12/20
AVG. MAXIMUM     56.9              58.9    -2.0     63.1
AVG. MINIMUM     27.0              28.3    -1.3     28.8
MEAN             41.9              43.6    -1.7     45.9
DAYS MAX >= 90     18              13.4     4.6       38
DAYS MAX <= 32     61              39.5    21.5       26
DAYS MIN <= 32    213             205.6     7.4      205
DAYS MIN <= 0      47              25.2    21.8       20

PRECIPITATION (INCHES)
RECORD
 MAXIMUM           MM   MM
 MINIMUM           MM   MM
TOTALS          17.94             16.06    1.88     9.16
DAILY AVG.       0.05              0.04    0.01        T
DAYS >= .01       126                MM      MM       86
DAYS >= .10        51                MM      MM       37
DAYS >= .50        10                MM      MM        0
DAYS >= 1.00        0                MM      MM        0
GREATEST
 24 HR. TOTAL    0.98   MM                            MM
 STORM TOTAL       MM                                 MM

SNOWFALL (INCHES)
RECORDS
 TOTAL             MM   MM
 24 HR TOTAL       MM
 SNOW DEPTH        MM   MM
TOTALS             MM                MM      MM       MM
 LIQUID EQUIV      MM                MM      MM       MM
SINCE 7/1          MM                MM      MM       MM
 LIQUID 7/1        MM                MM      MM       MM
SNOWDEPTH AVG.     MM                MM      MM       MM
DAYS >= TRACE      MM                MM      MM       MM
DAYS >= 1.0        MM                MM      MM       MM
GREATEST
 SNOW DEPTH        MM                                 MM  MM
 24 HR TOTAL       MM                                 MM
 STORM TOTAL       MM                                 MM

DEGREE_DAYS
HEATING TOTAL    8607              7974     633     7201
 SINCE 7/1       3429              3289     140     3031
COOLING TOTAL     324               171     153      325
 SINCE 1/1        324               172     152      325

FREEZE DATES
RECORD
 EARLIEST     MM
 LATEST       MM
EARLIEST                        MM
LATEST                          MM
..................................................

WIND (MPH)
AVERAGE WIND SPEED              4.4
RESULTANT WIND SPEED/DIRECTION   0/192
HIGHEST WIND SPEED/DIRECTION    41/260    DATE  03/17
HIGHEST GUST SPEED/DIRECTION    63/240    DATE  03/17

SKY COVER
POSSIBLE SUNSHINE (PERCENT)   MM
AVERAGE SKY COVER           0.30
NUMBER OF DAYS FAIR          217
NUMBER OF DAYS PC             95
NUMBER OF DAYS CLOUDY         53

AVERAGE RH (PERCENT)     59

WEATHER CONDITIONS. NUMBER OF DAYS WITH
THUNDERSTORM             54     MIXED PRECIP               0
HEAVY RAIN               21     RAIN                      36
LIGHT RAIN              118     FREEZING RAIN              0
LT FREEZING RAIN          0     HAIL                       0
HEAVY SNOW                9     SNOW                      24
LIGHT SNOW               81     SLEET                      0
FOG                     110     FOG W/VIS <= 1/4 MILE     27
HAZE                    141

-  INDICATES NEGATIVE NUMBERS.
R  INDICATES RECORD WAS SET OR TIED.
MM INDICATES DATA IS MISSING.
T  INDICATES TRACE AMOUNT.

$$
