000
CXUS51 KCTP 011051
CLAMDT

CLIMATE REPORT
NATIONAL WEATHER SERVICE STATE COLLEGE PA
523 AM EST THU JAN 1 2015

...................................

...THE HARRISBURG PA CLIMATE SUMMARY FOR THE YEAR OF 2014...

CLIMATE NORMAL PERIOD 1981 TO 2010
CLIMATE RECORD PERIOD 1888 TO 2014

WEATHER         OBSERVED          NORMAL  DEPART
                 VALUE   DATE(S)  VALUE   FROM
                                          NORMAL
................................................
TEMPERATURE (F)
RECORD
 HIGH             107   07/03/1966
 LOW              -22   01/21/1994

HIGHEST            94   07/23        MM      MM
                        07/02
LOWEST              0   01/07        MM      MM
AVG. MAXIMUM     61.2              62.3    -1.1
AVG. MINIMUM     43.0              44.3    -1.3
MEAN             52.1              53.3    -1.2
DAYS MAX >= 90     11              20.7    -9.7
DAYS MAX <= 32     34              20.3    13.7
DAYS MIN <= 32    119              99.5    19.5
DAYS MIN <= 0       1               0.4     0.6

PRECIPITATION (INCHES)
RECORD
 MAXIMUM        73.73   2011
 MINIMUM        25.52   1941
TOTALS          43.65             40.74    2.91
DAILY AVG.       0.12              0.11    0.01
DAYS >= .01       126             122.0     4.0
DAYS >= .10        87              75.2    11.8
DAYS >= .50        24              29.5    -5.5
DAYS >= 1.00       10              10.1    -0.1
GREATEST
 24 HR. TOTAL    2.96   8/12-8/13
 STORM TOTAL       MM
 (MM/DD(HH))            MM

SNOWFALL (INCHES)
RECORDS
 TOTAL           81.3   1960
                        0
                        0
 24 HR TOTAL     25.0   02/11/1983 TO 02/12/1983

TOTALS           39.3              30.6     8.7
 LIQUID EQUIV    3.93              3.10    0.83
SINCE 7/1         4.5               5.7    -1.2
 LIQUID 7/1      0.45
DAYS >= TRACE      42              16.8    25.2
DAYS >= 1.0        10               8.0     2.0
GREATEST
 SNOW DEPTH         9   02/16
                        02/14
 24 HR TOTAL      9.0   02/13
 STORM TOTAL       MM
 (MM/DD(HH))            MM

DEGREE_DAYS
HEATING TOTAL    5618              5268     350
 SINCE 7/1       1893              2001     108
COOLING TOTAL    1050              1001      49
 SINCE 1/1       1050              1001      49

FREEZE DATES
RECORD
 EARLIEST     09/24/1963
 LATEST       05/11/1966
EARLIEST                        09/24
LATEST                          05/11
.................................................

WIND (MPH)
AVERAGE WIND SPEED              6.7
HIGHEST WIND SPEED/DIRECTION    40/240    DATE  07/08
HIGHEST GUST SPEED/DIRECTION    54/MM     DATE   MM

SKY COVER
POSSIBLE SUNSHINE (PERCENT)   MM
AVERAGE SKY COVER           0.60
NUMBER OF DAYS FAIR           62
NUMBER OF DAYS PC            181
NUMBER OF DAYS CLOUDY        122

AVERAGE RH (PERCENT)     65

WEATHER CONDITIONS. NUMBER OF DAYS WITH
THUNDERSTORM             31     MIXED PRECIP               0
HEAVY RAIN               33     RAIN                      64
LIGHT RAIN              150     FREEZING RAIN              4
LT FREEZING RAIN          8     HAIL                       0
HEAVY SNOW                6     SNOW                      18
LIGHT SNOW               40     SLEET                      8
FOG                     173     FOG W/VIS <= 1/4 MILE     27
HAZE                    113

-  INDICATES NEGATIVE NUMBERS.
R  INDICATES RECORD WAS SET OR TIED.
MM INDICATES DATA IS MISSING.
T  INDICATES TRACE AMOUNT.

$$

LA CORTE
