000
CXUS56 KPDT 011607
CLAPDT

CLIMATE REPORT
NATIONAL WEATHER SERVICE PENDLETON OREGON
805 AM PST SUN JAN 01 2017

....................................

...THE PENDLETON CLIMATE SUMMARY FOR THE YEAR OF 2016...

CLIMATE NORMAL PERIOD 1981 TO 2010
CLIMATE RECORD PERIOD 1890 TO 2016

WEATHER         OBSERVED          NORMAL  DEPART
                 VALUE   DATE(S)  VALUE   FROM
                                          NORMAL
................................................
TEMPERATURE (F)
RECORD
 HIGH             119  08/10/1898
 LOW              -28  12/13/1919
HIGHEST           103  07/29
LOWEST             -5  12/16

AVG. MAXIMUM     65.0
AVG. MINUMUM     41.9
MEAN             53.5
DAYS MAX >= 90     35
DAYS MAX <= 32     17
DAYS MIN <= 32     78
DAYS MIN <= 0       2

PRECIPITATION (INCHES)
TOTALS           13.59
DAILY AVG.        0.04
DAYS >=  0.01      117
DAYS >=  0.10       45
DAYS >=  0.50        3
DAYS >=  1.00        0
GREATEST
 24 HR. TOTAL     0.61   12/23

SNOWFALL (INCHES)
TOTALS            18.5
SINCE 7/1         18.5
SNOWDEPTH AVG.       0
DAYS >=  TRACE      10
DAYS >=  1.0         6
GREATEST
 SNOW DEPTH          7     12/16
 24 HR TOTAL       5.7

DEGREE_DAYS
HEATING_TOTAL      4738
 SINCE 7/1         2161
COOLING TOTAL       605
................................................

WIND (MPH)
AVERAGE WIND SPEED                     8.5
RESULTANT WIND SPEED/DIRECTION         5/188
HIGHEST WIND SPEED/DIRECTION          51/280      DATE          10/13
HIGHEST GUST SPEED/DIRECTION          59/280      DATE          10/13


WEATHER CONDITIONS. NUMBER OF DAYS WITH
THUNDERSTORM               8    MIXED PRECIP                           0
HEAVY RAIN                11    RAIN                                  36
LIGHT RAIN               144    FREEZING RAIN                          0
LT FREEZING RAIN           4    HAIL                                   4
HEAVY SNOW                 1    SNOW                                   4
LIGHT SNOW                18    SLEET                                  1
FOG                       92    FOG W/VIS <=1/4 MILE                  32
HAZE                      29

-  INDICATES NEGATIVE NUMBERS.
R  INDICATES RECORD WAS SET OR TIED.
MM INDICATES DATA IS MISSING.
T  INDICATES TRACE AMOUNT.

$$
