000
CXSU52 KRAH 012313
CLARDU

CLIMATE REPORT
NATIONAL WEATHER SERVICE RALEIGH NC
555 PM EST THU JAN 1 2015

...................................

...THE RALEIGH-DURHAM INTL AIRPORT NC CLIMATE SUMMARY FOR THE YEAR OF 2014...

CLIMATE NORMAL PERIOD 1981 TO 2010
CLIMATE RECORD PERIOD 1887 TO 2014

WEATHER         OBSERVED          NORMAL  DEPART
                 VALUE   DATE(S)  VALUE   FROM
                                          NORMAL
................................................
TEMPERATURE (F)
RECORD
 HIGH             105   07/08/2012
                        06/30/2012
                        06/29/2012
 LOW               -9   01/21/1985
HIGHEST            98   07/14
                        07/08
LOWEST              7   01/30
AVG. MAXIMUM     70.1              71.7    -1.6
AVG. MINIMUM     48.9              50.0    -1.1
MEAN             59.6              60.8    -1.2
DAYS MAX >= 90     43              46.8    -3.8
DAYS MAX <= 32      5               2.0     3.0
DAYS MIN <= 32     76              60.7    15.3
DAYS MIN <= 0       0               0.0     0.0

PRECIPITATION (INCHES)
RECORD
 MAXIMUM        64.22   1936
 MINIMUM        29.92   1933
TOTALS          55.25             43.34   11.91
DAYS >= .01       115             114.1     0.9
DAYS >= .10        75              72.7     2.3
DAYS >= .50        36              29.2     6.8
DAYS >= 1.00       16              10.4     5.6
GREATEST
 24 HR. TOTAL    4.21   07/15 TO 07/15

SNOWFALL (INCHES)
RECORDS
 TOTAL            29.0  1899

TOTALS            5.8

DEGREE_DAYS
HEATING TOTAL    3532              3246     286
COOLING TOTAL    1657              1731     -74
.................................................

WIND (MPH)
AVERAGE WIND SPEED              5.5

SKY COVER
POSSIBLE SUNSHINE (PERCENT)   MM
AVERAGE SKY COVER           0.60
NUMBER OF DAYS FAIR           66
NUMBER OF DAYS PC            181
NUMBER OF DAYS CLOUDY        117

AVERAGE RH (PERCENT)     66


-  INDICATES NEGATIVE NUMBERS.
R  INDICATES RECORD WAS SET OR TIED.
MM INDICATES DATA IS MISSING.
T  INDICATES TRACE AMOUNT.

&&

2014: THE YEARLY RAINFALL WAS THE 11TH WETTEST DATING BACK TO 1887.

$$
