000
CXUS55 KREV 012108
CLARNO

CLIMATE REPORT
NATIONAL WEATHER SERVICE RENO NV
1005 AM PST MON JAN 1 2018

...................................

...THE RENO-TAHOE INTL AIRPORT NV CLIMATE SUMMARY FOR THE YEAR OF 2017...

CLIMATE NORMAL PERIOD 1981 TO 2010
CLIMATE RECORD PERIOD 1888 TO 2017

WEATHER         OBSERVED          NORMAL  DEPART
                 VALUE   DATE(S)  VALUE   FROM
                                          NORMAL
................................................
TEMPERATURE (F)
RECORD
 HIGH             108   07/05/2007
                        07/11/2002
                        07/10/2002
 LOW              -19   01/08/1890
HIGHEST           104   08/02
                        07/08
                        06/20
LOWEST              9   01/06
AVG. MAXIMUM     69.6              67.6     2.0
AVG. MINIMUM     42.7              40.0     2.7
MEAN             56.1              53.8     2.3
DAYS MAX >= 90     85              53.9    31.1
DAYS MAX <= 32      3               4.5    -1.5
DAYS MIN <= 32     99             111.6   -12.6
DAYS MIN <= 0       0               0.5    -0.5

PRECIPITATION (INCHES)
RECORD
 MAXIMUM        13.73   2017
                        1890
 MINIMUM         1.55   1945
TOTALS          13.73              7.40    6.33
DAILY AVG.       0.04              0.02    0.02
DAYS >= .01        67              52.3    14.7
DAYS >= .10        30              20.3     9.7
DAYS >= .50         8               2.9     5.1
DAYS >= 1.00        4               0.7     3.3

SNOWFALL (INCHES)
TOTALS           26.6              21.8     4.8
SINCE 7/1         1.0               8.4    -7.4
DAYS >= TRACE      34              16.3    17.7
DAYS >= 1.0         8               6.2     1.8
GREATEST
 SNOW DEPTH         5   01/22
 24 HR TOTAL      7.6   MM

DEGREE_DAYS
HEATING TOTAL    4523              4926    -403
 SINCE 7/1         MM              2024      MM
COOLING TOTAL    1401               838     563

FREEZE DATES
EARLIEST                        10/03
LATEST                          05/21
.................................................

WIND (MPH)
AVERAGE WIND SPEED              6.2
HIGHEST WIND SPEED/DIRECTION    53/190    DATE  09/05
HIGHEST GUST SPEED/DIRECTION    72/200    DATE  02/06


WEATHER CONDITIONS. NUMBER OF DAYS WITH
THUNDERSTORM              0     MIXED PRECIP               0
HEAVY RAIN               12     RAIN                      26
LIGHT RAIN               76     FREEZING RAIN              0
LT FREEZING RAIN          1     HAIL                       1
HEAVY SNOW                3     SNOW                      13
LIGHT SNOW               29     SLEET                      2
FOG                      34     FOG W/VIS <= 1/4 MILE      1
HAZE                     16

-  INDICATES NEGATIVE NUMBERS.
R  INDICATES RECORD WAS SET OR TIED.
MM INDICATES DATA IS MISSING.
T  INDICATES TRACE AMOUNT.

$$
