680
CDUS41 KBTV 250556
CLI1V4

CLIMATE REPORT
NATIONAL WEATHER SERVICE BURLINGTON VT
153 AM EDT WED MAY 25 2016

...................................

...THE ST. JOHNSBURY VT CLIMATE SUMMARY FOR MAY 24 2016...

CLIMATE NORMAL PERIOD 1981 TO 2010
CLIMATE RECORD PERIOD 1894 TO 2016


WEATHER ITEM   OBSERVED TIME   RECORD YEAR NORMAL DEPARTURE LAST
                VALUE   (LST)  VALUE       VALUE  FROM      YEAR
                                                  NORMAL
..................................................................
TEMPERATURE (F)
 YESTERDAY
  MAXIMUM         77        MM  91    1975  71      6       78
  MINIMUM         46        MM  24    1903  47     -1       37
  AVERAGE         62                        59      3       58

PRECIPITATION (IN)
  YESTERDAY        0.37          1.40 2004   0.12   0.25     0.00
  MONTH TO DATE    3.01                      2.55   0.46     1.56
  SINCE MAR 1      7.81                      7.92  -0.11     5.35
  SINCE JAN 1     12.55                     12.60  -0.05     9.91

DEGREE DAYS
 HEATING
  YESTERDAY        3                         7     -4        7
  MONTH TO DATE  288                       244     44      175
  SINCE MAR 1   1952                      1939     13     2152
  SINCE JUL 1   6837                      7663   -826     8217

 COOLING
  YESTERDAY        0                         1     -1        0
  MONTH TO DATE    0                         7     -7       12
  SINCE MAR 1      0                         8     -8       12
  SINCE JAN 1      0                         8     -8       12
..................................................................


WIND (MPH)
  HIGHEST WIND SPEED    MM   HIGHEST WIND DIRECTION    MM
  HIGHEST GUST SPEED    MM   HIGHEST GUST DIRECTION    MM
  AVERAGE WIND SPEED    MM


SKY COVER
  AVERAGE SKY COVER 0.0


WEATHER CONDITIONS
 THE FOLLOWING WEATHER WAS RECORDED YESTERDAY.
  NO SIGNIFICANT WEATHER WAS OBSERVED.


RELATIVE HUMIDITY (PERCENT)
 HIGHEST    93          1000 PM
 LOWEST     36          1100 AM
 AVERAGE    65

..........................................................


THE ST. JOHNSBURY VT CLIMATE NORMALS FOR TODAY
                         NORMAL    RECORD    YEAR
 MAXIMUM TEMPERATURE (F)   71        90      2010
                                             2007
 MINIMUM TEMPERATURE (F)   47        24      1956


SUNRISE AND SUNSET
MAY 25 2016...........SUNRISE   511 AM EDT   SUNSET   820 PM EDT
MAY 26 2016...........SUNRISE   510 AM EDT   SUNSET   821 PM EDT


-  INDICATES NEGATIVE NUMBERS.
R  INDICATES RECORD WAS SET OR TIED.
MM INDICATES DATA IS MISSING.
T  INDICATES TRACE AMOUNT.

$$
