000
CDUS41 KBTV 230522
CLI1V4


CLIMATE REPORT
NATIONAL WEATHER SERVICE BURLINGTON VT
118 AM EDT MON OCT 23 2017


...................................

...THE ST. JOHNSBURY VT CLIMATE SUMMARY FOR OCTOBER 22 2017...

CLIMATE NORMAL PERIOD 1981 TO 2010
CLIMATE RECORD PERIOD 1894 TO 2017


WEATHER ITEM   OBSERVED TIME   RECORD YEAR NORMAL DEPARTURE LAST
                VALUE   (LST)  VALUE       VALUE  FROM      YEAR
                                                  NORMAL
..................................................................
TEMPERATURE (F)
 YESTERDAY
  MAXIMUM         73    325 PM  82    1979  55     18       59
  MINIMUM         40    634 AM  16    1959  34      6       37
  AVERAGE         57                        45     12       48

PRECIPITATION (IN)
  YESTERDAY        0.00          1.04 1995   0.12  -0.12     0.75
  MONTH TO DATE    1.55                      2.79  -1.24     1.88
  SINCE SEP 1      4.76                      6.18  -1.42     3.37
  SINCE JAN 1     34.30                     31.94   2.36    31.31

DEGREE DAYS
 HEATING
  YESTERDAY        8                        20    -12       17
  MONTH TO DATE  227                       356   -129      255
  SINCE SEP 1    357                       540   -183      401
  SINCE JUL 1    448                       590   -142      428

 COOLING
  YESTERDAY        0                         0      0        0
  MONTH TO DATE    1                         0      1        0
  SINCE SEP 1     68                        34     34       49
  SINCE JAN 1    330                       432   -102      457
..................................................................


WIND (MPH)
  HIGHEST WIND SPEED    MM   HIGHEST WIND DIRECTION    MM
  HIGHEST GUST SPEED    MM   HIGHEST GUST DIRECTION    MM
  AVERAGE WIND SPEED    MM


SKY COVER
  AVERAGE SKY COVER 0.0


WEATHER CONDITIONS
 THE FOLLOWING WEATHER WAS RECORDED YESTERDAY.
  NO SIGNIFICANT WEATHER WAS OBSERVED.


RELATIVE HUMIDITY (PERCENT)
 HIGHEST   100           200 AM
 LOWEST     38           200 PM
 AVERAGE    69

..........................................................


THE ST. JOHNSBURY VT CLIMATE NORMALS FOR TODAY
                         NORMAL    RECORD    YEAR
 MAXIMUM TEMPERATURE (F)   55        80      1979
 MINIMUM TEMPERATURE (F)   34        19      1955


SUNRISE AND SUNSET
OCTOBER 23 2017.......SUNRISE   714 AM EDT   SUNSET   550 PM EDT
OCTOBER 24 2017.......SUNRISE   715 AM EDT   SUNSET   549 PM EDT


-  INDICATES NEGATIVE NUMBERS.
R  INDICATES RECORD WAS SET OR TIED.
MM INDICATES DATA IS MISSING.
T  INDICATES TRACE AMOUNT.




$$
