000
CDUS41 KBTV 190543
CLI1V4


CLIMATE REPORT
NATIONAL WEATHER SERVICE BURLINGTON VT
1240 AM EST THU JAN 19 2017


...................................

...THE ST. JOHNSBURY VT CLIMATE SUMMARY FOR JANUARY 18 2017...

CLIMATE NORMAL PERIOD 1981 TO 2010
CLIMATE RECORD PERIOD 1894 TO 2017


WEATHER ITEM   OBSERVED TIME   RECORD YEAR NORMAL DEPARTURE LAST
                VALUE   (LST)  VALUE       VALUE  FROM      YEAR
                                                  NORMAL
..................................................................
TEMPERATURE (F)
 YESTERDAY
  MAXIMUM         34    417 PM  55    1996  27      7       23
  MINIMUM         29    856 AM -30    1954   6     23       10
  AVERAGE         32                        16     16       17

PRECIPITATION (IN)
  YESTERDAY        0.10          1.15 2006   0.08   0.02     0.13
  MONTH TO DATE    0.93                      1.44  -0.51     1.17
  SINCE DEC 1      4.50                      4.52  -0.02     6.07
  SINCE JAN 1      0.93                      1.44  -0.51     1.17

DEGREE DAYS
 HEATING
  YESTERDAY       33                        49    -16       48
  MONTH TO DATE  776                       865    -89      776
  SINCE DEC 1   2037                      2162   -125     1689
  SINCE JUL 1   3497                      3818   -321     3166

 COOLING
  YESTERDAY        0                         0      0        0
  MONTH TO DATE    0                         0      0        0
  SINCE DEC 1      0                         0      0        0
  SINCE JAN 1      0                         0      0        0
..................................................................


WIND (MPH)
  HIGHEST WIND SPEED    MM   HIGHEST WIND DIRECTION    MM
  HIGHEST GUST SPEED    MM   HIGHEST GUST DIRECTION    MM
  AVERAGE WIND SPEED    MM


SKY COVER
  AVERAGE SKY COVER 0.0


WEATHER CONDITIONS
 THE FOLLOWING WEATHER WAS RECORDED YESTERDAY.
  NO SIGNIFICANT WEATHER WAS OBSERVED.


RELATIVE HUMIDITY (PERCENT)
 HIGHEST   100          1200 AM
 LOWEST     85          1200 PM
 AVERAGE    93

..........................................................


THE ST. JOHNSBURY VT CLIMATE NORMALS FOR TODAY
                         NORMAL    RECORD    YEAR
 MAXIMUM TEMPERATURE (F)   27        60      1996
 MINIMUM TEMPERATURE (F)    6       -34      1904


SUNRISE AND SUNSET
JANUARY 19 2017.......SUNRISE   718 AM EST   SUNSET   440 PM EST
JANUARY 20 2017.......SUNRISE   717 AM EST   SUNSET   441 PM EST


-  INDICATES NEGATIVE NUMBERS.
R  INDICATES RECORD WAS SET OR TIED.
MM INDICATES DATA IS MISSING.
T  INDICATES TRACE AMOUNT.




$$
