000
CDUS41 KBTV 010538
CLI1V4


CLIMATE REPORT
NATIONAL WEATHER SERVICE BURLINGTON VT
137 AM EDT TUE SEP 1 2015


...................................

...THE ST. JOHNSBURY VT CLIMATE SUMMARY FOR AUGUST 31 2015...

CLIMATE NORMAL PERIOD 1981 TO 2010
CLIMATE RECORD PERIOD 1894 TO 2015


WEATHER ITEM   OBSERVED TIME   RECORD YEAR NORMAL DEPARTURE LAST
                VALUE   (LST)  VALUE       VALUE  FROM      YEAR
                                                  NORMAL
..................................................................
TEMPERATURE (F)
 YESTERDAY
  MAXIMUM         81    316 PM  91    1973  76      5       71
  MINIMUM         58    614 AM  33    1965  55      3       63
  AVERAGE         70                        65      5       67

PRECIPITATION (IN)
  YESTERDAY        0.00          2.07 2005   0.10  -0.10     0.08
  MONTH TO DATE    3.74                      4.22  -0.48     1.78
  SINCE JUN 1     17.12                     12.35   4.77    11.74
  SINCE JAN 1     28.49                     25.76   2.73    27.44

DEGREE DAYS
 HEATING
  YESTERDAY        0                         2     -2        0
  MONTH TO DATE    7                        37    -30       39
  SINCE JUN 1    145                       122     23      126
  SINCE JUL 1     36                        50    -14       57

 COOLING
  YESTERDAY        5                         3      2        2
  MONTH TO DATE  146                       121     25       57
  SINCE JUN 1    320                       380    -60      215
  SINCE JAN 1    358                       398    -40      219
..................................................................


WIND (MPH)
  HIGHEST WIND SPEED    MM   HIGHEST WIND DIRECTION    MM
  HIGHEST GUST SPEED    MM   HIGHEST GUST DIRECTION    MM
  AVERAGE WIND SPEED    MM


SKY COVER
  AVERAGE SKY COVER 0.0


WEATHER CONDITIONS
 THE FOLLOWING WEATHER WAS RECORDED YESTERDAY.
  NO SIGNIFICANT WEATHER WAS OBSERVED.


RELATIVE HUMIDITY (PERCENT)
 HIGHEST    97           200 AM
 LOWEST     51           300 PM
 AVERAGE    74

..........................................................


THE ST. JOHNSBURY VT CLIMATE NORMALS FOR TODAY
                         NORMAL    RECORD    YEAR
 MAXIMUM TEMPERATURE (F)   76        92      1953
 MINIMUM TEMPERATURE (F)   54        34      1904


SUNRISE AND SUNSET
SEPTEMBER  1 2015.....SUNRISE   610 AM EDT   SUNSET   725 PM EDT
SEPTEMBER  2 2015.....SUNRISE   612 AM EDT   SUNSET   723 PM EDT


-  INDICATES NEGATIVE NUMBERS.
R  INDICATES RECORD WAS SET OR TIED.
MM INDICATES DATA IS MISSING.
T  INDICATES TRACE AMOUNT.




$$
