000
CDUS41 KBTV 160532
CLI1V4


CLIMATE REPORT
NATIONAL WEATHER SERVICE BURLINGTON VT
129 AM EDT WED APR 16 2014


...................................

...THE ST. JOHNSBURY VT CLIMATE SUMMARY FOR APRIL 15 2014...

CLIMATE NORMAL PERIOD 1981 TO 2010
CLIMATE RECORD PERIOD 1894 TO 2014


WEATHER ITEM   OBSERVED TIME   RECORD YEAR NORMAL DEPARTURE LAST
                VALUE   (LST)  VALUE       VALUE  FROM      YEAR
                                                  NORMAL
..................................................................
TEMPERATURE (F)
 YESTERDAY
  MAXIMUM         65        MM  80    2003  56      9       57
  MINIMUM         27        MM  10    1940  33     -6       27
  AVERAGE         46                        44      2       42

PRECIPITATION (IN)
  YESTERDAY        1.63R         0.83 1909   0.09   1.54     0.00
  MONTH TO DATE    2.46                      1.38   1.08     1.38
  SINCE MAR 1      5.33                      3.89   1.44     3.30
  SINCE JAN 1     10.46                      8.57   1.89     6.68

DEGREE DAYS
 HEATING
  YESTERDAY       19                        21     -2       23
  MONTH TO DATE  348                       359    -11      416
  SINCE MAR 1   1769                      1435    334     1470
  SINCE JUL 1   7801                      7159    642     6948

 COOLING
  YESTERDAY        0                         0      0        0
  MONTH TO DATE    0                         0      0        0
  SINCE MAR 1      0                         0      0        0
  SINCE JAN 1      0                         0      0        0
..................................................................


WIND (MPH)
  HIGHEST WIND SPEED    MM   HIGHEST WIND DIRECTION    MM
  HIGHEST GUST SPEED    MM   HIGHEST GUST DIRECTION    MM
  AVERAGE WIND SPEED    MM


SKY COVER
  AVERAGE SKY COVER 0.0


WEATHER CONDITIONS
 THE FOLLOWING WEATHER WAS RECORDED YESTERDAY.
  NO SIGNIFICANT WEATHER WAS OBSERVED.


RELATIVE HUMIDITY (PERCENT)
 HIGHEST    93           400 PM
 LOWEST     60          1200 AM
 AVERAGE    77

..........................................................


THE ST. JOHNSBURY VT CLIMATE NORMALS FOR TODAY
                         NORMAL    RECORD    YEAR
 MAXIMUM TEMPERATURE (F)   57        87      2002
 MINIMUM TEMPERATURE (F)   33        12      1943


SUNRISE AND SUNSET
APRIL 16 2014.........SUNRISE   603 AM EDT   SUNSET   734 PM EDT
APRIL 17 2014.........SUNRISE   601 AM EDT   SUNSET   735 PM EDT


-  INDICATES NEGATIVE NUMBERS.
R  INDICATES RECORD WAS SET OR TIED.
MM INDICATES DATA IS MISSING.
T  INDICATES TRACE AMOUNT.




$$
