000
CDUS41 KBTV 010548
CLI1V4


CLIMATE REPORT
NATIONAL WEATHER SERVICE BURLINGTON VT
148 AM EDT MON MAY 1 2017


...................................

...THE ST. JOHNSBURY VT CLIMATE SUMMARY FOR APRIL 30 2017...

CLIMATE NORMAL PERIOD 1981 TO 2010
CLIMATE RECORD PERIOD 1894 TO 2017


WEATHER ITEM   OBSERVED TIME   RECORD YEAR NORMAL DEPARTURE LAST
                VALUE   (LST)  VALUE       VALUE  FROM      YEAR
                                                  NORMAL
..................................................................
TEMPERATURE (F)
 YESTERDAY
  MAXIMUM         45        MM  86    1903  63    -18       64
  MINIMUM         34        MM  24    1978  38     -4       30
  AVERAGE         40                        51    -11       47

PRECIPITATION (IN)
  YESTERDAY        0.02          0.96 1923   0.10  -0.08     0.00
  MONTH TO DATE    2.87                      2.86   0.01     2.32
  SINCE MAR 1      6.32                      5.37   0.95     4.80
  SINCE JAN 1     12.06                     10.05   2.01     9.54

DEGREE DAYS
 HEATING
  YESTERDAY       25                        14     11       18
  MONTH TO DATE  548                       618    -70      737
  SINCE MAR 1   1794                      1695     99     1664
  SINCE JUL 1   6807                      7419   -612     6549

 COOLING
  YESTERDAY        0                         0      0        0
  MONTH TO DATE    1                         1      0        0
  SINCE MAR 1      1                         1      0        0
  SINCE JAN 1      1                         1      0        0
..................................................................


WIND (MPH)
  HIGHEST WIND SPEED    MM   HIGHEST WIND DIRECTION    MM
  HIGHEST GUST SPEED    MM   HIGHEST GUST DIRECTION    MM
  AVERAGE WIND SPEED    MM


SKY COVER
  AVERAGE SKY COVER 0.0


WEATHER CONDITIONS
 THE FOLLOWING WEATHER WAS RECORDED YESTERDAY.
  NO SIGNIFICANT WEATHER WAS OBSERVED.


RELATIVE HUMIDITY (PERCENT)
 HIGHEST    89           800 PM
 LOWEST     41          1000 AM
 AVERAGE    65

..........................................................


THE ST. JOHNSBURY VT CLIMATE NORMALS FOR TODAY
                         NORMAL    RECORD    YEAR
 MAXIMUM TEMPERATURE (F)   64        86      1970
 MINIMUM TEMPERATURE (F)   38        23      1922


SUNRISE AND SUNSET
MAY  1 2017...........SUNRISE   538 AM EDT   SUNSET   753 PM EDT
MAY  2 2017...........SUNRISE   537 AM EDT   SUNSET   754 PM EDT


-  INDICATES NEGATIVE NUMBERS.
R  INDICATES RECORD WAS SET OR TIED.
MM INDICATES DATA IS MISSING.
T  INDICATES TRACE AMOUNT.




$$
