000
CDUS41 KBTV 230542
CLI1V4


CLIMATE REPORT
NATIONAL WEATHER SERVICE BURLINGTON VT
139 AM EDT FRI JUN 23 2017


...................................

...THE ST. JOHNSBURY VT CLIMATE SUMMARY FOR JUNE 22 2017...

CLIMATE NORMAL PERIOD 1981 TO 2010
CLIMATE RECORD PERIOD 1894 TO 2017


WEATHER ITEM   OBSERVED TIME   RECORD YEAR NORMAL DEPARTURE LAST
                VALUE   (LST)  VALUE       VALUE  FROM      YEAR
                                                  NORMAL
..................................................................
TEMPERATURE (F)
 YESTERDAY
  MAXIMUM         78        MM  93    1989  79     -1       66
  MINIMUM         50        MM  34    1940  56     -6       47
  AVERAGE         64                        67     -3       57

PRECIPITATION (IN)
  YESTERDAY        0.00          1.14 1997   0.14  -0.14     0.37
  MONTH TO DATE    2.52                      2.92  -0.40     2.04
  SINCE JUN 1      2.52                      2.92  -0.40     2.04
  SINCE JAN 1     19.42                     16.33   3.09    14.62

DEGREE DAYS
 HEATING
  YESTERDAY        1                         1      0        8
  MONTH TO DATE   86                        64     22       87
  SINCE JUN 1     86                        64     22       87
  SINCE JUL 1   7260                      7768   -508     6924

 COOLING
  YESTERDAY        0                         4     -4        0
  MONTH TO DATE   58                        55      3       30
  SINCE JUN 1     58                        55      3       30
  SINCE JAN 1     71                        73     -2       73
..................................................................


WIND (MPH)
  HIGHEST WIND SPEED    MM   HIGHEST WIND DIRECTION    MM
  HIGHEST GUST SPEED    MM   HIGHEST GUST DIRECTION    MM
  AVERAGE WIND SPEED    MM


SKY COVER
  AVERAGE SKY COVER 0.0


WEATHER CONDITIONS
 THE FOLLOWING WEATHER WAS RECORDED YESTERDAY.
  NO SIGNIFICANT WEATHER WAS OBSERVED.


RELATIVE HUMIDITY (PERCENT)
 HIGHEST   100           100 AM
 LOWEST     38           100 PM
 AVERAGE    69

..........................................................


THE ST. JOHNSBURY VT CLIMATE NORMALS FOR TODAY
                         NORMAL    RECORD    YEAR
 MAXIMUM TEMPERATURE (F)   79        94      1975
 MINIMUM TEMPERATURE (F)   56        34      1940


SUNRISE AND SUNSET
JUNE 23 2017..........SUNRISE   504 AM EDT   SUNSET   836 PM EDT
JUNE 24 2017..........SUNRISE   505 AM EDT   SUNSET   837 PM EDT


-  INDICATES NEGATIVE NUMBERS.
R  INDICATES RECORD WAS SET OR TIED.
MM INDICATES DATA IS MISSING.
T  INDICATES TRACE AMOUNT.




$$
