000
CDUS41 KBTV 010527
CLI1V4


CLIMATE REPORT
NATIONAL WEATHER SERVICE BURLINGTON VT
126 AM EDT FRI AUG 1 2014


...................................

...THE ST. JOHNSBURY VT CLIMATE SUMMARY FOR JULY 31 2014...

CLIMATE NORMAL PERIOD 1981 TO 2010
CLIMATE RECORD PERIOD 1894 TO 2014


WEATHER ITEM   OBSERVED TIME   RECORD YEAR NORMAL DEPARTURE LAST
                VALUE   (LST)  VALUE       VALUE  FROM      YEAR
                                                  NORMAL
..................................................................
TEMPERATURE (F)
 YESTERDAY
  MAXIMUM         71    556 PM  94    1959  81    -10       79
  MINIMUM         52    525 AM  41    1964  58     -6       53
  AVERAGE         62                        70     -8       66

PRECIPITATION (IN)
  YESTERDAY        0.01          2.40 1962   0.15  -0.14     0.00
  MONTH TO DATE    6.69                      4.12   2.57     5.59
  SINCE JUN 1      9.96                      8.13   1.83    10.06
  SINCE JAN 1     25.66                     21.54   4.12    22.44

DEGREE DAYS
 HEATING
  YESTERDAY        3                         0      3        0
  MONTH TO DATE   18                        10      8        9
  SINCE JUN 1     87                        87      0      122
  SINCE JUL 1     18                        15      3        9

 COOLING
  YESTERDAY        0                         5     -5        1
  MONTH TO DATE  111                       169    -58      192
  SINCE JUN 1    158                       259   -101      272
  SINCE JAN 1    162                       277   -115      288
..................................................................


WIND (MPH)
  HIGHEST WIND SPEED    MM   HIGHEST WIND DIRECTION    MM
  HIGHEST GUST SPEED    MM   HIGHEST GUST DIRECTION    MM
  AVERAGE WIND SPEED    MM


SKY COVER
  AVERAGE SKY COVER 0.0


WEATHER CONDITIONS
 THE FOLLOWING WEATHER WAS RECORDED YESTERDAY.
  NO SIGNIFICANT WEATHER WAS OBSERVED.


RELATIVE HUMIDITY (PERCENT)
 HIGHEST   100           500 AM
 LOWEST     61           400 PM
 AVERAGE    81

..........................................................


THE ST. JOHNSBURY VT CLIMATE NORMALS FOR TODAY
                         NORMAL    RECORD    YEAR
 MAXIMUM TEMPERATURE (F)   81        97      1917
 MINIMUM TEMPERATURE (F)   58        38      1953


SUNRISE AND SUNSET
AUGUST  1 2014........SUNRISE   535 AM EDT   SUNSET   813 PM EDT
AUGUST  2 2014........SUNRISE   536 AM EDT   SUNSET   812 PM EDT


-  INDICATES NEGATIVE NUMBERS.
R  INDICATES RECORD WAS SET OR TIED.
MM INDICATES DATA IS MISSING.
T  INDICATES TRACE AMOUNT.




$$
