000
CDUS41 KBTV 280622
CLI1V4


CLIMATE REPORT
NATIONAL WEATHER SERVICE BURLINGTON VT
120 AM EST TUE FEB 28 2017


...................................

...THE ST. JOHNSBURY VT CLIMATE SUMMARY FOR FEBRUARY 27 2017...

CLIMATE NORMAL PERIOD 1981 TO 2010
CLIMATE RECORD PERIOD 1894 TO 2017


WEATHER ITEM   OBSERVED TIME   RECORD YEAR NORMAL DEPARTURE LAST
                VALUE   (LST)  VALUE       VALUE  FROM      YEAR
                                                  NORMAL
..................................................................
TEMPERATURE (F)
 YESTERDAY
  MAXIMUM         46        MM  56    2000  35     11       35
                                      1957
  MINIMUM         16        MM -24    1963  11      5        6
  AVERAGE         31                        23      8       21

PRECIPITATION (IN)
  YESTERDAY        0.00          1.01 1912   0.07  -0.07     0.00
  MONTH TO DATE    3.88                      2.09   1.79     3.45
  SINCE DEC 1      9.31                      7.68   1.63     9.54
  SINCE JAN 1      5.74                      4.60   1.14     4.64

DEGREE DAYS
 HEATING
  YESTERDAY       34                        42     -8       44
  MONTH TO DATE 1075                      1233   -158     1104
  SINCE DEC 1   3525                      4026   -501     3352
  SINCE JUL 1   4985                      5682   -697     4829

 COOLING
  YESTERDAY        0                         0      0        0
  MONTH TO DATE    0                         0      0        0
  SINCE DEC 1      0                         0      0        0
  SINCE JAN 1      0                         0      0        0
..................................................................


WIND (MPH)
  HIGHEST WIND SPEED    MM   HIGHEST WIND DIRECTION    MM
  HIGHEST GUST SPEED    MM   HIGHEST GUST DIRECTION    MM
  AVERAGE WIND SPEED    MM


SKY COVER
  AVERAGE SKY COVER 0.0


WEATHER CONDITIONS
 THE FOLLOWING WEATHER WAS RECORDED YESTERDAY.
  NO SIGNIFICANT WEATHER WAS OBSERVED.


RELATIVE HUMIDITY (PERCENT)
 HIGHEST    92          1200 AM
 LOWEST     40           100 PM
 AVERAGE    66

..........................................................


THE ST. JOHNSBURY VT CLIMATE NORMALS FOR TODAY
                         NORMAL    RECORD    YEAR
 MAXIMUM TEMPERATURE (F)   35        54      2000
                                             1998
 MINIMUM TEMPERATURE (F)   12       -30      1920


SUNRISE AND SUNSET
FEBRUARY 28 2017......SUNRISE   627 AM EST   SUNSET   535 PM EST
MARCH  1 2017.........SUNRISE   625 AM EST   SUNSET   536 PM EST


-  INDICATES NEGATIVE NUMBERS.
R  INDICATES RECORD WAS SET OR TIED.
MM INDICATES DATA IS MISSING.
T  INDICATES TRACE AMOUNT.




$$
