000
CDUS41 KBTV 190541
CLI1V4


CLIMATE REPORT
NATIONAL WEATHER SERVICE BURLINGTON VT
1239 AM EST FRI DEC 19 2014


...................................

...THE ST. JOHNSBURY VT CLIMATE SUMMARY FOR DECEMBER 18 2014...

CLIMATE NORMAL PERIOD 1981 TO 2010
CLIMATE RECORD PERIOD 1894 TO 2014


WEATHER ITEM   OBSERVED TIME   RECORD YEAR NORMAL DEPARTURE LAST
                VALUE   (LST)  VALUE       VALUE  FROM      YEAR
                                                  NORMAL
..................................................................
TEMPERATURE (F)
 YESTERDAY
  MAXIMUM         35    122 PM  53    1921  31      4       25
  MINIMUM         30   1159 PM -20    1919  14     16        8
  AVERAGE         33                        22     11       17

PRECIPITATION (IN)
  YESTERDAY        0.05          3.11 2000   0.10  -0.05     0.00
  MONTH TO DATE    3.05                      1.89   1.16     1.45
  SINCE DEC 1      3.05                      1.89   1.16     1.45
  SINCE JAN 1     39.48                     38.31   1.17    35.25

DEGREE DAYS
 HEATING
  YESTERDAY       32                        43    -11       48
  MONTH TO DATE  666                       711    -45      816
  SINCE DEC 1    666                       711    -45      816
  SINCE JUL 1   2318                      2367    -49     2615

 COOLING
  YESTERDAY        0                         0      0        0
  MONTH TO DATE    0                         0      0        0
  SINCE DEC 1      0                         0      0        0
  SINCE JAN 1    252                       433   -181      407
..................................................................


WIND (MPH)
  HIGHEST WIND SPEED    MM   HIGHEST WIND DIRECTION    MM
  HIGHEST GUST SPEED    MM   HIGHEST GUST DIRECTION    MM
  AVERAGE WIND SPEED    MM


SKY COVER
  AVERAGE SKY COVER 0.0


WEATHER CONDITIONS
 THE FOLLOWING WEATHER WAS RECORDED YESTERDAY.
  NO SIGNIFICANT WEATHER WAS OBSERVED.


RELATIVE HUMIDITY (PERCENT)
 HIGHEST   100          1200 AM
 LOWEST     70           100 PM
 AVERAGE    85

..........................................................


THE ST. JOHNSBURY VT CLIMATE NORMALS FOR TODAY
                         NORMAL    RECORD    YEAR
 MAXIMUM TEMPERATURE (F)   30        44      1949
 MINIMUM TEMPERATURE (F)   13       -23      1985


SUNRISE AND SUNSET
DECEMBER 19 2014......SUNRISE   720 AM EST   SUNSET   410 PM EST
DECEMBER 20 2014......SUNRISE   720 AM EST   SUNSET   411 PM EST


-  INDICATES NEGATIVE NUMBERS.
R  INDICATES RECORD WAS SET OR TIED.
MM INDICATES DATA IS MISSING.
T  INDICATES TRACE AMOUNT.




$$
