000
CDUS43 KUNR 290833
CLI2WX


CLIMATE REPORT
NATIONAL WEATHER SERVICE RAPID CITY SD
233 AM MDT MON MAY 29 2017


...................................

...THE BUFFALO SD CLIMATE SUMMARY FOR MAY 28 2017...

CLIMATE NORMAL PERIOD 1981 TO 2010
CLIMATE RECORD PERIOD 9999 TO 9999


WEATHER ITEM   OBSERVED TIME   NORMAL DEPARTURE LAST
                VALUE   (LST)  VALUE  FROM      YEAR
                                      NORMAL
......................................................
TEMPERATURE (F)
 YESTERDAY
  MAXIMUM         76    240 PM  69      7       73
  MINIMUM         44   1159 PM  46     -2       45
  AVERAGE         60            57      3       59

PRECIPITATION (IN)
  YESTERDAY        0.02          0.14  -0.12     0.02
  MONTH TO DATE    1.66          2.68  -1.02     0.57
  SINCE MAR 1      6.37          5.00   1.37     2.97
  SINCE JAN 1      6.67          5.57   1.10     3.63

DEGREE DAYS
 HEATING
  YESTERDAY        5             8     -3        6
  MONTH TO DATE  272           339    -67      274
  SINCE MAR 1   1689          1995   -306     1573
  SINCE JUL 1   7040          7792   -752     6351

 COOLING
  YESTERDAY        0             0      0        0
  MONTH TO DATE   13             0     13        2
  SINCE MAR 1     13             0     13        2
  SINCE JAN 1     13             0     13        2
......................................................


WIND (MPH)
  HIGHEST WIND SPEED    43   HIGHEST WIND DIRECTION    NW (300)
  HIGHEST GUST SPEED    48   HIGHEST GUST DIRECTION    NW (300)
  AVERAGE WIND SPEED    17.4




RELATIVE HUMIDITY (PERCENT)
 HIGHEST    80           200 AM
 LOWEST     22           400 PM
 AVERAGE    51

..........................................................




SUNRISE AND SUNSET
MAY 29 2017...........SUNRISE   510 AM MDT   SUNSET   834 PM MDT
MAY 30 2017...........SUNRISE   510 AM MDT   SUNSET   835 PM MDT


-  INDICATES NEGATIVE NUMBERS.
R  INDICATES RECORD WAS SET OR TIED.
MM INDICATES DATA IS MISSING.
T  INDICATES TRACE AMOUNT.




$$
