000
CDUS43 KUNR 250831
CLI2WX


CLIMATE REPORT
NATIONAL WEATHER SERVICE RAPID CITY SD
230 AM MDT SAT OCT 25 2014


...................................

...THE BUFFALO SD CLIMATE SUMMARY FOR OCTOBER 24 2014...

CLIMATE NORMAL PERIOD 1981 TO 2010
CLIMATE RECORD PERIOD 9999 TO 9999


WEATHER ITEM   OBSERVED TIME   RECORD YEAR NORMAL DEPARTURE LAST
                VALUE   (LST)  VALUE       VALUE  FROM      YEAR
                                                  NORMAL
..................................................................
TEMPERATURE (F)
 YESTERDAY
  MAXIMUM         67    122 PM              54     13       49
  MINIMUM         41    618 AM              31     10       24
  AVERAGE         54                        42     12       37

PRECIPITATION (IN)
  YESTERDAY        0.00         MM      MM   0.04  -0.04    MM
  MONTH TO DATE    0.03                      0.45  -0.42     0.50
  SINCE SEP 1      2.11                      1.53   0.58     2.67
  SINCE JAN 1     16.48                     13.67   2.81    12.15

DEGREE DAYS
 HEATING
  YESTERDAY       11                        23    -12       28
  MONTH TO DATE  319                       442   -123      511
  SINCE SEP 1    547                       681   -134      628
  SINCE JUL 1    598                       733   -135      640

 COOLING
  YESTERDAY        0                         0      0        0
  MONTH TO DATE    0                         0      0        0
  SINCE SEP 1     55                        41     14      100
  SINCE JAN 1    420                       512    -92      587
..................................................................


WIND (MPH)
  HIGHEST WIND SPEED    26   HIGHEST WIND DIRECTION     N (340)
  HIGHEST GUST SPEED    32   HIGHEST GUST DIRECTION    NW (330)
  AVERAGE WIND SPEED    10.1




RELATIVE HUMIDITY (PERCENT)
 HIGHEST    57           300 AM
 LOWEST     26           100 PM
 AVERAGE    42

..........................................................




SUNRISE AND SUNSET
OCTOBER 25 2014.......SUNRISE   724 AM MDT   SUNSET   552 PM MDT
OCTOBER 26 2014.......SUNRISE   726 AM MDT   SUNSET   550 PM MDT


-  INDICATES NEGATIVE NUMBERS.
R  INDICATES RECORD WAS SET OR TIED.
MM INDICATES DATA IS MISSING.
T  INDICATES TRACE AMOUNT.




$$
