000
CDUS43 KUNR 160848
CLI2WX


CLIMATE REPORT
NATIONAL WEATHER SERVICE RAPID CITY SD
248 AM MDT WED APR 16 2014


...................................

...THE BUFFALO SD CLIMATE SUMMARY FOR APRIL 15 2014...

CLIMATE NORMAL PERIOD 1981 TO 2010
CLIMATE RECORD PERIOD 9999 TO 9999


WEATHER ITEM   OBSERVED TIME   RECORD YEAR NORMAL DEPARTURE LAST
                VALUE   (LST)  VALUE       VALUE  FROM      YEAR
                                                  NORMAL
..................................................................
TEMPERATURE (F)
 YESTERDAY
  MAXIMUM         66    150 PM              55     11       32
  MINIMUM         20    447 AM              31    -11       18
  AVERAGE         43                        43      0       25

PRECIPITATION (IN)
  YESTERDAY        0.00         MM      MM   0.05  -0.05     0.00
  MONTH TO DATE    0.23                      0.64  -0.41     0.79
  SINCE MAR 1      1.11                      1.41  -0.30     1.12
  SINCE JAN 1      1.69                      1.98  -0.29     1.27

DEGREE DAYS
 HEATING
  YESTERDAY       22                        22      0       40
  MONTH TO DATE  412                       366     46      443
  SINCE MAR 1   1521                      1372    149     1502
  SINCE JUL 1   7578                      7169    409     6839

 COOLING
  YESTERDAY        0                         0      0        0
  MONTH TO DATE    0                         0      0        0
  SINCE MAR 1      0                         0      0        0
  SINCE JAN 1      0                         0      0        0
..................................................................


WIND (MPH)
  HIGHEST WIND SPEED    31   HIGHEST WIND DIRECTION     N (340)
  HIGHEST GUST SPEED    39   HIGHEST GUST DIRECTION    NW (330)
  AVERAGE WIND SPEED    15.1




RELATIVE HUMIDITY (PERCENT)
 HIGHEST    73           400 AM
 LOWEST     15           100 PM
 AVERAGE    44

..........................................................




SUNRISE AND SUNSET
APRIL 16 2014.........SUNRISE   607 AM MDT   SUNSET   742 PM MDT
APRIL 17 2014.........SUNRISE   605 AM MDT   SUNSET   743 PM MDT


-  INDICATES NEGATIVE NUMBERS.
R  INDICATES RECORD WAS SET OR TIED.
MM INDICATES DATA IS MISSING.
T  INDICATES TRACE AMOUNT.




$$
