800
CDUS43 KUNR 290838
CLI2WX


CLIMATE REPORT
NATIONAL WEATHER SERVICE RAPID CITY SD
235 AM MDT WED MAR 29 2017


...................................

...THE BUFFALO SD CLIMATE SUMMARY FOR MARCH 28 2017...

CLIMATE NORMAL PERIOD 1981 TO 2010
CLIMATE RECORD PERIOD 9999 TO 9999


WEATHER ITEM   OBSERVED TIME   NORMAL DEPARTURE LAST
                VALUE   (LST)  VALUE  FROM      YEAR
                                      NORMAL
......................................................
TEMPERATURE (F)
 YESTERDAY
  MAXIMUM         59   1154 AM  48     11       62
  MINIMUM         37    319 AM  26     11       28
  AVERAGE         48            37     11       45

PRECIPITATION (IN)
  YESTERDAY        0.69          0.03   0.66     0.00
  MONTH TO DATE    1.51          0.70   0.81     0.22
  SINCE MAR 1      1.51          0.70   0.81     0.22
  SINCE JAN 1      1.81          1.27   0.54     0.88

DEGREE DAYS
 HEATING
  YESTERDAY       17            28    -11       20
  MONTH TO DATE  793           924   -131      674
  SINCE MAR 1    793           924   -131      674
  SINCE JUL 1   6144          6721   -577     5452

 COOLING
  YESTERDAY        0             0      0        0
  MONTH TO DATE    0             0      0        0
  SINCE MAR 1      0             0      0        0
  SINCE JAN 1      0             0      0        0
......................................................


WIND (MPH)
  HIGHEST WIND SPEED    17   HIGHEST WIND DIRECTION    SE (140)
  HIGHEST GUST SPEED    21   HIGHEST GUST DIRECTION    SE (140)
  AVERAGE WIND SPEED     7.8




RELATIVE HUMIDITY (PERCENT)
 HIGHEST    93           500 PM
 LOWEST     51          1100 AM
 AVERAGE    72

..........................................................




SUNRISE AND SUNSET
MARCH 29 2017.........SUNRISE   640 AM MDT   SUNSET   719 PM MDT
MARCH 30 2017.........SUNRISE   638 AM MDT   SUNSET   720 PM MDT


-  INDICATES NEGATIVE NUMBERS.
R  INDICATES RECORD WAS SET OR TIED.
MM INDICATES DATA IS MISSING.
T  INDICATES TRACE AMOUNT.




$$
