000
CDUS43 KUNR 230847
CLI2WX


CLIMATE REPORT
NATIONAL WEATHER SERVICE RAPID CITY SD
147 AM MST TUE JAN 23 2018


...................................

...THE BUFFALO SD CLIMATE SUMMARY FOR JANUARY 22 2018...

CLIMATE NORMAL PERIOD 1981 TO 2010
CLIMATE RECORD PERIOD 9999 TO 9999


WEATHER ITEM   OBSERVED TIME   NORMAL DEPARTURE LAST
                VALUE   (LST)  VALUE  FROM      YEAR
                                      NORMAL
......................................................
TEMPERATURE (F)
 YESTERDAY
  MAXIMUM         35    219 PM  31      4       32
  MINIMUM         15    655 AM  11      4       17
  AVERAGE         25            21      4       25

PRECIPITATION (IN)
  YESTERDAY        0.00          0.01  -0.01     0.00
  MONTH TO DATE    0.21          0.20   0.01     0.00
  SINCE DEC 1      0.75          0.49   0.26     1.17
  SINCE JAN 1      0.21          0.20   0.01     0.00

DEGREE DAYS
 HEATING
  YESTERDAY       40            44     -4       40
  MONTH TO DATE 1034           985     49     1175
  SINCE DEC 1   2350          2347      3     2730
  SINCE JUL 1   4018          4245   -227     4020

 COOLING
  YESTERDAY        0             0      0        0
  MONTH TO DATE    0             0      0        0
  SINCE DEC 1      0             0      0        0
  SINCE JAN 1      0             0      0        0
......................................................


WIND (MPH)
  HIGHEST WIND SPEED    20   HIGHEST WIND DIRECTION    NW (310)
  HIGHEST GUST SPEED    23   HIGHEST GUST DIRECTION    NW (300)
  AVERAGE WIND SPEED     9.9




RELATIVE HUMIDITY (PERCENT)
 HIGHEST    80           100 AM
 LOWEST     52           200 PM
 AVERAGE    66

..........................................................




SUNRISE AND SUNSET
JANUARY 23 2018.......SUNRISE   725 AM MST   SUNSET   448 PM MST
JANUARY 24 2018.......SUNRISE   724 AM MST   SUNSET   449 PM MST


-  INDICATES NEGATIVE NUMBERS.
R  INDICATES RECORD WAS SET OR TIED.
MM INDICATES DATA IS MISSING.
T  INDICATES TRACE AMOUNT.




$$
