000
CDUS43 KUNR 190859
CLI2WX


CLIMATE REPORT
NATIONAL WEATHER SERVICE RAPID CITY SD
159 AM MST THU JAN 19 2017


...................................

...THE BUFFALO SD CLIMATE SUMMARY FOR JANUARY 18 2017...

CLIMATE NORMAL PERIOD 1981 TO 2010
CLIMATE RECORD PERIOD 9999 TO 9999


WEATHER ITEM   OBSERVED TIME   NORMAL DEPARTURE LAST
                VALUE   (LST)  VALUE  FROM      YEAR
                                      NORMAL
......................................................
TEMPERATURE (F)
 YESTERDAY
  MAXIMUM         42    229 PM  31     11       18
  MINIMUM         27   1105 PM  10     17       -4
  AVERAGE         35            20     15        7

PRECIPITATION (IN)
  YESTERDAY        0.00          0.01  -0.01     0.08
  MONTH TO DATE    0.00          0.17  -0.17     0.12
  SINCE DEC 1      1.17          0.46   0.71     0.58
  SINCE JAN 1      0.00          0.17  -0.17     0.12

DEGREE DAYS
 HEATING
  YESTERDAY       30            44    -14       58
  MONTH TO DATE 1027           809    218      834
  SINCE DEC 1   2582          2171    411     2023
  SINCE JUL 1   3872          4069   -197     3485

 COOLING
  YESTERDAY        0             0      0        0
  MONTH TO DATE    0             0      0        0
  SINCE DEC 1      0             0      0        0
  SINCE JAN 1      0             0      0        0
......................................................


WIND (MPH)
  HIGHEST WIND SPEED    23   HIGHEST WIND DIRECTION     W (270)
  HIGHEST GUST SPEED    24   HIGHEST GUST DIRECTION     W (270)
  AVERAGE WIND SPEED     7.9




RELATIVE HUMIDITY (PERCENT)
 HIGHEST    70           500 PM
 LOWEST     45           700 PM
 AVERAGE    58

..........................................................




SUNRISE AND SUNSET
JANUARY 19 2017.......SUNRISE   728 AM MST   SUNSET   443 PM MST
JANUARY 20 2017.......SUNRISE   727 AM MST   SUNSET   444 PM MST


-  INDICATES NEGATIVE NUMBERS.
R  INDICATES RECORD WAS SET OR TIED.
MM INDICATES DATA IS MISSING.
T  INDICATES TRACE AMOUNT.




$$
