000
CDUS43 KUNR 240843
CLI2WX


CLIMATE REPORT
NATIONAL WEATHER SERVICE RAPID CITY SD
242 AM MDT SUN SEP 24 2017


...................................

...THE BUFFALO SD CLIMATE SUMMARY FOR SEPTEMBER 23 2017...

CLIMATE NORMAL PERIOD 1981 TO 2010
CLIMATE RECORD PERIOD 9999 TO 9999


WEATHER ITEM   OBSERVED TIME   NORMAL DEPARTURE LAST
                VALUE   (LST)  VALUE  FROM      YEAR
                                      NORMAL
......................................................
TEMPERATURE (F)
 YESTERDAY
  MAXIMUM         47    106 PM  69    -22       64
  MINIMUM         41    144 AM  41      0       53
  AVERAGE         44            55    -11       59

PRECIPITATION (IN)
  YESTERDAY        0.46          0.04   0.42     0.29
  MONTH TO DATE    2.60          0.96   1.64     0.76
  SINCE SEP 1      2.60          0.96   1.64     0.76
  SINCE JAN 1     14.12         13.10   1.02     8.44

DEGREE DAYS
 HEATING
  YESTERDAY       21            11     10        6
  MONTH TO DATE  132           151    -19      106
  SINCE SEP 1    132           151    -19      106
  SINCE JUL 1    143           203    -60      136

 COOLING
  YESTERDAY        0             0      0        0
  MONTH TO DATE   90            40     50       37
  SINCE SEP 1     90            40     50       37
  SINCE JAN 1    740           511    229      729
......................................................


WIND (MPH)
  HIGHEST WIND SPEED    18   HIGHEST WIND DIRECTION    NE (30)
  HIGHEST GUST SPEED    21   HIGHEST GUST DIRECTION    NE (30)
  AVERAGE WIND SPEED     9.7




RELATIVE HUMIDITY (PERCENT)
 HIGHEST   100           400 PM
 LOWEST     82          1100 AM
 AVERAGE    91

..........................................................




SUNRISE AND SUNSET
SEPTEMBER 24 2017.....SUNRISE   644 AM MDT   SUNSET   647 PM MDT
SEPTEMBER 25 2017.....SUNRISE   645 AM MDT   SUNSET   645 PM MDT


-  INDICATES NEGATIVE NUMBERS.
R  INDICATES RECORD WAS SET OR TIED.
MM INDICATES DATA IS MISSING.
T  INDICATES TRACE AMOUNT.




$$
