000
CDUS43 KABR 310917
CLI8D3


CLIMATE REPORT
NATIONAL WEATHER SERVICE ABERDEEN SD
415 AM CDT MON AUG 31 2015


...................................

...THE SISSETON SD CLIMATE SUMMARY FOR AUGUST 30 2015...

CLIMATE NORMAL PERIOD 1981 TO 2010
CLIMATE RECORD PERIOD 1900 TO 2015


WEATHER ITEM   OBSERVED TIME   RECORD YEAR NORMAL DEPARTURE LAST
                VALUE   (LST)  VALUE       VALUE  FROM      YEAR
                                                  NORMAL
..................................................................
TEMPERATURE (F)
 YESTERDAY
  MAXIMUM         89    300 PM  95    1961  78     11       71
  MINIMUM         61    409 AM  37    2009  54      7       58
  AVERAGE         75                        66      9       65

PRECIPITATION (IN)
  YESTERDAY        0.00          0.90 1971   0.09  -0.09     0.00
  MONTH TO DATE    2.19                      2.35  -0.16     2.04
  SINCE JUN 1      6.74                      9.67  -2.93    12.45
  SINCE JAN 1     14.39                     16.65  -2.26    20.82

DEGREE DAYS
 HEATING
  YESTERDAY        0                         2     -2        0
  MONTH TO DATE   45                        26     19       17
  SINCE JUN 1     72                       101    -29       72
  SINCE JUL 1     58                        39     19       37

 COOLING
  YESTERDAY       10                         3      7        0
  MONTH TO DATE  142                       153    -11      118
  SINCE JUN 1    474                       452     22      336
  SINCE JAN 1    491                       475     16      397
..................................................................


WIND (MPH)
  HIGHEST WIND SPEED    22   HIGHEST WIND DIRECTION     S (200)
  HIGHEST GUST SPEED    29   HIGHEST GUST DIRECTION     S (190)
  AVERAGE WIND SPEED    10.1


SKY COVER
  POSSIBLE SUNSHINE  MM
  AVERAGE SKY COVER 0.0


WEATHER CONDITIONS
 THE FOLLOWING WEATHER WAS RECORDED YESTERDAY.
  NO SIGNIFICANT WEATHER WAS OBSERVED.


RELATIVE HUMIDITY (PERCENT)
 HIGHEST    93          1200 AM
 LOWEST     44           200 PM
 AVERAGE    69

..........................................................


THE SISSETON SD CLIMATE NORMALS FOR TODAY
                         NORMAL    RECORD    YEAR
 MAXIMUM TEMPERATURE (F)   78        94      1948
 MINIMUM TEMPERATURE (F)   54        39      1987


SUNRISE AND SUNSET
AUGUST 31 2015........SUNRISE   648 AM CDT   SUNSET   808 PM CDT
SEPTEMBER  1 2015.....SUNRISE   649 AM CDT   SUNSET   806 PM CDT


-  INDICATES NEGATIVE NUMBERS.
R  INDICATES RECORD WAS SET OR TIED.
MM INDICATES DATA IS MISSING.
T  INDICATES TRACE AMOUNT.




$$
