000
CDUS43 KABR 221024
CLI8D3


CLIMATE REPORT
NATIONAL WEATHER SERVICE ABERDEEN SD
523 AM CDT TUE JUL 22 2014


...................................

...THE SISSETON SD CLIMATE SUMMARY FOR JULY 21 2014...

CLIMATE NORMAL PERIOD 1981 TO 2010
CLIMATE RECORD PERIOD 1900 TO 2014


WEATHER ITEM   OBSERVED TIME   RECORD YEAR NORMAL DEPARTURE LAST
                VALUE   (LST)  VALUE       VALUE  FROM      YEAR
                                                  NORMAL
..................................................................
TEMPERATURE (F)
 YESTERDAY
  MAXIMUM         88    546 PM 101    1960  84      4       83
  MINIMUM         68   1140 PM  46    1947  60      8       57
  AVERAGE         78                        72      6       70

PRECIPITATION (IN)
  YESTERDAY        0.00          1.18 1972   0.11  -0.11     0.00
  MONTH TO DATE    0.98                      2.53  -1.55     2.32
  SINCE JUN 1      9.65                      6.27   3.38     7.90
  SINCE JAN 1     18.02                     13.25   4.77    17.24

DEGREE DAYS
 HEATING
  YESTERDAY        0                         0      0        0
  MONTH TO DATE   15                         3     12        0
  SINCE JUN 1     50                        65    -15       69
  SINCE JUL 1     15                         3     12        0

 COOLING
  YESTERDAY       13                         7      6        5
  MONTH TO DATE  107                       136    -29      193
  SINCE JUN 1    195                       230    -35      310
  SINCE JAN 1    256                       253      3      335
..................................................................


WIND (MPH)
  HIGHEST WIND SPEED    53   HIGHEST WIND DIRECTION    NW (320)
  HIGHEST GUST SPEED    66   HIGHEST GUST DIRECTION    NW (320)
  AVERAGE WIND SPEED    11.6


SKY COVER
  POSSIBLE SUNSHINE  MM
  AVERAGE SKY COVER 0.0


WEATHER CONDITIONS
 THE FOLLOWING WEATHER WAS RECORDED YESTERDAY.
  NO SIGNIFICANT WEATHER WAS OBSERVED.


RELATIVE HUMIDITY (PERCENT)
 HIGHEST   100           200 AM
 LOWEST     64           900 PM
 AVERAGE    82

..........................................................


THE SISSETON SD CLIMATE NORMALS FOR TODAY
                         NORMAL    RECORD    YEAR
 MAXIMUM TEMPERATURE (F)   84       112      1934
 MINIMUM TEMPERATURE (F)   60        45      1947


SUNRISE AND SUNSET
JULY 22 2014..........SUNRISE   600 AM CDT   SUNSET   908 PM CDT
JULY 23 2014..........SUNRISE   601 AM CDT   SUNSET   907 PM CDT


-  INDICATES NEGATIVE NUMBERS.
R  INDICATES RECORD WAS SET OR TIED.
MM INDICATES DATA IS MISSING.
T  INDICATES TRACE AMOUNT.




$$
