000
CDUS43 KABR 231043
CLI8D3


CLIMATE REPORT
NATIONAL WEATHER SERVICE ABERDEEN SD
542 AM CDT SAT SEP 23 2017


...................................

...THE SISSETON SD CLIMATE SUMMARY FOR SEPTEMBER 22 2017...

CLIMATE NORMAL PERIOD 1981 TO 2010
CLIMATE RECORD PERIOD 1900 TO 2017


WEATHER ITEM   OBSERVED TIME   RECORD YEAR NORMAL DEPARTURE LAST
                VALUE   (LST)  VALUE       VALUE  FROM      YEAR
                                                  NORMAL
..................................................................
TEMPERATURE (F)
 YESTERDAY
  MAXIMUM         91    405 PM 101    1936  70     21       62
  MINIMUM         57   1159 PM  23    1974  44     13       57
  AVERAGE         74                        57     17       60

PRECIPITATION (IN)
  YESTERDAY        1.06          1.72 1968   0.10   0.96     0.14
  MONTH TO DATE    1.94                      1.83   0.11     2.02
  SINCE SEP 1      1.94                      1.83   0.11     2.02
  SINCE JAN 1     14.66                     18.57  -3.91    17.46

DEGREE DAYS
 HEATING
  YESTERDAY        0                         9     -9        5
  MONTH TO DATE   63                       120    -57       56
  SINCE SEP 1     63                       120    -57       56
  SINCE JUL 1     77                       163    -86       83

 COOLING
  YESTERDAY        9                         1      8        0
  MONTH TO DATE   81                        41     40       37
  SINCE SEP 1     81                        41     40       37
  SINCE JAN 1    549                       520     29      618
..................................................................


WIND (MPH)
  HIGHEST WIND SPEED    28   HIGHEST WIND DIRECTION    SW (230)
  HIGHEST GUST SPEED    38   HIGHEST GUST DIRECTION    SW (220)
  AVERAGE WIND SPEED     9.9


SKY COVER
  POSSIBLE SUNSHINE  MM
  AVERAGE SKY COVER 0.0


WEATHER CONDITIONS
 THE FOLLOWING WEATHER WAS RECORDED YESTERDAY.
  THUNDERSTORM
  HEAVY RAIN
  RAIN
  LIGHT RAIN


RELATIVE HUMIDITY (PERCENT)
 HIGHEST   100           700 AM
 LOWEST     52           200 PM
 AVERAGE    76

..........................................................


THE SISSETON SD CLIMATE NORMALS FOR TODAY
                         NORMAL    RECORD    YEAR
 MAXIMUM TEMPERATURE (F)   69        92      2007
 MINIMUM TEMPERATURE (F)   44        25      2012


SUNRISE AND SUNSET
SEPTEMBER 23 2017.....SUNRISE   717 AM CDT   SUNSET   723 PM CDT
SEPTEMBER 24 2017.....SUNRISE   718 AM CDT   SUNSET   721 PM CDT


-  INDICATES NEGATIVE NUMBERS.
R  INDICATES RECORD WAS SET OR TIED.
MM INDICATES DATA IS MISSING.
T  INDICATES TRACE AMOUNT.




$$
