250
CDUS43 KABR 031033
CLI8D3


CLIMATE REPORT
NATIONAL WEATHER SERVICE ABERDEEN SD
432 AM CST SAT DEC 3 2016


...................................

...THE SISSETON SD CLIMATE SUMMARY FOR DECEMBER 2 2016...

CLIMATE NORMAL PERIOD 1981 TO 2010
CLIMATE RECORD PERIOD 1900 TO 2016


WEATHER ITEM   OBSERVED TIME   RECORD YEAR NORMAL DEPARTURE LAST
                VALUE   (LST)  VALUE       VALUE  FROM      YEAR
                                                  NORMAL
..................................................................
TEMPERATURE (F)
 YESTERDAY
  MAXIMUM         29   1133 AM  60    2012  31     -2       33
  MINIMUM         26    948 PM -16    1976  13     13        6
  AVERAGE         28                        22      6       20

PRECIPITATION (IN)
  YESTERDAY        0.00          0.65 1982   0.01  -0.01     0.00
  MONTH TO DATE    0.00                      0.03  -0.03     0.38
  SINCE DEC 1      0.00                      0.03  -0.03     0.38
  SINCE JAN 1     22.13                     21.97   0.16    17.24

SNOWFALL (IN)
  YESTERDAY        0.0
  MONTH TO DATE    0.0
  SINCE OCT 1      2.5
  SINCE JUL 1      2.5
  SNOW DEPTH       T

DEGREE DAYS
 HEATING
  YESTERDAY       37                        43     -6       45
  MONTH TO DATE   70                        86    -16       79
  SINCE DEC 1     70                        86    -16       79
  SINCE JUL 1   1351                      1937   -586     1475

 COOLING
  YESTERDAY        0                         0      0        0
  MONTH TO DATE    0                         0      0        0
  SINCE DEC 1      0                         0      0        0
  SINCE JAN 1    625                       527     98      635
..................................................................


WIND (MPH)
  HIGHEST WIND SPEED    13   HIGHEST WIND DIRECTION     N (360)
  HIGHEST GUST SPEED    16   HIGHEST GUST DIRECTION    NW (330)
  AVERAGE WIND SPEED     7.2


SKY COVER
  POSSIBLE SUNSHINE  MM
  AVERAGE SKY COVER 0.0


WEATHER CONDITIONS
 THE FOLLOWING WEATHER WAS RECORDED YESTERDAY.
  NO SIGNIFICANT WEATHER WAS OBSERVED.


RELATIVE HUMIDITY (PERCENT)
 HIGHEST    92           200 AM
 LOWEST     69           700 AM
 AVERAGE    81

..........................................................


THE SISSETON SD CLIMATE NORMALS FOR TODAY
                         NORMAL    RECORD    YEAR
 MAXIMUM TEMPERATURE (F)   31        64      1941
 MINIMUM TEMPERATURE (F)   12       -17      1985


SUNRISE AND SUNSET
DECEMBER  3 2016......SUNRISE   751 AM CST   SUNSET   445 PM CST
DECEMBER  4 2016......SUNRISE   752 AM CST   SUNSET   444 PM CST


-  INDICATES NEGATIVE NUMBERS.
R  INDICATES RECORD WAS SET OR TIED.
MM INDICATES DATA IS MISSING.
T  INDICATES TRACE AMOUNT.




$$
