000
CDUS43 KABR 212343
CLI8D3


CLIMATE REPORT
NATIONAL WEATHER SERVICE ABERDEEN SD
540 PM CST WED FEB 21 2018


...................................

...THE SISSETON SD CLIMATE SUMMARY FOR FEBRUARY 21 2018...
VALID TODAY AS OF 0500 PM LOCAL TIME.

CLIMATE NORMAL PERIOD 1981 TO 2010
CLIMATE RECORD PERIOD 1900 TO 2018


WEATHER ITEM   OBSERVED TIME   RECORD YEAR NORMAL DEPARTURE LAST
                VALUE   (LST)  VALUE       VALUE  FROM      YEAR
                                                  NORMAL
..................................................................
TEMPERATURE (F)
 TODAY
  MAXIMUM         19    118 PM  60    2017  29    -10       60
  MINIMUM         -2    449 AM -19    2001  11              34
                                      1956
  AVERAGE          9                        20    -11       47

PRECIPITATION (IN)
  TODAY            0.00          0.45 1969   0.02  -0.02     0.00
                                      2001
  MONTH TO DATE    0.36                      0.29   0.07     0.14
  SINCE DEC 1      0.76                      1.11  -0.35     2.35
  SINCE JAN 1      0.46                      0.72  -0.26     0.93

SNOWFALL (IN)
  TODAY            0.0
  MONTH TO DATE    8.3
  SINCE OCT 1     13.1
  SINCE JUL 1     13.1
  SNOW DEPTH       6

DEGREE DAYS
 HEATING
  TODAY           56                        45     11       18
  MONTH TO DATE 1170                      1011    159      754
  SINCE DEC 1   4109                      4106      3     3717
  SINCE JUL 1   5752                      5957   -205     4998
..................................................................


WIND (MPH)
  HIGHEST WIND SPEED    21   HIGHEST WIND DIRECTION     W (250)
  HIGHEST GUST SPEED    25   HIGHEST GUST DIRECTION     W (260)
  AVERAGE WIND SPEED     8.2


SKY COVER
  POSSIBLE SUNSHINE  MM
  AVERAGE SKY COVER 0.0


WEATHER CONDITIONS
 THE FOLLOWING WEATHER WAS RECORDED TODAY.
  NO SIGNIFICANT WEATHER WAS OBSERVED.


RELATIVE HUMIDITY (PERCENT)
 HIGHEST    79           100 AM
 LOWEST     39          1200 PM
 AVERAGE    59

..........................................................


THE SISSETON SD CLIMATE NORMALS FOR TOMORROW
                         NORMAL    RECORD    YEAR
 MAXIMUM TEMPERATURE (F)   30        60      1905
 MINIMUM TEMPERATURE (F)   12       -19      1952


SUNRISE AND SUNSET
FEBRUARY 21 2018......SUNRISE   720 AM CST   SUNSET   604 PM CST
FEBRUARY 22 2018......SUNRISE   718 AM CST   SUNSET   605 PM CST


-  INDICATES NEGATIVE NUMBERS.
R  INDICATES RECORD WAS SET OR TIED.
MM INDICATES DATA IS MISSING.
T  INDICATES TRACE AMOUNT.




$$
