000
CDUS43 KABR 101030
CLI8D3


CLIMATE REPORT
NATIONAL WEATHER SERVICE ABERDEEN SD
530 AM CDT THU JUL 10 2014


...................................

...THE SISSETON SD CLIMATE SUMMARY FOR JULY 9 2014...

CLIMATE NORMAL PERIOD 1981 TO 2010
CLIMATE RECORD PERIOD 1900 TO 2014


WEATHER ITEM   OBSERVED TIME   RECORD YEAR NORMAL DEPARTURE LAST
                VALUE   (LST)  VALUE       VALUE  FROM      YEAR
                                                  NORMAL
..................................................................
TEMPERATURE (F)
 YESTERDAY
  MAXIMUM         79    417 PM 110    1936  83     -4       82
  MINIMUM         58   1159 PM  43    1977  59     -1       61
  AVERAGE         69                        71     -2       72

PRECIPITATION (IN)
  YESTERDAY        0.00          1.74 2013   0.11  -0.11     1.74
  MONTH TO DATE    0.96                      1.02  -0.06     1.77
  SINCE JUN 1      9.63                      4.76   4.87     7.35
  SINCE JAN 1     18.00                     11.74   6.26    16.69

DEGREE DAYS
 HEATING
  YESTERDAY        0                         0      0        0
  MONTH TO DATE    6                         3      3        0
  SINCE JUN 1     41                        65    -24       69
  SINCE JUL 1      6                         3      3        0

 COOLING
  YESTERDAY        4                         6     -2        7
  MONTH TO DATE   41                        53    -12       76
  SINCE JUN 1    129                       147    -18      193
  SINCE JAN 1    190                       170     20      218
..................................................................


WIND (MPH)
  HIGHEST WIND SPEED    12   HIGHEST WIND DIRECTION    NE (40)
  HIGHEST GUST SPEED    15   HIGHEST GUST DIRECTION     N (350)
  AVERAGE WIND SPEED     6.0


SKY COVER
  POSSIBLE SUNSHINE  MM
  AVERAGE SKY COVER 0.0


WEATHER CONDITIONS
 THE FOLLOWING WEATHER WAS RECORDED YESTERDAY.
  NO SIGNIFICANT WEATHER WAS OBSERVED.


RELATIVE HUMIDITY (PERCENT)
 HIGHEST    93          1100 PM
 LOWEST     42           400 PM
 AVERAGE    68

..........................................................


THE SISSETON SD CLIMATE NORMALS FOR TODAY
                         NORMAL    RECORD    YEAR
 MAXIMUM TEMPERATURE (F)   83       112      1936
 MINIMUM TEMPERATURE (F)   59        46      1945


SUNRISE AND SUNSET
JULY 10 2014..........SUNRISE   549 AM CDT   SUNSET   918 PM CDT
JULY 11 2014..........SUNRISE   550 AM CDT   SUNSET   917 PM CDT


-  INDICATES NEGATIVE NUMBERS.
R  INDICATES RECORD WAS SET OR TIED.
MM INDICATES DATA IS MISSING.
T  INDICATES TRACE AMOUNT.




$$
