000
CDUS43 KABR 271124
CLI8D3


CLIMATE REPORT
NATIONAL WEATHER SERVICE ABERDEEN SD
624 AM CDT FRI MAR 27 2015


...................................

...THE SISSETON SD CLIMATE SUMMARY FOR MARCH 26 2015...

CLIMATE NORMAL PERIOD 1981 TO 2010
CLIMATE RECORD PERIOD 1900 TO 2015


WEATHER ITEM   OBSERVED TIME   RECORD YEAR NORMAL DEPARTURE LAST
                VALUE   (LST)  VALUE       VALUE  FROM      YEAR
                                                  NORMAL
..................................................................
TEMPERATURE (F)
 YESTERDAY
  MAXIMUM         36    329 PM  71    1968  45     -9       53
  MINIMUM         17   1151 PM -12    1996  25     -8       14
  AVERAGE         27                        34     -7       34

PRECIPITATION (IN)
  YESTERDAY        0.00          1.61 1942   0.03  -0.03     0.00
  MONTH TO DATE    0.75                      0.85  -0.10     0.41
  SINCE MAR 1      0.75                      0.85  -0.10     0.41
  SINCE JAN 1      1.63                      1.71  -0.08     1.03

SNOWFALL (IN)
  YESTERDAY        0.0
  MONTH TO DATE    5.2
  SINCE OCT 1     28.3
  SINCE JUL 1     28.3
  SNOW DEPTH       0

DEGREE DAYS
 HEATING
  YESTERDAY       38                        30      8       31
  MONTH TO DATE  807                       938   -131     1031
  SINCE MAR 1    807                       938   -131     1031
  SINCE JUL 1   7076                      7197   -121     7848

 COOLING
  YESTERDAY        0                         0      0        0
  MONTH TO DATE    0                         0      0        0
  SINCE MAR 1      0                         0      0        0
  SINCE JAN 1      0                         0      0        0
..................................................................


WIND (MPH)
  HIGHEST WIND SPEED    25   HIGHEST WIND DIRECTION     N (20)
  HIGHEST GUST SPEED    31   HIGHEST GUST DIRECTION    NE (30)
  AVERAGE WIND SPEED    12.9


SKY COVER
  POSSIBLE SUNSHINE  MM
  AVERAGE SKY COVER 0.0


WEATHER CONDITIONS
 THE FOLLOWING WEATHER WAS RECORDED YESTERDAY.
  NO SIGNIFICANT WEATHER WAS OBSERVED.


RELATIVE HUMIDITY (PERCENT)
 HIGHEST    92           400 AM
 LOWEST     43           600 PM
 AVERAGE    68

..........................................................


THE SISSETON SD CLIMATE NORMALS FOR TODAY
                         NORMAL    RECORD    YEAR
 MAXIMUM TEMPERATURE (F)   45        78      1946
 MINIMUM TEMPERATURE (F)   25         0      1955


SUNRISE AND SUNSET
MARCH 27 2015.........SUNRISE   718 AM CDT   SUNSET   749 PM CDT
MARCH 28 2015.........SUNRISE   716 AM CDT   SUNSET   751 PM CDT


-  INDICATES NEGATIVE NUMBERS.
R  INDICATES RECORD WAS SET OR TIED.
MM INDICATES DATA IS MISSING.
T  INDICATES TRACE AMOUNT.




$$
