000
CDUS46 KMFR 020836
CLIAAT


CLIMATE REPORT
NATIONAL WEATHER SERVICE MEDFORD, OR
136 AM PDT TUE SEP 2 2014


...................................

...THE ALTURAS CA CLIMATE SUMMARY FOR SEPTEMBER 1 2014...

CLIMATE NORMAL PERIOD 1981 TO 2010
CLIMATE RECORD PERIOD 1905 TO 2014


WEATHER ITEM   OBSERVED TIME   RECORD YEAR NORMAL DEPARTURE LAST
                VALUE   (LST)  VALUE       VALUE  FROM      YEAR
                                                  NORMAL
..................................................................
TEMPERATURE (F)
 YESTERDAY
  MAXIMUM         86    436 PM  98    1955  82      4       83
  MINIMUM         37    539 AM  27    1999  39     -2       47
  AVERAGE         62                        61      1       65

PRECIPITATION (IN)
  YESTERDAY        0.00          2.61 1997   0.01  -0.01     0.04
  MONTH TO DATE    0.00                      0.01  -0.01     0.04
  SINCE SEP 1      0.00                      0.01  -0.01     0.04
  SINCE JAN 1      6.28                      9.15  -2.87     5.19

SNOWFALL (IN)
  YESTERDAY       MM                        MM     MM       MM
  MONTH TO DATE   MM                        MM     MM       MM
  SINCE JUL 1     MM                        MM     MM       MM
  SNOW DEPTH      MM

DEGREE DAYS
 HEATING
  YESTERDAY        3                         5     -2        0
  MONTH TO DATE    3                         5     -2        0
  SINCE SEP 1      3                         5     -2        0
  SINCE JUL 1     28                       116    -88       70

 COOLING
  YESTERDAY        0                         1     -1        0
  MONTH TO DATE    0                         1     -1        0
  SINCE SEP 1      0                         1     -1        0
  SINCE JAN 1    368                       152    216      255
..................................................................


WIND (MPH)
  HIGHEST WIND SPEED    10   HIGHEST WIND DIRECTION    NW (320)
  HIGHEST GUST SPEED    15   HIGHEST GUST DIRECTION     W (270)
  AVERAGE WIND SPEED     3.0


SKY COVER
  POSSIBLE SUNSHINE  MM
  AVERAGE SKY COVER 0.0


WEATHER CONDITIONS
 THE FOLLOWING WEATHER WAS RECORDED YESTERDAY.
  NO SIGNIFICANT WEATHER WAS OBSERVED.


RELATIVE HUMIDITY (PERCENT)
 HIGHEST    70           500 AM
 LOWEST     12           500 PM
 AVERAGE    41

..........................................................


THE ALTURAS CA CLIMATE NORMALS FOR TODAY
                         NORMAL    RECORD    YEAR
 MAXIMUM TEMPERATURE (F)   82       103      1955
 MINIMUM TEMPERATURE (F)   39        24      1973


SUNRISE AND SUNSET
SEPTEMBER  2 2014.....SUNRISE   630 AM PDT   SUNSET   733 PM PDT
SEPTEMBER  3 2014.....SUNRISE   631 AM PDT   SUNSET   732 PM PDT


-  INDICATES NEGATIVE NUMBERS.
R  INDICATES RECORD WAS SET OR TIED.
MM INDICATES DATA IS MISSING.
T  INDICATES TRACE AMOUNT.




$$
