000
CDUS46 KMFR 220054
CLIAAT


CLIMATE REPORT
NATIONAL WEATHER SERVICE MEDFORD, OR
454 PM PST TUE FEB 21 2017


...................................

...THE ALTURAS CA CLIMATE SUMMARY FOR FEBRUARY 21 2017...
VALID TODAY AS OF 0400 PM LOCAL TIME.

CLIMATE NORMAL PERIOD 1981 TO 2010
CLIMATE RECORD PERIOD 1905 TO 2017


WEATHER ITEM   OBSERVED TIME   RECORD YEAR NORMAL DEPARTURE LAST
                VALUE   (LST)  VALUE       VALUE  FROM      YEAR
                                                  NORMAL
..................................................................
TEMPERATURE (F)
 TODAY
  MAXIMUM         40    332 PM  69    1977  48     -8       52
  MINIMUM         33   1138 AM  -3    1952  23     10       23
  AVERAGE         37                        35      2       38

PRECIPITATION (IN)
  TODAY            0.28          0.47 1996   0.05   0.23     0.00
  MONTH TO DATE    2.73                      1.06   1.67     0.45
  SINCE OCT 1      9.74                      7.22   2.52     8.43
  SINCE JAN 1      5.99                      2.71   3.28     2.45

SNOWFALL (IN)
  TODAY           MM                        MM     MM       MM
  MONTH TO DATE   MM                        MM     MM       MM
  SINCE JUL 1     MM                        MM     MM       MM
  SNOW DEPTH      MM

DEGREE DAYS
 HEATING
  TODAY           28                        30     -2       27
  MONTH TO DATE  520                       665   -145      558
  SINCE DEC 1   2873                      2853     20     2674
  SINCE JUL 1   4381                      4663   -282     4201

 COOLING
  TODAY            0                         0      0        0
  MONTH TO DATE    0                         0      0        0
  SINCE DEC 1      0                         0      0        0
  SINCE JAN 1      0                         0      0        0
..................................................................


WIND (MPH)
  HIGHEST WIND SPEED    36   HIGHEST WIND DIRECTION     S (200)
  HIGHEST GUST SPEED    43   HIGHEST GUST DIRECTION    SW (240)
  AVERAGE WIND SPEED    14.6


SKY COVER
  POSSIBLE SUNSHINE  MM
  AVERAGE SKY COVER 0.7


WEATHER CONDITIONS
 THE FOLLOWING WEATHER WAS RECORDED TODAY.
  RAIN
  LIGHT RAIN
  SNOW
  LIGHT SNOW
  FOG


RELATIVE HUMIDITY (PERCENT)
 HIGHEST   100          1000 AM
 LOWEST     70           500 AM
 AVERAGE    85

..........................................................


THE ALTURAS CA CLIMATE NORMALS FOR TOMORROW
                         NORMAL    RECORD    YEAR
 MAXIMUM TEMPERATURE (F)   48        66      1995
 MINIMUM TEMPERATURE (F)   23       -14      1913


SUNRISE AND SUNSET
FEBRUARY 21 2017......SUNRISE   648 AM PST   SUNSET   544 PM PST
FEBRUARY 22 2017......SUNRISE   647 AM PST   SUNSET   545 PM PST


-  INDICATES NEGATIVE NUMBERS.
R  INDICATES RECORD WAS SET OR TIED.
MM INDICATES DATA IS MISSING.
T  INDICATES TRACE AMOUNT.




$$
