000
CDUS46 KMFR 280837
CLIAAT


CLIMATE REPORT
NATIONAL WEATHER SERVICE MEDFORD, OR
137 AM PDT THU AUG 28 2014


...................................

...THE ALTURAS CA CLIMATE SUMMARY FOR AUGUST 27 2014...

CLIMATE NORMAL PERIOD 1981 TO 2010
CLIMATE RECORD PERIOD 1905 TO 2014


WEATHER ITEM   OBSERVED TIME   RECORD YEAR NORMAL DEPARTURE LAST
                VALUE   (LST)  VALUE       VALUE  FROM      YEAR
                                                  NORMAL
..................................................................
TEMPERATURE (F)
 YESTERDAY
  MAXIMUM         92    411 PM 100    1915  84      8       86
  MINIMUM         42    524 AM  30    1995  41      1       34
  AVERAGE         67                        62      5       60

PRECIPITATION (IN)
  YESTERDAY        0.00          0.53 1942   0.01  -0.01     0.00
  MONTH TO DATE    0.46                      0.30   0.16     0.72
  SINCE SEP 1      7.42                     14.11  -6.69     9.49
  SINCE JAN 1      6.28                      9.08  -2.80     5.15

SNOWFALL (IN)
  YESTERDAY       MM                        MM     MM       MM
  MONTH TO DATE   MM                        MM     MM       MM
  SINCE JUL 1     MM                        MM     MM       MM
  SNOW DEPTH      MM

DEGREE DAYS
 HEATING
  YESTERDAY        0                         4     -4        5
  MONTH TO DATE   11                        53    -42       61
  SINCE JUN 1    106                       274   -168      221
  SINCE JUL 1     17                        94    -77       65

 COOLING
  YESTERDAY        2                         1      1        0
  MONTH TO DATE   86                        52     34       39
  SINCE JUN 1    359                       147    212      255
  SINCE JAN 1    359                       147    212      255
..................................................................


WIND (MPH)
  HIGHEST WIND SPEED    14   HIGHEST WIND DIRECTION     W (290)
  HIGHEST GUST SPEED    17   HIGHEST GUST DIRECTION     W (290)
  AVERAGE WIND SPEED     3.4


SKY COVER
  POSSIBLE SUNSHINE  MM
  AVERAGE SKY COVER 0.0


WEATHER CONDITIONS
 THE FOLLOWING WEATHER WAS RECORDED YESTERDAY.
  NO SIGNIFICANT WEATHER WAS OBSERVED.


RELATIVE HUMIDITY (PERCENT)
 HIGHEST    58           500 AM
 LOWEST     14           300 PM
 AVERAGE    36

..........................................................


THE ALTURAS CA CLIMATE NORMALS FOR TODAY
                         NORMAL    RECORD    YEAR
 MAXIMUM TEMPERATURE (F)   83       103      1915
 MINIMUM TEMPERATURE (F)   40        25      1905


SUNRISE AND SUNSET
AUGUST 28 2014........SUNRISE   624 AM PDT   SUNSET   742 PM PDT
AUGUST 29 2014........SUNRISE   625 AM PDT   SUNSET   740 PM PDT


-  INDICATES NEGATIVE NUMBERS.
R  INDICATES RECORD WAS SET OR TIED.
MM INDICATES DATA IS MISSING.
T  INDICATES TRACE AMOUNT.




$$
