000
CDUS46 KMFR 210836
CLIAAT


CLIMATE REPORT
NATIONAL WEATHER SERVICE MEDFORD, OR
1236 AM PST SAT JAN 21 2017


...................................

...THE ALTURAS CA CLIMATE SUMMARY FOR JANUARY 20 2017...

CLIMATE NORMAL PERIOD 1981 TO 2010
CLIMATE RECORD PERIOD 1905 TO 2017


WEATHER ITEM   OBSERVED TIME   RECORD YEAR NORMAL DEPARTURE LAST
                VALUE   (LST)  VALUE       VALUE  FROM      YEAR
                                                  NORMAL
..................................................................
TEMPERATURE (F)
 YESTERDAY
  MAXIMUM         41    248 PM  62    1961  42     -1       47
  MINIMUM         30   1050 PM -32    1937  18     12       34
  AVERAGE         36                        30      6       41

PRECIPITATION (IN)
  YESTERDAY        0.03          0.90 1969   0.04  -0.01      T
  MONTH TO DATE    3.10                      1.18   1.92     0.92
  SINCE OCT 1      6.85                      5.69   1.16     6.90
  SINCE JAN 1      3.10                      1.18   1.92     0.92

SNOWFALL (IN)
  YESTERDAY       MM                        MM     MM       MM
  MONTH TO DATE   MM                        MM     MM       MM
  SINCE JUL 1     MM                        MM     MM       MM
  SNOW DEPTH      MM

DEGREE DAYS
 HEATING
  YESTERDAY       29                        35     -6       24
  MONTH TO DATE  816                       712    104      694
  SINCE DEC 1   1975                      1812    163     1803
  SINCE JUL 1   3483                      3622   -139     3330

 COOLING
  YESTERDAY        0                         0      0        0
  MONTH TO DATE    0                         0      0        0
  SINCE DEC 1      0                         0      0        0
  SINCE JAN 1      0                         0      0        0
..................................................................


WIND (MPH)
  HIGHEST WIND SPEED    23   HIGHEST WIND DIRECTION     S (180)
  HIGHEST GUST SPEED    30   HIGHEST GUST DIRECTION     S (170)
  AVERAGE WIND SPEED    11.6


SKY COVER
  POSSIBLE SUNSHINE  MM
  AVERAGE SKY COVER 0.9


WEATHER CONDITIONS
 THE FOLLOWING WEATHER WAS RECORDED YESTERDAY.
  LIGHT SNOW
  FOG
  HAZE


RELATIVE HUMIDITY (PERCENT)
 HIGHEST    85           700 PM
 LOWEST     64          1200 PM
 AVERAGE    75

..........................................................


THE ALTURAS CA CLIMATE NORMALS FOR TODAY
                         NORMAL    RECORD    YEAR
 MAXIMUM TEMPERATURE (F)   42        69      1961
 MINIMUM TEMPERATURE (F)   18       -30      1937


SUNRISE AND SUNSET
JANUARY 21 2017.......SUNRISE   723 AM PST   SUNSET   505 PM PST
JANUARY 22 2017.......SUNRISE   722 AM PST   SUNSET   506 PM PST


-  INDICATES NEGATIVE NUMBERS.
R  INDICATES RECORD WAS SET OR TIED.
MM INDICATES DATA IS MISSING.
T  INDICATES TRACE AMOUNT.




$$
