000
CDUS46 KMFR 300840
CLIAAT


CLIMATE REPORT
NATIONAL WEATHER SERVICE MEDFORD, OR
139 AM PDT TUE SEP 30 2014


...................................

...THE ALTURAS CA CLIMATE SUMMARY FOR SEPTEMBER 29 2014...

CLIMATE NORMAL PERIOD 1981 TO 2010
CLIMATE RECORD PERIOD 1905 TO 2014


WEATHER ITEM   OBSERVED TIME   RECORD YEAR NORMAL DEPARTURE LAST
                VALUE   (LST)  VALUE       VALUE  FROM      YEAR
                                                  NORMAL
..................................................................
TEMPERATURE (F)
 YESTERDAY
  MAXIMUM         73    344 PM  94    1967  73      0       63
  MINIMUM         46    655 AM  19    1961  31     15       53
  AVERAGE         60                        52      8       58

PRECIPITATION (IN)
  YESTERDAY        0.00          0.67 1977   0.02  -0.02      T
  MONTH TO DATE    0.36                      0.50  -0.14     0.51
  SINCE SEP 1      0.36                      0.50  -0.14     0.51
  SINCE JAN 1      6.64                      9.64  -3.00     5.66

SNOWFALL (IN)
  YESTERDAY       MM                        MM     MM       MM
  MONTH TO DATE   MM                        MM     MM       MM
  SINCE JUL 1     MM                        MM     MM       MM
  SNOW DEPTH      MM

DEGREE DAYS
 HEATING
  YESTERDAY        5                        13     -8        7
  MONTH TO DATE  104                       251   -147      217
  SINCE SEP 1    104                       251   -147      217
  SINCE JUL 1    129                       362   -233      287

 COOLING
  YESTERDAY        0                         0      0        0
  MONTH TO DATE   12                         3      9       25
  SINCE SEP 1     12                         3      9       25
  SINCE JAN 1    380                       154    226      280
..................................................................


WIND (MPH)
  HIGHEST WIND SPEED    18   HIGHEST WIND DIRECTION    NW (300)
  HIGHEST GUST SPEED    22   HIGHEST GUST DIRECTION    NW (300)
  AVERAGE WIND SPEED     5.3


SKY COVER
  POSSIBLE SUNSHINE  MM
  AVERAGE SKY COVER 0.4


WEATHER CONDITIONS
 THE FOLLOWING WEATHER WAS RECORDED YESTERDAY.
  NO SIGNIFICANT WEATHER WAS OBSERVED.


RELATIVE HUMIDITY (PERCENT)
 HIGHEST    93           600 AM
 LOWEST     25           400 PM
 AVERAGE    59

..........................................................


THE ALTURAS CA CLIMATE NORMALS FOR TODAY
                         NORMAL    RECORD    YEAR
 MAXIMUM TEMPERATURE (F)   73        93      2010
 MINIMUM TEMPERATURE (F)   31        15      1950


SUNRISE AND SUNSET
SEPTEMBER 30 2014.....SUNRISE   658 AM PDT   SUNSET   646 PM PDT
OCTOBER  1 2014.......SUNRISE   659 AM PDT   SUNSET   644 PM PDT


-  INDICATES NEGATIVE NUMBERS.
R  INDICATES RECORD WAS SET OR TIED.
MM INDICATES DATA IS MISSING.
T  INDICATES TRACE AMOUNT.




$$
