000
CDUS41 KPHI 270545
CLIABE


CLIMATE REPORT
NATIONAL WEATHER SERVICE MOUNT HOLLY NJ
145 AM EDT THU JUL 27 2017


...................................

...THE ALLENTOWN PA CLIMATE SUMMARY FOR JULY 26 2017...

CLIMATE NORMAL PERIOD 1981 TO 2010
CLIMATE RECORD PERIOD 1922 TO 2017


WEATHER ITEM   OBSERVED TIME   RECORD YEAR NORMAL DEPARTURE LAST
                VALUE   (LST)  VALUE       VALUE  FROM      YEAR
                                                  NORMAL
..................................................................
TEMPERATURE (F)
 YESTERDAY
  MAXIMUM         79    423 PM  98    1940  84     -5       89
  MINIMUM         64    252 AM  48    1976  63      1       66
  AVERAGE         72                        74     -2       78

PRECIPITATION (IN)
  YESTERDAY        0.58          3.32 1916   0.17   0.41     0.00
  MONTH TO DATE    8.21                      4.16   4.05     3.83
  SINCE JUN 1     13.51                      8.47   5.04     5.70
  SINCE JAN 1     30.69                     25.29   5.40    21.53

SNOWFALL (IN)
  YESTERDAY        0.0           0.0  2002   0.0    0.0      0.0
                                      2001
  MONTH TO DATE    0.0                       0.0    0.0      0.0
  SINCE JUN 1      0.0                       0.0    0.0      0.0
  SINCE JUL 1      0.0                       0.0    0.0      0.0
  SNOW DEPTH       0

DEGREE DAYS
 HEATING
  YESTERDAY        0                         0      0        0
  MONTH TO DATE    0                         0      0        0
  SINCE JUN 1     27                        33     -6        9
  SINCE JUL 1      0                         0      0        0

 COOLING
  YESTERDAY        7                         9     -2       13
  MONTH TO DATE  298                       226     72      308
  SINCE JUN 1    506                       381    125      506
  SINCE JAN 1    566                       426    140      593
..................................................................


WIND (MPH)
  HIGHEST WIND SPEED    12   HIGHEST WIND DIRECTION     E (80)
  HIGHEST GUST SPEED    15   HIGHEST GUST DIRECTION    SE (150)
  AVERAGE WIND SPEED     4.5


SKY COVER
  POSSIBLE SUNSHINE  MM
  AVERAGE SKY COVER 0.9


WEATHER CONDITIONS
 THE FOLLOWING WEATHER WAS RECORDED YESTERDAY.
  HEAVY RAIN
  RAIN
  LIGHT RAIN
  FOG


RELATIVE HUMIDITY (PERCENT)
 HIGHEST    93           200 AM
 LOWEST     54           300 PM
 AVERAGE    74

..........................................................


THE ALLENTOWN PA CLIMATE NORMALS FOR TODAY
                         NORMAL    RECORD    YEAR
 MAXIMUM TEMPERATURE (F)   84        98      1955
 MINIMUM TEMPERATURE (F)   63        52      1962
                                             1946


SUNRISE AND SUNSET
JULY 27 2017..........SUNRISE   554 AM EDT   SUNSET   822 PM EDT
JULY 28 2017..........SUNRISE   555 AM EDT   SUNSET   821 PM EDT


-  INDICATES NEGATIVE NUMBERS.
R  INDICATES RECORD WAS SET OR TIED.
MM INDICATES DATA IS MISSING.
T  INDICATES TRACE AMOUNT.




$$
