000
CDUS41 KPHI 310639
CLIABE


CLIMATE REPORT
NATIONAL WEATHER SERVICE MOUNT HOLLY NJ
239 AM EDT FRI JUL 31 2015


...................................

...THE ALLENTOWN PA CLIMATE SUMMARY FOR JULY 30 2015...

CLIMATE NORMAL PERIOD 1981 TO 2010
CLIMATE RECORD PERIOD 1922 TO 2015


WEATHER ITEM   OBSERVED TIME   RECORD YEAR NORMAL DEPARTURE LAST
                VALUE   (LST)  VALUE       VALUE  FROM      YEAR
                                                  NORMAL
..................................................................
TEMPERATURE (F)
 YESTERDAY
  MAXIMUM         85   1210 PM  97    1940  84      1       78
  MINIMUM         70   1159 PM  50    1997  63      7       51
                                      1968
  AVERAGE         78                        73      5       65

PRECIPITATION (IN)
  YESTERDAY        1.35          2.76 1926   0.16   1.19     0.00
  MONTH TO DATE    5.43                      4.79   0.64     4.32
  SINCE JUN 1     13.02                      9.10   3.92     9.72
  SINCE JAN 1     24.63                     25.92  -1.29    32.02

SNOWFALL (IN)
  YESTERDAY        0.0           0.0  2002   0.0    0.0      0.0
                                      2001
  MONTH TO DATE    0.0                       0.0    0.0      0.0
  SINCE JUN 1      0.0                       0.0    0.0      0.0
  SINCE JUL 1      0.0                       0.0    0.0      0.0
  SNOW DEPTH       0

DEGREE DAYS
 HEATING
  YESTERDAY        0                         0      0        0
  MONTH TO DATE    0                         0      0        0
  SINCE JUN 1     21                        33    -12        4
  SINCE JUL 1      0                         0      0        0

 COOLING
  YESTERDAY       13                         8      5        0
  MONTH TO DATE  298                       260     38      273
  SINCE JUN 1    497                       415     82      455
  SINCE JAN 1    630                       460    170      494
..................................................................


WIND (MPH)
  HIGHEST WIND SPEED    18   HIGHEST WIND DIRECTION     W (260)
  HIGHEST GUST SPEED    25   HIGHEST GUST DIRECTION     W (250)
  AVERAGE WIND SPEED     5.8


SKY COVER
  POSSIBLE SUNSHINE  MM
  AVERAGE SKY COVER 0.5


WEATHER CONDITIONS
 THE FOLLOWING WEATHER WAS RECORDED YESTERDAY.
  THUNDERSTORM
  HEAVY RAIN
  RAIN
  LIGHT RAIN
  FOG
  FOG W/VISIBILITY <= 1/4 MILE
  HAZE


RELATIVE HUMIDITY (PERCENT)
 HIGHEST    90          1000 PM
 LOWEST     74          1000 AM
 AVERAGE    82

..........................................................


THE ALLENTOWN PA CLIMATE NORMALS FOR TODAY
                         NORMAL    RECORD    YEAR
 MAXIMUM TEMPERATURE (F)   84       101      1954
 MINIMUM TEMPERATURE (F)   63        51      1936


SUNRISE AND SUNSET
JULY 31 2015..........SUNRISE   557 AM EDT   SUNSET   818 PM EDT
AUGUST  1 2015........SUNRISE   558 AM EDT   SUNSET   817 PM EDT


-  INDICATES NEGATIVE NUMBERS.
R  INDICATES RECORD WAS SET OR TIED.
MM INDICATES DATA IS MISSING.
T  INDICATES TRACE AMOUNT.




$$
