000
CDUS41 KPHI 290629
CLIABE


CLIMATE REPORT
NATIONAL WEATHER SERVICE MOUNT HOLLY NJ
227 AM EDT MON MAY 29 2017


...................................

...THE ALLENTOWN PA CLIMATE SUMMARY FOR MAY 28 2017...

CLIMATE NORMAL PERIOD 1981 TO 2010
CLIMATE RECORD PERIOD 1922 TO 2017


WEATHER ITEM   OBSERVED TIME   RECORD YEAR NORMAL DEPARTURE LAST
                VALUE   (LST)  VALUE       VALUE  FROM      YEAR
                                                  NORMAL
..................................................................
TEMPERATURE (F)
 YESTERDAY
  MAXIMUM         79   1223 PM  93    1941  75      4       92
  MINIMUM         51    425 AM  38    1997  52     -1       67
  AVERAGE         65                        64      1       80

PRECIPITATION (IN)
  YESTERDAY        0.01          1.97 1982   0.14  -0.13     0.00
  MONTH TO DATE    3.82                      3.70   0.12     3.26
  SINCE MAR 1     11.70                     10.65   1.05     6.01
  SINCE JAN 1     16.79                     16.38   0.41    15.04

SNOWFALL (IN)
  YESTERDAY        0.0           0.0    MM   0.0    0.0      0.0
  MONTH TO DATE    0.0                       0.0    0.0      0.0
  SINCE MAR 1     18.3                       5.9   12.4      0.3
  SINCE JUL 1     28.3                      32.9   -4.6     36.2
  SNOW DEPTH       0

DEGREE DAYS
 HEATING
  YESTERDAY        0                         4     -4        0
  MONTH TO DATE  183                       189     -6      194
  SINCE MAR 1   1276                      1450   -174     1199
  SINCE JUL 1   4778                      5759   -981     4656

 COOLING
  YESTERDAY        0                         2     -2       15
  MONTH TO DATE   36                        30      6       44
  SINCE MAR 1     55                        35     20       53
  SINCE JAN 1     55                        35     20       53
..................................................................


WIND (MPH)
  HIGHEST WIND SPEED    15   HIGHEST WIND DIRECTION     E (110)
  HIGHEST GUST SPEED    22   HIGHEST GUST DIRECTION    SE (140)
  AVERAGE WIND SPEED     6.2


SKY COVER
  POSSIBLE SUNSHINE  MM
  AVERAGE SKY COVER 0.5


WEATHER CONDITIONS
 THE FOLLOWING WEATHER WAS RECORDED YESTERDAY.
  LIGHT RAIN
  FOG


RELATIVE HUMIDITY (PERCENT)
 HIGHEST    93           100 AM
 LOWEST     42          1200 PM
 AVERAGE    68

..........................................................


THE ALLENTOWN PA CLIMATE NORMALS FOR TODAY
                         NORMAL    RECORD    YEAR
 MAXIMUM TEMPERATURE (F)   75        95      1969
 MINIMUM TEMPERATURE (F)   53        38      1949


SUNRISE AND SUNSET
MAY 29 2017...........SUNRISE   534 AM EDT   SUNSET   824 PM EDT
MAY 30 2017...........SUNRISE   534 AM EDT   SUNSET   825 PM EDT


-  INDICATES NEGATIVE NUMBERS.
R  INDICATES RECORD WAS SET OR TIED.
MM INDICATES DATA IS MISSING.
T  INDICATES TRACE AMOUNT.




$$
