000
CDUS41 KPHI 250628
CLIABE


CLIMATE REPORT
NATIONAL WEATHER SERVICE MOUNT HOLLY NJ
126 AM EST SAT FEB 25 2017


...................................

...THE ALLENTOWN PA CLIMATE SUMMARY FOR FEBRUARY 24 2017...

CLIMATE NORMAL PERIOD 1981 TO 2010
CLIMATE RECORD PERIOD 1922 TO 2017


WEATHER ITEM   OBSERVED TIME   RECORD YEAR NORMAL DEPARTURE LAST
                VALUE   (LST)  VALUE       VALUE  FROM      YEAR
                                                  NORMAL
..................................................................
TEMPERATURE (F)
 YESTERDAY
  MAXIMUM         77R   145 PM  76    1985  42     35       65
  MINIMUM         47    712 AM  -8    2015  23     24       36
  AVERAGE         62                        33     29       51

PRECIPITATION (IN)
  YESTERDAY        0.00          2.77 2016   0.10  -0.10     2.77
  MONTH TO DATE    1.20                      2.31  -1.11     5.66
  SINCE DEC 1      7.02                      8.92  -1.90    13.03
  SINCE JAN 1      4.59                      5.34  -0.75     8.83

SNOWFALL (IN)
  YESTERDAY        0.0           6.6  1966   0.4   -0.4      0.0
  MONTH TO DATE    7.1                       9.9   -2.8      3.6
  SINCE DEC 1     10.0                      25.1  -15.1     35.9
  SINCE JUL 1     10.0                      25.8  -15.8     35.9
  SNOW DEPTH       0

DEGREE DAYS
 HEATING
  YESTERDAY        3                        32    -29       14
  MONTH TO DATE  635                       832   -197      766
  SINCE DEC 1   2515                      3002   -487     2453
  SINCE JUL 1   3420                      4182   -762     3335

 COOLING
  YESTERDAY        0                         0      0        0
  MONTH TO DATE    0                         0      0        0
  SINCE DEC 1      0                         0      0        0
  SINCE JAN 1      0                         0      0        0
..................................................................


WIND (MPH)
  HIGHEST WIND SPEED    20   HIGHEST WIND DIRECTION     S (180)
  HIGHEST GUST SPEED    25   HIGHEST GUST DIRECTION     S (190)
  AVERAGE WIND SPEED     8.6


SKY COVER
  POSSIBLE SUNSHINE  MM
  AVERAGE SKY COVER 0.1


WEATHER CONDITIONS
 THE FOLLOWING WEATHER WAS RECORDED YESTERDAY.
  FOG


RELATIVE HUMIDITY (PERCENT)
 HIGHEST    89           800 AM
 LOWEST     41           300 PM
 AVERAGE    65

..........................................................


THE ALLENTOWN PA CLIMATE NORMALS FOR TODAY
                         NORMAL    RECORD    YEAR
 MAXIMUM TEMPERATURE (F)   43        74      1930
 MINIMUM TEMPERATURE (F)   24         3      1964


SUNRISE AND SUNSET
FEBRUARY 25 2017......SUNRISE   641 AM EST   SUNSET   549 PM EST
FEBRUARY 26 2017......SUNRISE   640 AM EST   SUNSET   550 PM EST


-  INDICATES NEGATIVE NUMBERS.
R  INDICATES RECORD WAS SET OR TIED.
MM INDICATES DATA IS MISSING.
T  INDICATES TRACE AMOUNT.




$$
