000
CDUS41 KPHI 282129
CLIABE


CLIMATE REPORT
NATIONAL WEATHER SERVICE MOUNT HOLLY NJ
529 PM EDT THU JUL 28 2016


...................................

...THE ALLENTOWN PA CLIMATE SUMMARY FOR JULY 28 2016...
VALID TODAY AS OF 0500 PM LOCAL TIME.

CLIMATE NORMAL PERIOD 1981 TO 2010
CLIMATE RECORD PERIOD 1922 TO 2016


WEATHER ITEM   OBSERVED TIME   RECORD YEAR NORMAL DEPARTURE LAST
                VALUE   (LST)  VALUE       VALUE  FROM      YEAR
                                                  NORMAL
..................................................................
TEMPERATURE (F)
 TODAY
  MAXIMUM         94    116 PM  97    1949  84     10       92
                                      1941
  MINIMUM         64    431 AM  52    1962  63      1       67
  AVERAGE         79                        74      5       80

PRECIPITATION (IN)
  TODAY            0.45          3.00 1969   0.16   0.29     0.00
  MONTH TO DATE    4.28                      4.48  -0.20     4.08
  SINCE JUN 1      6.15                      8.79  -2.64    11.67
  SINCE JAN 1     21.98                     25.61  -3.63    23.28

SNOWFALL (IN)
  TODAY            0.0           0.0  2002   0.0    0.0      0.0
                                      2001
  MONTH TO DATE    0.0                       0.0    0.0      0.0
  SINCE JUN 1      0.0                       0.0    0.0      0.0
  SINCE JUL 1      0.0                       0.0    0.0      0.0
  SNOW DEPTH       0

DEGREE DAYS
 HEATING
  TODAY            0                         0      0        0
  MONTH TO DATE    0                         0      0        0
  SINCE JUN 1      9                        33    -24       21
  SINCE JUL 1      0                         0      0        0

 COOLING
  TODAY           14                         9      5       15
  MONTH TO DATE  337                       244     93      270
  SINCE JUN 1    535                       399    136      469
  SINCE JAN 1    622                       444    178      602
..................................................................


WIND (MPH)
  HIGHEST WIND SPEED    15   HIGHEST WIND DIRECTION    NW (330)
  HIGHEST GUST SPEED    18   HIGHEST GUST DIRECTION    SW (210)
  AVERAGE WIND SPEED     2.1


SKY COVER
  POSSIBLE SUNSHINE  MM
  AVERAGE SKY COVER 0.3


WEATHER CONDITIONS
 THE FOLLOWING WEATHER WAS RECORDED TODAY.
  THUNDERSTORM
  HEAVY RAIN
  RAIN
  LIGHT RAIN


RELATIVE HUMIDITY (PERCENT)
 HIGHEST    93           500 AM
 LOWEST     44           200 PM
 AVERAGE    69

..........................................................


THE ALLENTOWN PA CLIMATE NORMALS FOR TOMORROW
                         NORMAL    RECORD    YEAR
 MAXIMUM TEMPERATURE (F)   84        96      1954
 MINIMUM TEMPERATURE (F)   63        53      1928


SUNRISE AND SUNSET
JULY 28 2016..........SUNRISE   555 AM EDT   SUNSET   821 PM EDT
JULY 29 2016..........SUNRISE   556 AM EDT   SUNSET   820 PM EDT


-  INDICATES NEGATIVE NUMBERS.
R  INDICATES RECORD WAS SET OR TIED.
MM INDICATES DATA IS MISSING.
T  INDICATES TRACE AMOUNT.




$$
