000
CDUS41 KPHI 262135
CLIABE


CLIMATE REPORT
NATIONAL WEATHER SERVICE MOUNT HOLLY NJ
534 PM EDT THU MAY 26 2016


...................................

...THE ALLENTOWN PA CLIMATE SUMMARY FOR MAY 26 2016...
VALID TODAY AS OF 0500 PM LOCAL TIME.

CLIMATE NORMAL PERIOD 1981 TO 2010
CLIMATE RECORD PERIOD 1922 TO 2016


WEATHER ITEM   OBSERVED TIME   RECORD YEAR NORMAL DEPARTURE LAST
                VALUE   (LST)  VALUE       VALUE  FROM      YEAR
                                                  NORMAL
..................................................................
TEMPERATURE (F)
 TODAY
  MAXIMUM         90    247 PM  92    2010  75     15       90
  MINIMUM         56    425 AM  39    1956  52      4       59
  AVERAGE         73                        63     10       75

PRECIPITATION (IN)
  TODAY            0.00          1.40 2001   0.14  -0.14     0.00
  MONTH TO DATE    3.09                      3.42  -0.33     0.09
  SINCE MAR 1      5.84                     10.37  -4.53     6.33
  SINCE JAN 1     14.87                     16.10  -1.23    10.88

SNOWFALL (IN)
  TODAY            0.0           0.0    MM   0.0    0.0      0.0
  MONTH TO DATE    0.0                       0.0    0.0      0.0
  SINCE MAR 1      0.3                       5.9   -5.6     17.8
  SINCE JUL 1     36.2                      32.9    3.3     50.1
  SNOW DEPTH       0

DEGREE DAYS
 HEATING
  TODAY            0                         4     -4        0
  MONTH TO DATE  194                       181     13       81
  SINCE MAR 1   1199                      1442   -243     1447
  SINCE JUL 1   4656                      5751  -1095     5928

 COOLING
  TODAY            8                         2      6       10
  MONTH TO DATE   16                        26    -10       80
  SINCE MAR 1     25                        31     -6       80
  SINCE JAN 1     25                        31     -6       80
..................................................................


WIND (MPH)
  HIGHEST WIND SPEED    14   HIGHEST WIND DIRECTION    SW (220)
  HIGHEST GUST SPEED    24   HIGHEST GUST DIRECTION    SW (230)
  AVERAGE WIND SPEED     3.9


SKY COVER
  POSSIBLE SUNSHINE  MM
  AVERAGE SKY COVER 0.1


WEATHER CONDITIONS
 THE FOLLOWING WEATHER WAS RECORDED TODAY.
  FOG
  HAZE


RELATIVE HUMIDITY (PERCENT)
 HIGHEST    86           500 AM
 LOWEST     27          1200 PM
 AVERAGE    57

..........................................................


THE ALLENTOWN PA CLIMATE NORMALS FOR TOMORROW
                         NORMAL    RECORD    YEAR
 MAXIMUM TEMPERATURE (F)   75        91      1991
                                             1965
 MINIMUM TEMPERATURE (F)   52        38      1972


SUNRISE AND SUNSET
MAY 26 2016...........SUNRISE   536 AM EDT   SUNSET   822 PM EDT
MAY 27 2016...........SUNRISE   535 AM EDT   SUNSET   823 PM EDT


-  INDICATES NEGATIVE NUMBERS.
R  INDICATES RECORD WAS SET OR TIED.
MM INDICATES DATA IS MISSING.
T  INDICATES TRACE AMOUNT.




$$
