000
CDUS44 KSJT 290723
CLIABI


CLIMATE REPORT
NATIONAL WEATHER SERVICE SAN ANGELO TX
222 AM CDT THU SEP 29 2016


...................................

...THE ABILENE CLIMATE SUMMARY FOR SEPTEMBER 28 2016...

CLIMATE NORMAL PERIOD 1981 TO 2010
CLIMATE RECORD PERIOD 1886 TO 2016


WEATHER ITEM   OBSERVED TIME   RECORD YEAR NORMAL DEPARTURE LAST
                VALUE   (LST)  VALUE       VALUE  FROM      YEAR
                                                  NORMAL
..................................................................
TEMPERATURE (F)
 YESTERDAY
  MAXIMUM         86    346 PM 102    2005  83      3       90
                                      1953
  MINIMUM         54    647 AM  40    1996  60     -6       61
                                      1908
  AVERAGE         70                        71     -1       76

PRECIPITATION (IN)
  YESTERDAY        0.00          2.64 1895   0.07  -0.07     0.00
  MONTH TO DATE    5.59                      2.10   3.49     1.09
  SINCE SEP 1      5.59                      2.10   3.49     1.09
  SINCE JAN 1     32.70                     19.06  13.64    26.26

DEGREE DAYS
 HEATING
  YESTERDAY        0                         1     -1        0
  MONTH TO DATE    0                         9     -9        0
  SINCE SEP 1      0                         9     -9        0
  SINCE JUL 1      0                         9     -9        0

 COOLING
  YESTERDAY        5                         7     -2       11
  MONTH TO DATE  349                       313     36      450
  SINCE SEP 1    349                       313     36      450
  SINCE JAN 1   2348                      2258     90     2535
..................................................................


WIND (MPH)
  HIGHEST WIND SPEED     8   HIGHEST WIND DIRECTION     E (90)
  HIGHEST GUST SPEED    10   HIGHEST GUST DIRECTION     W (280)
  AVERAGE WIND SPEED     3.5


SKY COVER
  POSSIBLE SUNSHINE  MM
  AVERAGE SKY COVER 0.0


WEATHER CONDITIONS
 THE FOLLOWING WEATHER WAS RECORDED YESTERDAY.
  HAZE


RELATIVE HUMIDITY (PERCENT)
 HIGHEST    86           100 AM
 LOWEST     25           500 PM
 AVERAGE    56

..........................................................


THE ABILENE CLIMATE NORMALS FOR TODAY
                         NORMAL    RECORD    YEAR
 MAXIMUM TEMPERATURE (F)   82       100      2011
                                             1977
 MINIMUM TEMPERATURE (F)   60        43      1945


SUNRISE AND SUNSET
SEPTEMBER 29 2016.....SUNRISE   732 AM CDT   SUNSET   725 PM CDT
SEPTEMBER 30 2016.....SUNRISE   732 AM CDT   SUNSET   724 PM CDT


-  INDICATES NEGATIVE NUMBERS.
R  INDICATES RECORD WAS SET OR TIED.
MM INDICATES DATA IS MISSING.
T  INDICATES TRACE AMOUNT.




$$
