000
CDUS44 KSJT 040752
CLIABI


CLIMATE REPORT
NATIONAL WEATHER SERVICE SAN ANGELO TX
151 AM CST WED MAR 4 2015


...................................

...THE ABILENE CLIMATE SUMMARY FOR MARCH 3 2015...

CLIMATE NORMAL PERIOD 1981 TO 2010
CLIMATE RECORD PERIOD 1886 TO 2015


WEATHER ITEM   OBSERVED TIME   RECORD YEAR NORMAL DEPARTURE LAST
                VALUE   (LST)  VALUE       VALUE  FROM      YEAR
                                                  NORMAL
..................................................................
TEMPERATURE (F)
 YESTERDAY
  MAXIMUM         58    459 PM  90    1974  65     -7       35
                                      1902
  MINIMUM         37   1229 AM  11    2014  41     -4       11
                                      1943
  AVERAGE         48                        53     -5       23

PRECIPITATION (IN)
  YESTERDAY        T             1.42 1981   0.05  -0.05      T
  MONTH TO DATE    0.01                      0.16  -0.15     0.03
  SINCE MAR 1      0.01                      0.16  -0.15     0.03
  SINCE JAN 1      3.52                      2.54   0.98     0.52

SNOWFALL (IN)
  YESTERDAY        0.0           1.0  1978   0.0    0.0       T
  MONTH TO DATE    0.0                       0.0    0.0       T
  SINCE NOV 1      3.1                       4.1   -1.0      3.1
  SINCE JUL 1      3.1                       4.1   -1.0      3.1

DEGREE DAYS
 HEATING
  YESTERDAY       17                        13      4       42
  MONTH TO DATE   82                        39     43       83
  SINCE MAR 1     82                        39     43       83
  SINCE JUL 1   2159                      2172    -13     2445

 COOLING
  YESTERDAY        0                         0      0        0
  MONTH TO DATE    0                         0      0        0
  SINCE MAR 1      0                         0      0        0
  SINCE JAN 1      4                         5     -1        5
..................................................................


WIND (MPH)
  HIGHEST WIND SPEED    23   HIGHEST WIND DIRECTION    SW (210)
  HIGHEST GUST SPEED    28   HIGHEST GUST DIRECTION    SW (220)
  AVERAGE WIND SPEED     6.9


SKY COVER
  POSSIBLE SUNSHINE  MM
  AVERAGE SKY COVER 0.7


WEATHER CONDITIONS
 THE FOLLOWING WEATHER WAS RECORDED YESTERDAY.
  LIGHT RAIN
  FOG


RELATIVE HUMIDITY (PERCENT)
 HIGHEST   100           200 AM
 LOWEST     72           300 PM
 AVERAGE    86

..........................................................


THE ABILENE CLIMATE NORMALS FOR TODAY
                         NORMAL    RECORD    YEAR
 MAXIMUM TEMPERATURE (F)   65        89      1955
                                             1938
 MINIMUM TEMPERATURE (F)   41        16      1917


SUNRISE AND SUNSET
MARCH  4 2015.........SUNRISE   703 AM CST   SUNSET   638 PM CST
MARCH  5 2015.........SUNRISE   702 AM CST   SUNSET   639 PM CST


-  INDICATES NEGATIVE NUMBERS.
R  INDICATES RECORD WAS SET OR TIED.
MM INDICATES DATA IS MISSING.
T  INDICATES TRACE AMOUNT.


$$
