000
CDUS44 KSJT 220756
CLIABI


CLIMATE REPORT
NATIONAL WEATHER SERVICE SAN ANGELO TX
155 AM CST THU FEB 22 2018


...................................

...THE ABILENE CLIMATE SUMMARY FOR FEBRUARY 21 2018...

CLIMATE NORMAL PERIOD 1981 TO 2010
CLIMATE RECORD PERIOD 1886 TO 2018


WEATHER ITEM   OBSERVED TIME   RECORD YEAR NORMAL DEPARTURE LAST
                VALUE   (LST)  VALUE       VALUE  FROM      YEAR
                                                  NORMAL
..................................................................
TEMPERATURE (F)
 YESTERDAY
  MAXIMUM         35    659 AM  92    1996  62    -27       76
  MINIMUM         24    737 PM  15    1939  38    -14       41
  AVERAGE         30                        50    -20       59

PRECIPITATION (IN)
  YESTERDAY        1.10R         0.75 1994   0.05   1.05     0.00
  MONTH TO DATE    2.40                      1.00   1.40     1.45
  SINCE DEC 1      3.45                      3.25   0.20     4.77
  SINCE JAN 1      2.40                      2.02   0.38     3.38

SNOWFALL (IN)
  YESTERDAY        0.5           1.5  1966   0.0    0.5      0.0
  MONTH TO DATE    0.5                       0.6   -0.1      0.0
  SINCE NOV 1      0.5                       3.9   -3.4       T
  SINCE JUL 1      0.5                       3.9   -3.4       T

DEGREE DAYS
 HEATING
  YESTERDAY       35                        15     20        6
  MONTH TO DATE  387                       364     23      231
  SINCE DEC 1   1700                      1600    100     1345
  SINCE JUL 1   2095                      2033     62     1536

 COOLING
  YESTERDAY        0                         0      0        0
  MONTH TO DATE   12                         0     12       14
  SINCE DEC 1     13                         2     11       17
  SINCE JAN 1     12                         1     11       17
..................................................................


WIND (MPH)
  HIGHEST WIND SPEED    24   HIGHEST WIND DIRECTION     N (10)
  HIGHEST GUST SPEED    31   HIGHEST GUST DIRECTION     N (350)
  AVERAGE WIND SPEED    16.0


SKY COVER
  POSSIBLE SUNSHINE  MM
  AVERAGE SKY COVER 1.0


WEATHER CONDITIONS
 THE FOLLOWING WEATHER WAS RECORDED YESTERDAY.
  THUNDERSTORM
  FREEZING RAIN
  LT FREEZING RAIN
  SLEET
  FOG


RELATIVE HUMIDITY (PERCENT)
 HIGHEST   100          1100 AM
 LOWEST     92           800 AM
 AVERAGE    96

..........................................................


THE ABILENE CLIMATE NORMALS FOR TODAY
                         NORMAL    RECORD    YEAR
 MAXIMUM TEMPERATURE (F)   62        93      1996
 MINIMUM TEMPERATURE (F)   38        16      1894


SUNRISE AND SUNSET
FEBRUARY 22 2018......SUNRISE   714 AM CST   SUNSET   631 PM CST
FEBRUARY 23 2018......SUNRISE   713 AM CST   SUNSET   631 PM CST


-  INDICATES NEGATIVE NUMBERS.
R  INDICATES RECORD WAS SET OR TIED.
MM INDICATES DATA IS MISSING.
T  INDICATES TRACE AMOUNT.




$$
