000
CDUS44 KSJT 260751
CLIABI


CLIMATE REPORT
NATIONAL WEATHER SERVICE SAN ANGELO TX
250 AM CDT WED APR 26 2017


...................................

...THE ABILENE CLIMATE SUMMARY FOR APRIL 25 2017...

CLIMATE NORMAL PERIOD 1981 TO 2010
CLIMATE RECORD PERIOD 1886 TO 2017


WEATHER ITEM   OBSERVED TIME   RECORD YEAR NORMAL DEPARTURE LAST
                VALUE   (LST)  VALUE       VALUE  FROM      YEAR
                                                  NORMAL
..................................................................
TEMPERATURE (F)
 YESTERDAY
  MAXIMUM         95    223 PM 104    2012  80     15       88
  MINIMUM         65    630 AM  38    1913  55     10       64
                                      1910
                                      1887
  AVERAGE         80                        67     13       76

PRECIPITATION (IN)
  YESTERDAY        0.00          2.50 1922   0.06  -0.06     0.00
  MONTH TO DATE    1.32                      1.28   0.04     5.66
  SINCE MAR 1      1.74                      3.02  -1.28     7.97
  SINCE JAN 1      5.12                      5.40  -0.28     8.69

SNOWFALL (IN)
  YESTERDAY        0.0           0.0  2000   0.0    0.0      0.0
  MONTH TO DATE    0.0                       0.3   -0.3      0.0
  SINCE NOV 1      T                         4.7   -4.7      5.1
  SINCE JUL 1      T                         4.7   -4.7      5.1

DEGREE DAYS
 HEATING
  YESTERDAY        0                         2     -2        0
  MONTH TO DATE   64                       103    -39       78
  SINCE MAR 1    210                       401   -191      265
  SINCE JUL 1   1791                      2534   -743     2019

 COOLING
  YESTERDAY       15                         4     11       11
  MONTH TO DATE   92                        74     18       47
  SINCE MAR 1    176                       103     73       65
  SINCE JAN 1    207                       108     99       79
..................................................................


WIND (MPH)
  HIGHEST WIND SPEED    25   HIGHEST WIND DIRECTION    SW (240)
  HIGHEST GUST SPEED    35   HIGHEST GUST DIRECTION     S (200)
  AVERAGE WIND SPEED    15.9


SKY COVER
  POSSIBLE SUNSHINE  MM
  AVERAGE SKY COVER 0.0


WEATHER CONDITIONS
 THE FOLLOWING WEATHER WAS RECORDED YESTERDAY.
  NO SIGNIFICANT WEATHER WAS OBSERVED.


RELATIVE HUMIDITY (PERCENT)
 HIGHEST    67           600 AM
 LOWEST     13           300 PM
 AVERAGE    40

..........................................................


THE ABILENE CLIMATE NORMALS FOR TODAY
                         NORMAL    RECORD    YEAR
 MAXIMUM TEMPERATURE (F)   80        96      2012
                                             1984
                                             1971
 MINIMUM TEMPERATURE (F)   55        37      1907


SUNRISE AND SUNSET
APRIL 26 2017.........SUNRISE   657 AM CDT   SUNSET   817 PM CDT
APRIL 27 2017.........SUNRISE   656 AM CDT   SUNSET   817 PM CDT


-  INDICATES NEGATIVE NUMBERS.
R  INDICATES RECORD WAS SET OR TIED.
MM INDICATES DATA IS MISSING.
T  INDICATES TRACE AMOUNT.




$$
