000
CDUS44 KSJT 270751
CLIABI


CLIMATE REPORT
NATIONAL WEATHER SERVICE SAN ANGELO TX
150 AM CST SAT DEC 27 2014


...................................

...THE ABILENE CLIMATE SUMMARY FOR DECEMBER 26 2014...

CLIMATE NORMAL PERIOD 1981 TO 2010
CLIMATE RECORD PERIOD 1886 TO 2014


WEATHER ITEM   OBSERVED TIME   RECORD YEAR NORMAL DEPARTURE LAST
                VALUE   (LST)  VALUE       VALUE  FROM      YEAR
                                                  NORMAL
..................................................................
TEMPERATURE (F)
 YESTERDAY
  MAXIMUM         69    410 PM  81    2005  56     13       55
  MINIMUM         48   1159 PM  16    1983  33     15       24
  AVERAGE         59                        44     15       40

PRECIPITATION (IN)
  YESTERDAY        0.00          0.61 2000   0.04  -0.04     0.00
  MONTH TO DATE    0.28                      1.04  -0.76     1.11
  SINCE DEC 1      0.28                      1.04  -0.76     1.11
  SINCE JAN 1     14.77                     24.63  -9.86    23.19

SNOWFALL (IN)
  YESTERDAY        0.0           T    2007   0.1   -0.1      0.0
                                      1987
  MONTH TO DATE    0.0                       0.9   -0.9      0.8
  SINCE NOV 1      0.1                       1.6   -1.5      1.3
  SINCE JUL 1      0.1                       1.6   -1.5      1.3

DEGREE DAYS
 HEATING
  YESTERDAY        6                        21    -15       25
  MONTH TO DATE  305                       507   -202      573
  SINCE DEC 1    305                       507   -202      573
  SINCE JUL 1    722                       940   -218     1045

 COOLING
  YESTERDAY        0                         0      0        0
  MONTH TO DATE    0                         0      0        1
  SINCE DEC 1      0                         0      0        1
  SINCE JAN 1   2819                      2408    411     2723
..................................................................


WIND (MPH)
  HIGHEST WIND SPEED    28   HIGHEST WIND DIRECTION     S (180)
  HIGHEST GUST SPEED    36   HIGHEST GUST DIRECTION     S (180)
  AVERAGE WIND SPEED    15.9


SKY COVER
  POSSIBLE SUNSHINE  MM
  AVERAGE SKY COVER 0.0


WEATHER CONDITIONS
 THE FOLLOWING WEATHER WAS RECORDED YESTERDAY.
  NO SIGNIFICANT WEATHER WAS OBSERVED.


RELATIVE HUMIDITY (PERCENT)
 HIGHEST    74           700 AM
 LOWEST     37           400 PM
 AVERAGE    56

..........................................................


THE ABILENE CLIMATE NORMALS FOR TODAY
                         NORMAL    RECORD    YEAR
 MAXIMUM TEMPERATURE (F)   56        77      2005
                                             1996
                                             1946
 MINIMUM TEMPERATURE (F)   33        10      1886


SUNRISE AND SUNSET
DECEMBER 27 2014......SUNRISE   739 AM CST   SUNSET   541 PM CST
DECEMBER 28 2014......SUNRISE   739 AM CST   SUNSET   542 PM CST


-  INDICATES NEGATIVE NUMBERS.
R  INDICATES RECORD WAS SET OR TIED.
MM INDICATES DATA IS MISSING.
T  INDICATES TRACE AMOUNT.




$$
