533
CDUS44 KSJT 052331
CLIABI


CLIMATE REPORT
NATIONAL WEATHER SERVICE SAN ANGELO TX
530 PM CST FRI FEB 5 2016


...................................

...THE ABILENE CLIMATE SUMMARY FOR FEBRUARY 5 2016...
VALID TODAY AS OF 0500 PM LOCAL TIME.

CLIMATE NORMAL PERIOD 1981 TO 2010
CLIMATE RECORD PERIOD 1886 TO 2016


WEATHER ITEM   OBSERVED TIME   RECORD YEAR NORMAL DEPARTURE LAST
                VALUE   (LST)  VALUE       VALUE  FROM      YEAR
                                                  NORMAL
..................................................................
TEMPERATURE (F)
 TODAY
  MAXIMUM         59    335 PM  83    1925  59      0       38
  MINIMUM         34    453 AM   9    1989  35     -1       27
  AVERAGE         47                        47      0       33

PRECIPITATION (IN)
  TODAY            0.00          0.76 1987   0.04  -0.04     0.00
  MONTH TO DATE    0.00                      0.21  -0.21     0.00
  SINCE DEC 1      2.24                      2.46  -0.22     2.30
  SINCE JAN 1      0.04                      1.23  -1.19     1.77

SNOWFALL (IN)
  TODAY            0.0           4.5  1979   0.0    0.0      0.0
  MONTH TO DATE    0.0                       0.1   -0.1      0.0
  SINCE NOV 1      5.1                       3.4    1.7      0.1
  SINCE JUL 1      5.1                       3.4    1.7      0.1

DEGREE DAYS
 HEATING
  TODAY           18                        18      0       32
  MONTH TO DATE   90                        94     -4      115
  SINCE DEC 1   1154                      1330   -176     1244
  SINCE JUL 1   1497                      1763   -266     1661

 COOLING
  TODAY            0                         0      0        0
  MONTH TO DATE    0                         0      0        0
  SINCE DEC 1      0                         2     -2        0
  SINCE JAN 1      0                         1     -1        0
..................................................................


WIND (MPH)
  HIGHEST WIND SPEED    25   HIGHEST WIND DIRECTION     S (200)
  HIGHEST GUST SPEED    32   HIGHEST GUST DIRECTION     S (190)
  AVERAGE WIND SPEED    13.6


SKY COVER
  POSSIBLE SUNSHINE  MM
  AVERAGE SKY COVER 0.0


WEATHER CONDITIONS
 THE FOLLOWING WEATHER WAS RECORDED TODAY.
  NO SIGNIFICANT WEATHER WAS OBSERVED.


RELATIVE HUMIDITY (PERCENT)
 HIGHEST    56           500 AM
 LOWEST     25           400 PM
 AVERAGE    41

..........................................................


THE ABILENE CLIMATE NORMALS FOR TOMORROW
                         NORMAL    RECORD    YEAR
 MAXIMUM TEMPERATURE (F)   59        84      1904
 MINIMUM TEMPERATURE (F)   35         9      1989


SUNRISE AND SUNSET
FEBRUARY  5 2016......SUNRISE   730 AM CST   SUNSET   615 PM CST
FEBRUARY  6 2016......SUNRISE   730 AM CST   SUNSET   616 PM CST


-  INDICATES NEGATIVE NUMBERS.
R  INDICATES RECORD WAS SET OR TIED.
MM INDICATES DATA IS MISSING.
T  INDICATES TRACE AMOUNT.




$$
