000
CDUS44 KSJT 042246
CLIABI


CLIMATE REPORT
NATIONAL WEATHER SERVICE SAN ANGELO TX
546 PM CDT WED MAY 4 2016


...................................

...THE ABILENE CLIMATE SUMMARY FOR MAY 4 2016...
VALID TODAY AS OF 0500 PM LOCAL TIME.

CLIMATE NORMAL PERIOD 1981 TO 2010
CLIMATE RECORD PERIOD 1886 TO 2016


WEATHER ITEM   OBSERVED TIME   RECORD YEAR NORMAL DEPARTURE LAST
                VALUE   (LST)  VALUE       VALUE  FROM      YEAR
                                                  NORMAL
..................................................................
TEMPERATURE (F)
 TODAY
  MAXIMUM         80    359 PM 101    1947  82     -2       83
  MINIMUM         50    624 AM  33    1907  58     -8       63
  AVERAGE         65                        70     -5       73

PRECIPITATION (IN)
  TODAY            0.00          2.36 1969   0.08  -0.08      T
  MONTH TO DATE    0.51                      0.34   0.17      T
  SINCE MAR 1      9.06                      3.72   5.34     3.78
  SINCE JAN 1      9.78                      6.10   3.68     7.29

DEGREE DAYS
 HEATING
  TODAY            0                         1     -1        0
  MONTH TO DATE   17                         4     13        0
  SINCE MAR 1    284                       413   -129      389
  SINCE JUL 1   2038                      2546   -508     2466

 COOLING
  TODAY            0                         6     -6        8
  MONTH TO DATE    0                        23    -23       21
  SINCE MAR 1     81                       151    -70      188
  SINCE JAN 1     95                       156    -61      192
..................................................................


WIND (MPH)
  HIGHEST WIND SPEED    17   HIGHEST WIND DIRECTION     N (350)
  HIGHEST GUST SPEED    22   HIGHEST GUST DIRECTION     N (340)
  AVERAGE WIND SPEED     6.1


SKY COVER
  POSSIBLE SUNSHINE  MM
  AVERAGE SKY COVER 0.0


WEATHER CONDITIONS
 THE FOLLOWING WEATHER WAS RECORDED TODAY.
  NO SIGNIFICANT WEATHER WAS OBSERVED.


RELATIVE HUMIDITY (PERCENT)
 HIGHEST   100           100 AM
 LOWEST     26           400 PM
 AVERAGE    63

..........................................................


THE ABILENE CLIMATE NORMALS FOR TOMORROW
                         NORMAL    RECORD    YEAR
 MAXIMUM TEMPERATURE (F)   82       104      2014
 MINIMUM TEMPERATURE (F)   58        41      1979


SUNRISE AND SUNSET
MAY  4 2016...........SUNRISE   649 AM CDT   SUNSET   822 PM CDT
MAY  5 2016...........SUNRISE   648 AM CDT   SUNSET   823 PM CDT


-  INDICATES NEGATIVE NUMBERS.
R  INDICATES RECORD WAS SET OR TIED.
MM INDICATES DATA IS MISSING.
T  INDICATES TRACE AMOUNT.




$$
