816
CDUS44 KSJT 270701
CLIABI


CLIMATE REPORT
NATIONAL WEATHER SERVICE SAN ANGELO TX
201 AM CDT FRI MAY 27 2016


...................................

...THE ABILENE CLIMATE SUMMARY FOR MAY 26 2016...

CLIMATE NORMAL PERIOD 1981 TO 2010
CLIMATE RECORD PERIOD 1886 TO 2016


WEATHER ITEM   OBSERVED TIME   RECORD YEAR NORMAL DEPARTURE LAST
                VALUE   (LST)  VALUE       VALUE  FROM      YEAR
                                                  NORMAL
..................................................................
TEMPERATURE (F)
 YESTERDAY
  MAXIMUM         90    333 PM  99    1896  87      3       91
  MINIMUM         65   1157 PM  48    1901  64      1       60
  AVERAGE         78                        76      2       76

PRECIPITATION (IN)
  YESTERDAY        0.25          2.07 1914   0.13   0.12      T
  MONTH TO DATE    5.72                      2.55   3.17     3.97
  SINCE MAR 1     14.27                      5.93   8.34     7.75
  SINCE JAN 1     14.99                      8.31   6.68    11.26

DEGREE DAYS
 HEATING
  YESTERDAY        0                         0      0        0
  MONTH TO DATE   37                        13     24       12
  SINCE MAR 1    304                       422   -118      401
  SINCE JUL 1   2058                      2555   -497     2478

 COOLING
  YESTERDAY       13                        11      2       11
  MONTH TO DATE  164                       209    -45      177
  SINCE MAR 1    245                       337    -92      344
  SINCE JAN 1    259                       342    -83      348
..................................................................


WIND (MPH)
  HIGHEST WIND SPEED    29   HIGHEST WIND DIRECTION     W (290)
  HIGHEST GUST SPEED    40   HIGHEST GUST DIRECTION     W (280)
  AVERAGE WIND SPEED    14.4


SKY COVER
  POSSIBLE SUNSHINE  MM
  AVERAGE SKY COVER 0.2


WEATHER CONDITIONS
 THE FOLLOWING WEATHER WAS RECORDED YESTERDAY.
  THUNDERSTORM
  RAIN
  LIGHT RAIN
  FOG
  HAZE


RELATIVE HUMIDITY (PERCENT)
 HIGHEST    94          1200 AM
 LOWEST     39           500 AM
 AVERAGE    67

..........................................................


THE ABILENE CLIMATE NORMALS FOR TODAY
                         NORMAL    RECORD    YEAR
 MAXIMUM TEMPERATURE (F)   87       107      2011
 MINIMUM TEMPERATURE (F)   65        47      1901


SUNRISE AND SUNSET
MAY 27 2016...........SUNRISE   634 AM CDT   SUNSET   838 PM CDT
MAY 28 2016...........SUNRISE   634 AM CDT   SUNSET   839 PM CDT


-  INDICATES NEGATIVE NUMBERS.
R  INDICATES RECORD WAS SET OR TIED.
MM INDICATES DATA IS MISSING.
T  INDICATES TRACE AMOUNT.




$$
