000
CDUS44 KSJT 170752
CLIABI


CLIMATE REPORT
NATIONAL WEATHER SERVICE SAN ANGELO TX
251 AM CDT THU AUG 17 2017


...................................

...THE ABILENE CLIMATE SUMMARY FOR AUGUST 16 2017...

CLIMATE NORMAL PERIOD 1981 TO 2010
CLIMATE RECORD PERIOD 1886 TO 2017


WEATHER ITEM   OBSERVED TIME   RECORD YEAR NORMAL DEPARTURE LAST
                VALUE   (LST)  VALUE       VALUE  FROM      YEAR
                                                  NORMAL
..................................................................
TEMPERATURE (F)
 YESTERDAY
  MAXIMUM         93    426 PM 109    1943  94     -1       88
  MINIMUM         73    502 AM  62    2004  72      1       63
                                      1994
  AVERAGE         83                        83      0       76

PRECIPITATION (IN)
  YESTERDAY        T             3.08 1920   0.08  -0.08     0.00
  MONTH TO DATE    3.36                      1.28   2.08     0.65
  SINCE JUN 1      6.08                      6.71  -0.63     4.42
  SINCE JAN 1     13.95                     15.65  -1.70    22.22

DEGREE DAYS
 HEATING
  YESTERDAY        0                         0      0        0
  MONTH TO DATE    0                         0      0        0
  SINCE JUN 1      0                         1     -1        0
  SINCE JUL 1      0                         0      0        0

 COOLING
  YESTERDAY       18                        18      0       11
  MONTH TO DATE  258                       300    -42      344
  SINCE JUN 1   1293                      1296     -3     1475
  SINCE JAN 1   1712                      1693     19     1784
..................................................................


WIND (MPH)
  HIGHEST WIND SPEED    23   HIGHEST WIND DIRECTION     S (190)
  HIGHEST GUST SPEED    32   HIGHEST GUST DIRECTION     S (170)
  AVERAGE WIND SPEED    10.7


SKY COVER
  POSSIBLE SUNSHINE  MM
  AVERAGE SKY COVER 0.2


WEATHER CONDITIONS
 THE FOLLOWING WEATHER WAS RECORDED YESTERDAY.
  LIGHT RAIN


RELATIVE HUMIDITY (PERCENT)
 HIGHEST    93           200 AM
 LOWEST     52           500 PM
 AVERAGE    73

..........................................................


THE ABILENE CLIMATE NORMALS FOR TODAY
                         NORMAL    RECORD    YEAR
 MAXIMUM TEMPERATURE (F)   94       104      1969
                                             1952
 MINIMUM TEMPERATURE (F)   72        61      2004


SUNRISE AND SUNSET
AUGUST 17 2017........SUNRISE   704 AM CDT   SUNSET   821 PM CDT
AUGUST 18 2017........SUNRISE   705 AM CDT   SUNSET   820 PM CDT


-  INDICATES NEGATIVE NUMBERS.
R  INDICATES RECORD WAS SET OR TIED.
MM INDICATES DATA IS MISSING.
T  INDICATES TRACE AMOUNT.




$$
