000
CDUS44 KSJT 310706
CLIABI


CLIMATE REPORT
NATIONAL WEATHER SERVICE SAN ANGELO TX
206 AM CDT THU JUL 31 2014


...................................

...THE ABILENE CLIMATE SUMMARY FOR JULY 30 2014...

CLIMATE NORMAL PERIOD 1981 TO 2010
CLIMATE RECORD PERIOD 1886 TO 2014


WEATHER ITEM   OBSERVED TIME   RECORD YEAR NORMAL DEPARTURE LAST
                VALUE   (LST)  VALUE       VALUE  FROM      YEAR
                                                  NORMAL
..................................................................
TEMPERATURE (F)
 YESTERDAY
  MAXIMUM         98    515 PM 106    1912  95      3       95
  MINIMUM         73    117 AM  63    1972  73      0       78
                                      1971
  AVERAGE         86                        84      2       87

PRECIPITATION (IN)
  YESTERDAY        0.06          1.81 1990   0.06   0.00     0.00
  MONTH TO DATE    2.44                      1.81   0.63     4.44
  SINCE JUN 1      6.19                      5.37   0.82     9.57
  SINCE JAN 1     10.18                     14.31  -4.13    15.79

DEGREE DAYS
 HEATING
  YESTERDAY        0                         0      0        0
  MONTH TO DATE    0                         0      0        0
  SINCE JUN 1      0                         1     -1        0
  SINCE JUL 1      0                         0      0        0

 COOLING
  YESTERDAY       21                        19      2       22
  MONTH TO DATE  570                       543     27      516
  SINCE JUN 1   1037                       978     59     1040
  SINCE JAN 1   1551                      1375    176     1521
..................................................................


WIND (MPH)
  HIGHEST WIND SPEED    23   HIGHEST WIND DIRECTION     S (190)
  HIGHEST GUST SPEED    30   HIGHEST GUST DIRECTION     S (180)
  AVERAGE WIND SPEED    11.5


SKY COVER
  POSSIBLE SUNSHINE  MM
  AVERAGE SKY COVER 0.2


WEATHER CONDITIONS
 THE FOLLOWING WEATHER WAS RECORDED YESTERDAY.
  LIGHT RAIN


RELATIVE HUMIDITY (PERCENT)
 HIGHEST    82           400 AM
 LOWEST     27           400 PM
 AVERAGE    55

..........................................................


THE ABILENE CLIMATE NORMALS FOR TODAY
                         NORMAL    RECORD    YEAR
 MAXIMUM TEMPERATURE (F)   95       105      2012
                                             1986
 MINIMUM TEMPERATURE (F)   73        54      1911


SUNRISE AND SUNSET
JULY 31 2014..........SUNRISE   653 AM CDT   SUNSET   837 PM CDT
AUGUST  1 2014........SUNRISE   653 AM CDT   SUNSET   836 PM CDT


-  INDICATES NEGATIVE NUMBERS.
R  INDICATES RECORD WAS SET OR TIED.
MM INDICATES DATA IS MISSING.
T  INDICATES TRACE AMOUNT.




$$
