000
CDUS44 KSJT 280800
CLIABI


CLIMATE REPORT
NATIONAL WEATHER SERVICE SAN ANGELO TX
158 AM CST WED JAN 28 2015


...................................

...THE ABILENE CLIMATE SUMMARY FOR JANUARY 27 2015...

CLIMATE NORMAL PERIOD 1981 TO 2010
CLIMATE RECORD PERIOD 1886 TO 2015


WEATHER ITEM   OBSERVED TIME   RECORD YEAR NORMAL DEPARTURE LAST
                VALUE   (LST)  VALUE       VALUE  FROM      YEAR
                                                  NORMAL
..................................................................
TEMPERATURE (F)
 YESTERDAY
  MAXIMUM         78    422 PM  84    1975  58     20       40
  MINIMUM         39    726 AM   5    1897  34      5       25
  AVERAGE         59                        46     13       33

PRECIPITATION (IN)
  YESTERDAY        0.00          0.66 1895   0.04  -0.04     0.00
  MONTH TO DATE    1.47                      0.87   0.60      T
  SINCE DEC 1      2.00                      2.10  -0.10     1.11
  SINCE JAN 1      1.47                      0.87   0.60      T

SNOWFALL (IN)
  YESTERDAY        0.0           0.3  1961   0.0    0.0      0.0
  MONTH TO DATE    T                         1.3   -1.3      0.0
  SINCE NOV 1      0.1                       3.1   -3.0      1.3
  SINCE JUL 1      0.1                       3.1   -3.0      1.3

DEGREE DAYS
 HEATING
  YESTERDAY        6                        19    -13       32
  MONTH TO DATE  631                       548     83      534
  SINCE DEC 1   1084                      1160    -76     1232
  SINCE JUL 1   1501                      1593    -92     1704

 COOLING
  YESTERDAY        0                         0      0        0
  MONTH TO DATE    0                         0      0        0
  SINCE DEC 1      0                         1     -1        1
  SINCE JAN 1      0                         0      0        0
..................................................................


WIND (MPH)
  HIGHEST WIND SPEED    12   HIGHEST WIND DIRECTION    SW (220)
  HIGHEST GUST SPEED    14   HIGHEST GUST DIRECTION    SW (210)
  AVERAGE WIND SPEED     4.9


SKY COVER
  POSSIBLE SUNSHINE  MM
  AVERAGE SKY COVER 0.0


WEATHER CONDITIONS
 THE FOLLOWING WEATHER WAS RECORDED YESTERDAY.
  NO SIGNIFICANT WEATHER WAS OBSERVED.


RELATIVE HUMIDITY (PERCENT)
 HIGHEST    79           800 AM
 LOWEST     21           400 PM
 AVERAGE    50

..........................................................


THE ABILENE CLIMATE NORMALS FOR TODAY
                         NORMAL    RECORD    YEAR
 MAXIMUM TEMPERATURE (F)   58        82      1970
 MINIMUM TEMPERATURE (F)   34        10      2014
                                             1895


SUNRISE AND SUNSET
JANUARY 28 2015.......SUNRISE   736 AM CST   SUNSET   608 PM CST
JANUARY 29 2015.......SUNRISE   735 AM CST   SUNSET   609 PM CST


-  INDICATES NEGATIVE NUMBERS.
R  INDICATES RECORD WAS SET OR TIED.
MM INDICATES DATA IS MISSING.
T  INDICATES TRACE AMOUNT.




$$
