000
CDUS45 KABQ 300826
CLIABQ


CLIMATE REPORT
NATIONAL WEATHER SERVICE ALBUQUERQUE NM
225 AM MDT SAT AUG 30 2014


...................................

...THE ALBUQUERQUE  NM CLIMATE SUMMARY FOR AUGUST 29 2014...

CLIMATE NORMAL PERIOD 1981 TO 2010
CLIMATE RECORD PERIOD 1897 TO 2014


WEATHER ITEM   OBSERVED TIME   RECORD YEAR NORMAL DEPARTURE LAST
                VALUE   (LST)  VALUE       VALUE  FROM      YEAR
                                                  NORMAL
..................................................................
TEMPERATURE (F)
 YESTERDAY
  MAXIMUM         85    455 PM  97    1979  86     -1       85
  MINIMUM         62    204 AM  48    1915  63     -1       70
  AVERAGE         74                        75     -1       78

PRECIPITATION (IN)
  YESTERDAY        0.00          0.88 1993   0.04  -0.04
  MONTH TO DATE    1.45                      1.50  -0.05
  SINCE JUN 1      5.05                      3.66   1.39
  SINCE JAN 1      6.06                      6.20  -0.14

SNOWFALL (IN)
  YESTERDAY        0.0
  MONTH TO DATE    0.0
  SINCE JUN 1      0.0
  SINCE JUL 1      0.0
  SNOW DEPTH       0

DEGREE DAYS
 HEATING
  YESTERDAY        0                         0      0        0
  MONTH TO DATE    0                         0      0        0
  SINCE JUN 1      0                         4     -4        0
  SINCE JUL 1      0                         0      0        0

 COOLING
  YESTERDAY        9                        10     -1       13
  MONTH TO DATE  268                       327    -59      367
  SINCE JUN 1   1093                      1040     53     1228
  SINCE JAN 1   1205                      1138     67     1345
..................................................................


WIND (MPH)
  HIGHEST WIND SPEED    16   HIGHEST WIND DIRECTION     W (270)
  HIGHEST GUST SPEED    21   HIGHEST GUST DIRECTION     W (270)
  AVERAGE WIND SPEED     5.5


SKY COVER
  POSSIBLE SUNSHINE  MM
  AVERAGE SKY COVER 0.1


WEATHER CONDITIONS
 THE FOLLOWING WEATHER WAS RECORDED YESTERDAY.
  NO SIGNIFICANT WEATHER WAS OBSERVED.


RELATIVE HUMIDITY (PERCENT)
 HIGHEST    52           200 AM
 LOWEST     18           600 PM
 AVERAGE    35

..........................................................


THE ALBUQUERQUE  NM CLIMATE NORMALS FOR TODAY
                         NORMAL    RECORD    YEAR
 MAXIMUM TEMPERATURE (F)   86        97      2011
 MINIMUM TEMPERATURE (F)   63        47      1915


SUNRISE AND SUNSET
AUGUST 30 2014........SUNRISE   638 AM MDT   SUNSET   736 PM MDT
AUGUST 31 2014........SUNRISE   638 AM MDT   SUNSET   734 PM MDT


-  INDICATES NEGATIVE NUMBERS.
R  INDICATES RECORD WAS SET OR TIED.
MM INDICATES DATA IS MISSING.
T  INDICATES TRACE AMOUNT.




$$
