000
CDUS45 KABQ 240836
CLIABQ


CLIMATE REPORT
NATIONAL WEATHER SERVICE ALBUQUERQUE NM
233 AM MDT THU APR 24 2014


...................................

...THE ALBUQUERQUE  NM CLIMATE SUMMARY FOR APRIL 23 2014...

CLIMATE NORMAL PERIOD 1981 TO 2010
CLIMATE RECORD PERIOD 1897 TO 2014


WEATHER ITEM   OBSERVED TIME   RECORD YEAR NORMAL DEPARTURE LAST
                VALUE   (LST)  VALUE       VALUE  FROM      YEAR
                                                  NORMAL
..................................................................
TEMPERATURE (F)
 YESTERDAY
  MAXIMUM         77    130 PM  85    2002  71      6       69
                                      1943
  MINIMUM         53   1159 PM  24    1895  45      8       40
  AVERAGE         65                        58      7       55

PRECIPITATION (IN)
  YESTERDAY        0.00          1.32 1905   0.02  -0.02
  MONTH TO DATE    0.01                      0.49  -0.48
  SINCE MAR 1      0.23                      1.06  -0.83
  SINCE JAN 1      0.41                      1.92  -1.51

SNOWFALL (IN)
  YESTERDAY        0.0
  MONTH TO DATE    0.0
  SINCE MAR 1      T
  SINCE JUL 1      6.6
  SNOW DEPTH       0

DEGREE DAYS
 HEATING
  YESTERDAY        0                         7     -7       10
  MONTH TO DATE  179                       235    -56      203
  SINCE MAR 1    649                       759   -110      610
  SINCE JUL 1   3792                      4062   -270     3808

 COOLING
  YESTERDAY        0                         0      0        0
  MONTH TO DATE    6                         0      6        2
  SINCE MAR 1      6                         0      6        2
  SINCE JAN 1      6                         0      6        2
..................................................................


WIND (MPH)
  HIGHEST WIND SPEED    37   HIGHEST WIND DIRECTION     W (280)
  HIGHEST GUST SPEED    48   HIGHEST GUST DIRECTION     W (280)
  AVERAGE WIND SPEED    13.6


SKY COVER
  POSSIBLE SUNSHINE  MM
  AVERAGE SKY COVER 0.5


WEATHER CONDITIONS
 THE FOLLOWING WEATHER WAS RECORDED YESTERDAY.
  NO SIGNIFICANT WEATHER WAS OBSERVED.


RELATIVE HUMIDITY (PERCENT)
 HIGHEST    38           600 AM
 LOWEST      9           100 PM
 AVERAGE    24

..........................................................


THE ALBUQUERQUE  NM CLIMATE NORMALS FOR TODAY
                         NORMAL    RECORD    YEAR
 MAXIMUM TEMPERATURE (F)   72        88      2012
                                             1996
 MINIMUM TEMPERATURE (F)   46        28      1913


SUNRISE AND SUNSET
APRIL 24 2014.........SUNRISE   623 AM MDT   SUNSET   746 PM MDT
APRIL 25 2014.........SUNRISE   622 AM MDT   SUNSET   747 PM MDT


-  INDICATES NEGATIVE NUMBERS.
R  INDICATES RECORD WAS SET OR TIED.
MM INDICATES DATA IS MISSING.
T  INDICATES TRACE AMOUNT.

$$
