000
CDUS45 KABQ 240826
CLIABQ


CLIMATE REPORT
NATIONAL WEATHER SERVICE ALBUQUERQUE NM
225 AM MDT SAT JUN 24 2017


...................................

...THE ALBUQUERQUE  NM CLIMATE SUMMARY FOR JUNE 23 2017...

CLIMATE NORMAL PERIOD 1981 TO 2010
CLIMATE RECORD PERIOD 1891 TO 2017


WEATHER ITEM   OBSERVED TIME   RECORD YEAR NORMAL DEPARTURE LAST
                VALUE   (LST)  VALUE       VALUE  FROM      YEAR
                                                  NORMAL
..................................................................
TEMPERATURE (F)
 YESTERDAY
  MAXIMUM        100    354 PM 101    1990  90     10       98
                                      1980
  MINIMUM         70    135 AM  44    1916  64      6       74
                                      1907
  AVERAGE         85                        77      8       86

PRECIPITATION (IN)
  YESTERDAY        0.00          0.78 1940   0.03  -0.03
  MONTH TO DATE    T                         0.43  -0.43
  SINCE JUN 1      T                         0.43  -0.43
  SINCE JAN 1      2.61                      2.97  -0.36

SNOWFALL (IN)
  YESTERDAY        0.0
  MONTH TO DATE    0.0
  SINCE JUN 1      0.0
  SINCE JUL 1      3.6
  SNOW DEPTH       0

DEGREE DAYS
 HEATING
  YESTERDAY        0                         0      0        0
  MONTH TO DATE    0                         0      0        0
  SINCE JUN 1      0                         0      0        0
  SINCE JUL 1   3300                      4175   -875     3784

 COOLING
  YESTERDAY       20                        12      8       21
  MONTH TO DATE  313                       212    101      327
  SINCE JUN 1    313                       212    101      327
  SINCE JAN 1    392                       310     82      398
..................................................................


WIND (MPH)
  HIGHEST WIND SPEED    31   HIGHEST WIND DIRECTION     E (100)
  HIGHEST GUST SPEED    43   HIGHEST GUST DIRECTION     E (90)
  AVERAGE WIND SPEED    13.8


SKY COVER
  POSSIBLE SUNSHINE  MM
  AVERAGE SKY COVER 0.3


WEATHER CONDITIONS
 THE FOLLOWING WEATHER WAS RECORDED YESTERDAY.
  NO SIGNIFICANT WEATHER WAS OBSERVED.


RELATIVE HUMIDITY (PERCENT)
 HIGHEST    49          1100 PM
 LOWEST      4           300 PM
 AVERAGE    27

..........................................................


THE ALBUQUERQUE  NM CLIMATE NORMALS FOR TODAY
                         NORMAL    RECORD    YEAR
 MAXIMUM TEMPERATURE (F)   90       104      1981
 MINIMUM TEMPERATURE (F)   64        48      1976
                                             1915


SUNRISE AND SUNSET
JUNE 24 2017..........SUNRISE   554 AM MDT   SUNSET   824 PM MDT
JUNE 25 2017..........SUNRISE   554 AM MDT   SUNSET   824 PM MDT


-  INDICATES NEGATIVE NUMBERS.
R  INDICATES RECORD WAS SET OR TIED.
MM INDICATES DATA IS MISSING.
T  INDICATES TRACE AMOUNT.




$$
