000
CDUS45 KABQ 170826
CLIABQ


CLIMATE REPORT
NATIONAL WEATHER SERVICE ALBUQUERQUE NM
225 AM MDT TUE OCT 17 2017


...................................

...THE ALBUQUERQUE  NM CLIMATE SUMMARY FOR OCTOBER 16 2017...

CLIMATE NORMAL PERIOD 1981 TO 2010
CLIMATE RECORD PERIOD 1891 TO 2017


WEATHER ITEM   OBSERVED TIME   RECORD YEAR NORMAL DEPARTURE LAST
                VALUE   (LST)  VALUE       VALUE  FROM      YEAR
                                                  NORMAL
..................................................................
TEMPERATURE (F)
 YESTERDAY
  MAXIMUM         71    409 PM  84    1909  69      2       83
  MINIMUM         42    652 AM  27    1899  46     -4       49
  AVERAGE         57                        58     -1       66

PRECIPITATION (IN)
  YESTERDAY        0.00          0.49 1985   0.04  -0.04
  MONTH TO DATE    0.04                      0.61  -0.57
  SINCE SEP 1      2.24                      1.69   0.55
  SINCE JAN 1      7.67                      7.97  -0.30

SNOWFALL (IN)
  YESTERDAY        0.0
  MONTH TO DATE    0.0
  SINCE SEP 1      0.0
  SINCE JUL 1      0.0
  SNOW DEPTH       0

DEGREE DAYS
 HEATING
  YESTERDAY        8                         8      0        0
  MONTH TO DATE   63                        82    -19       43
  SINCE SEP 1     84                       108    -24       57
  SINCE JUL 1     84                       108    -24       57

 COOLING
  YESTERDAY        0                         0      0        1
  MONTH TO DATE   27                         7     20       14
  SINCE SEP 1    247                       162     85      209
  SINCE JAN 1   1557                      1319    238     1521
..................................................................


WIND (MPH)
  HIGHEST WIND SPEED    12   HIGHEST WIND DIRECTION    SW (230)
  HIGHEST GUST SPEED    15   HIGHEST GUST DIRECTION    SW (230)
  AVERAGE WIND SPEED     5.6


SKY COVER
  POSSIBLE SUNSHINE  MM
  AVERAGE SKY COVER 0.0


WEATHER CONDITIONS
 THE FOLLOWING WEATHER WAS RECORDED YESTERDAY.
  NO SIGNIFICANT WEATHER WAS OBSERVED.


RELATIVE HUMIDITY (PERCENT)
 HIGHEST    53           500 AM
 LOWEST     15           400 PM
 AVERAGE    34

..........................................................


THE ALBUQUERQUE  NM CLIMATE NORMALS FOR TODAY
                         NORMAL    RECORD    YEAR
 MAXIMUM TEMPERATURE (F)   69        85      2016
                                             1991
 MINIMUM TEMPERATURE (F)   46        26      1980


SUNRISE AND SUNSET
OCTOBER 17 2017.......SUNRISE   714 AM MDT   SUNSET   629 PM MDT
OCTOBER 18 2017.......SUNRISE   715 AM MDT   SUNSET   627 PM MDT


-  INDICATES NEGATIVE NUMBERS.
R  INDICATES RECORD WAS SET OR TIED.
MM INDICATES DATA IS MISSING.
T  INDICATES TRACE AMOUNT.




$$
