831
CDUS45 KABQ 230843
CLIABQ


CLIMATE REPORT
NATIONAL WEATHER SERVICE ALBUQUERQUE NM
232 AM MDT WED AUG 23 2017


...................................

...THE ALBUQUERQUE  NM CLIMATE SUMMARY FOR AUGUST 22 2017...

CLIMATE NORMAL PERIOD 1981 TO 2010
CLIMATE RECORD PERIOD 1891 TO 2017


WEATHER ITEM   OBSERVED TIME   RECORD YEAR NORMAL DEPARTURE LAST
                VALUE   (LST)  VALUE       VALUE  FROM      YEAR
                                                  NORMAL
..................................................................
TEMPERATURE (F)
 YESTERDAY
  MAXIMUM         87    432 PM  97    2007  87      0       80
  MINIMUM         64    612 AM  52    1917  65     -1       58
  AVERAGE         76                        76      0       69

PRECIPITATION (IN)
  YESTERDAY        0.01          1.15 1997   0.05  -0.04
  MONTH TO DATE    0.87                      1.20  -0.33
  SINCE JUN 1      2.20                      3.36  -1.16
  SINCE JAN 1      4.81                      5.90  -1.09

SNOWFALL (IN)
  YESTERDAY        0.0
  MONTH TO DATE    0.0
  SINCE JUN 1      T
  SINCE JUL 1      0.0
  SNOW DEPTH       0

DEGREE DAYS
 HEATING
  YESTERDAY        0                         0      0        0
  MONTH TO DATE    0                         0      0        0
  SINCE JUN 1      0                         4     -4        0
  SINCE JUL 1      0                         0      0        0

 COOLING
  YESTERDAY       11                        11      0        4
  MONTH TO DATE  261                       256      5      244
  SINCE JUN 1   1138                       969    169     1194
  SINCE JAN 1   1217                      1067    150     1265
..................................................................


WIND (MPH)
  HIGHEST WIND SPEED    30   HIGHEST WIND DIRECTION     E (90)
  HIGHEST GUST SPEED    38   HIGHEST GUST DIRECTION     E (90)
  AVERAGE WIND SPEED    10.2


SKY COVER
  POSSIBLE SUNSHINE  MM
  AVERAGE SKY COVER 0.5


WEATHER CONDITIONS
 THE FOLLOWING WEATHER WAS RECORDED YESTERDAY.
  THUNDERSTORM
  LIGHT RAIN


RELATIVE HUMIDITY (PERCENT)
 HIGHEST    73           300 AM
 LOWEST     30           500 PM
 AVERAGE    52

..........................................................


THE ALBUQUERQUE  NM CLIMATE NORMALS FOR TODAY
                         NORMAL    RECORD    YEAR
 MAXIMUM TEMPERATURE (F)   87        97      2011
                                             1973
 MINIMUM TEMPERATURE (F)   65        54      1990
                                             1915
                                             1897


SUNRISE AND SUNSET
AUGUST 23 2017........SUNRISE   633 AM MDT   SUNSET   745 PM MDT
AUGUST 24 2017........SUNRISE   633 AM MDT   SUNSET   743 PM MDT


-  INDICATES NEGATIVE NUMBERS.
R  INDICATES RECORD WAS SET OR TIED.
MM INDICATES DATA IS MISSING.
T  INDICATES TRACE AMOUNT.




$$
