000
CDUS45 KABQ 190828
CLIABQ


CLIMATE REPORT
NATIONAL WEATHER SERVICE ALBUQUERQUE NM
227 AM MDT FRI SEP 19 2014


...................................

...THE ALBUQUERQUE  NM CLIMATE SUMMARY FOR SEPTEMBER 18 2014...

CLIMATE NORMAL PERIOD 1981 TO 2010
CLIMATE RECORD PERIOD 1897 TO 2014


WEATHER ITEM   OBSERVED TIME   RECORD YEAR NORMAL DEPARTURE LAST
                VALUE   (LST)  VALUE       VALUE  FROM      YEAR
                                                  NORMAL
..................................................................
TEMPERATURE (F)
 YESTERDAY
  MAXIMUM         81    352 PM  91    2010  80      1       82
                                      1963
                                      1956
  MINIMUM         58    612 AM  32    1912  57      1       64
  AVERAGE         70                        69      1       73

PRECIPITATION (IN)
  YESTERDAY        0.00          0.78 1961   0.03  -0.03
  MONTH TO DATE    0.55                      0.64  -0.09
  SINCE SEP 1      0.55                      0.64  -0.09
  SINCE JAN 1      6.61                      6.92  -0.31

SNOWFALL (IN)
  YESTERDAY        0.0
  MONTH TO DATE    0.0
  SINCE SEP 1      0.0
  SINCE JUL 1      0.0
  SNOW DEPTH       0

DEGREE DAYS
 HEATING
  YESTERDAY        0                         1     -1        0
  MONTH TO DATE    5                         4      1        0
  SINCE SEP 1      5                         4      1        0
  SINCE JUL 1      5                         4      1        0

 COOLING
  YESTERDAY        5                         4      1        8
  MONTH TO DATE  138                       123     15      158
  SINCE SEP 1    138                       123     15      158
  SINCE JAN 1   1368                      1280     88     1533
..................................................................


WIND (MPH)
  HIGHEST WIND SPEED    18   HIGHEST WIND DIRECTION     S (190)
  HIGHEST GUST SPEED    21   HIGHEST GUST DIRECTION     S (200)
  AVERAGE WIND SPEED     6.9


SKY COVER
  POSSIBLE SUNSHINE  MM
  AVERAGE SKY COVER 0.5


WEATHER CONDITIONS
 THE FOLLOWING WEATHER WAS RECORDED YESTERDAY.
  NO SIGNIFICANT WEATHER WAS OBSERVED.


RELATIVE HUMIDITY (PERCENT)
 HIGHEST    84           100 AM
 LOWEST     35           200 PM
 AVERAGE    60

..........................................................


THE ALBUQUERQUE  NM CLIMATE NORMALS FOR TODAY
                         NORMAL    RECORD    YEAR
 MAXIMUM TEMPERATURE (F)   80        93      1956
 MINIMUM TEMPERATURE (F)   57        34      1912


SUNRISE AND SUNSET
SEPTEMBER 19 2014.....SUNRISE   652 AM MDT   SUNSET   707 PM MDT
SEPTEMBER 20 2014.....SUNRISE   653 AM MDT   SUNSET   706 PM MDT


-  INDICATES NEGATIVE NUMBERS.
R  INDICATES RECORD WAS SET OR TIED.
MM INDICATES DATA IS MISSING.
T  INDICATES TRACE AMOUNT.




$$
