000
CDUS43 KABR 302234
CLIABR


CLIMATE REPORT
NATIONAL WEATHER SERVICE ABERDEEN SD
534 PM CDT SAT JUL 30 2016


...................................

...THE ABERDEEN SD CLIMATE SUMMARY FOR JULY 30 2016...
VALID TODAY AS OF 0500 PM LOCAL TIME.

CLIMATE NORMAL PERIOD 1981 TO 2010
CLIMATE RECORD PERIOD 1893 TO 2016


WEATHER ITEM   OBSERVED TIME   RECORD YEAR NORMAL DEPARTURE LAST
                VALUE   (LST)  VALUE       VALUE  FROM      YEAR
                                                  NORMAL
..................................................................
TEMPERATURE (F)
 TODAY
  MAXIMUM         85    340 PM 106    2006  84      1       90
  MINIMUM         58    536 AM  39    1971  59     -1       53
  AVERAGE         72                        72      0       72

PRECIPITATION (IN)
  TODAY            0.00          2.12 1916   0.08  -0.08     0.00
  MONTH TO DATE    3.69                      2.94   0.75     4.06
  SINCE JUN 1      5.10                      6.64  -1.54     6.16
  SINCE JAN 1     12.04                     13.78  -1.74    14.38

DEGREE DAYS
 COOLING
  TODAY            7                         7      0        7
  MONTH TO DATE  217                       201     16      243
  SINCE JUN 1    409                       293    116      382
  SINCE JAN 1    442                       316    126      396
..................................................................


WIND (MPH)
  HIGHEST WIND SPEED    18   HIGHEST WIND DIRECTION     S (160)
  HIGHEST GUST SPEED    25   HIGHEST GUST DIRECTION     S (180)
  AVERAGE WIND SPEED    11.2


SKY COVER
  POSSIBLE SUNSHINE  MM
  AVERAGE SKY COVER 0.2


WEATHER CONDITIONS
 THE FOLLOWING WEATHER WAS RECORDED TODAY.
  NO SIGNIFICANT WEATHER WAS OBSERVED.


RELATIVE HUMIDITY (PERCENT)
 HIGHEST    87           600 AM
 LOWEST     40           300 PM
 AVERAGE    64

..........................................................


THE ABERDEEN SD CLIMATE NORMALS FOR TOMORROW
                         NORMAL    RECORD    YEAR
 MAXIMUM TEMPERATURE (F)   84       106      1987
 MINIMUM TEMPERATURE (F)   59        42      1903


SUNRISE AND SUNSET
JULY 30 2016..........SUNRISE   616 AM CDT   SUNSET   903 PM CDT
JULY 31 2016..........SUNRISE   617 AM CDT   SUNSET   902 PM CDT


-  INDICATES NEGATIVE NUMBERS.
R  INDICATES RECORD WAS SET OR TIED.
MM INDICATES DATA IS MISSING.
T  INDICATES TRACE AMOUNT.




$$
