000
CDUS43 KABR 291038
CLIABR


CLIMATE REPORT
NATIONAL WEATHER SERVICE ABERDEEN SD
537 AM CDT FRI MAY 29 2015


...................................

...THE ABERDEEN SD CLIMATE SUMMARY FOR MAY 28 2015...

CLIMATE NORMAL PERIOD 1981 TO 2010
CLIMATE RECORD PERIOD 1893 TO 2015


WEATHER ITEM   OBSERVED TIME   RECORD YEAR NORMAL DEPARTURE LAST
                VALUE   (LST)  VALUE       VALUE  FROM      YEAR
                                                  NORMAL
..................................................................
TEMPERATURE (F)
 YESTERDAY
  MAXIMUM         87    358 PM 102    1934  72     15       85
  MINIMUM         61    627 AM  30    1965  48     13       52
  AVERAGE         74                        60     14       69

PRECIPITATION (IN)
  YESTERDAY        0.43          1.00 1899   0.10   0.33     0.00
  MONTH TO DATE    6.30                      2.81   3.49     1.70
  SINCE MAR 1      7.08                      5.82   1.26     4.51
  SINCE JAN 1      8.13                      6.84   1.29     4.95

DEGREE DAYS
 HEATING
  YESTERDAY        0                         6     -6        0
  MONTH TO DATE  268                       269     -1      338
  SINCE MAR 1   1681                      1977   -296     2282
  SINCE JUL 1   7949                      8440   -491     9441

 COOLING
  YESTERDAY        9                         1      8        4
  MONTH TO DATE   14                        18     -4       25
  SINCE MAR 1     14                        20     -6       25
  SINCE JAN 1     14                        20     -6       25
..................................................................


WIND (MPH)
  HIGHEST WIND SPEED    26   HIGHEST WIND DIRECTION     S (200)
  HIGHEST GUST SPEED    37   HIGHEST GUST DIRECTION     S (190)
  AVERAGE WIND SPEED    13.9


SKY COVER
  POSSIBLE SUNSHINE  MM
  AVERAGE SKY COVER 0.3


WEATHER CONDITIONS
 THE FOLLOWING WEATHER WAS RECORDED YESTERDAY.
  THUNDERSTORM
  HEAVY RAIN
  RAIN
  LIGHT RAIN
  FOG


RELATIVE HUMIDITY (PERCENT)
 HIGHEST    93          1100 PM
 LOWEST     37           400 PM
 AVERAGE    65

..........................................................


THE ABERDEEN SD CLIMATE NORMALS FOR TODAY
                         NORMAL    RECORD    YEAR
 MAXIMUM TEMPERATURE (F)   72        99      1934
 MINIMUM TEMPERATURE (F)   49        23      1947


SUNRISE AND SUNSET
MAY 29 2015...........SUNRISE   551 AM CDT   SUNSET   912 PM CDT
MAY 30 2015...........SUNRISE   550 AM CDT   SUNSET   913 PM CDT


-  INDICATES NEGATIVE NUMBERS.
R  INDICATES RECORD WAS SET OR TIED.
MM INDICATES DATA IS MISSING.
T  INDICATES TRACE AMOUNT.




$$
