000
CDUS43 KABR 081008
CLIABR


CLIMATE REPORT
NATIONAL WEATHER SERVICE ABERDEEN SD
408 AM CST THU DEC 8 2016


...................................

...THE ABERDEEN SD CLIMATE SUMMARY FOR DECEMBER 7 2016...

CLIMATE NORMAL PERIOD 1981 TO 2010
CLIMATE RECORD PERIOD 1893 TO 2016


WEATHER ITEM   OBSERVED TIME   RECORD YEAR NORMAL DEPARTURE LAST
                VALUE   (LST)  VALUE       VALUE  FROM      YEAR
                                                  NORMAL
..................................................................
TEMPERATURE (F)
 YESTERDAY
  MAXIMUM         16   1142 AM  60    1918  28    -12       45
  MINIMUM          8    800 PM -27    2013   9     -1       19
  AVERAGE         12                        18     -6       32

PRECIPITATION (IN)
  YESTERDAY        0.01          0.30 1957   0.02  -0.01     0.00
                                      1927
  MONTH TO DATE    0.01                      0.13  -0.12     0.24
  SINCE DEC 1      0.01                      0.13  -0.12     0.24
  SINCE JAN 1     18.82                     21.33  -2.51    20.78

SNOWFALL (IN)
  YESTERDAY        0.3
  MONTH TO DATE    0.3
  SINCE OCT 1      5.5
  SINCE JUL 1      5.5
  SNOW DEPTH       1

DEGREE DAYS
 HEATING
  YESTERDAY       53                        47      6       33
  MONTH TO DATE  282                       319    -37      277
  SINCE DEC 1    282                       319    -37      277
  SINCE JUL 1   1632                      2282   -650     1689

 COOLING
  YESTERDAY        0                         0      0        0
  MONTH TO DATE    0                         0      0        0
  SINCE DEC 1      0                         0      0        0
  SINCE JAN 1    722                       525    197      677
..................................................................


WIND (MPH)
  HIGHEST WIND SPEED    33   HIGHEST WIND DIRECTION    NW (300)
  HIGHEST GUST SPEED    41   HIGHEST GUST DIRECTION    NW (300)
  AVERAGE WIND SPEED    23.8


SKY COVER
  POSSIBLE SUNSHINE  MM
  AVERAGE SKY COVER 0.9


WEATHER CONDITIONS
 THE FOLLOWING WEATHER WAS RECORDED YESTERDAY.
  LIGHT SNOW


RELATIVE HUMIDITY (PERCENT)
 HIGHEST    73           800 PM
 LOWEST     53          1200 PM
 AVERAGE    63

..........................................................


THE ABERDEEN SD CLIMATE NORMALS FOR TODAY
                         NORMAL    RECORD    YEAR
 MAXIMUM TEMPERATURE (F)   28        57      1894
 MINIMUM TEMPERATURE (F)    8       -27      1927


SUNRISE AND SUNSET
DECEMBER  8 2016......SUNRISE   801 AM CST   SUNSET   450 PM CST
DECEMBER  9 2016......SUNRISE   802 AM CST   SUNSET   450 PM CST


-  INDICATES NEGATIVE NUMBERS.
R  INDICATES RECORD WAS SET OR TIED.
MM INDICATES DATA IS MISSING.
T  INDICATES TRACE AMOUNT.




$$
