000
CDUS43 KABR 101030
CLIABR


CLIMATE REPORT
NATIONAL WEATHER SERVICE ABERDEEN SD
530 AM CDT THU JUL 10 2014


...................................

...THE ABERDEEN SD CLIMATE SUMMARY FOR JULY 9 2014...

CLIMATE NORMAL PERIOD 1981 TO 2010
CLIMATE RECORD PERIOD 1893 TO 2014


WEATHER ITEM   OBSERVED TIME   RECORD YEAR NORMAL DEPARTURE LAST
                VALUE   (LST)  VALUE       VALUE  FROM      YEAR
                                                  NORMAL
..................................................................
TEMPERATURE (F)
 YESTERDAY
  MAXIMUM         78    416 PM 115    1936  83     -5       84
  MINIMUM         53    403 AM  42    1981  59     -6       61
  AVERAGE         66                        71     -5       73

PRECIPITATION (IN)
  YESTERDAY        0.00          2.44 1926   0.10  -0.10     2.10
  MONTH TO DATE    0.37                      0.96  -0.59     2.25
  SINCE JUN 1      3.68                      4.66  -0.98     4.45
  SINCE JAN 1      9.11                     11.80  -2.69    12.97

DEGREE DAYS
 HEATING
  YESTERDAY        0                         0      0        0
  MONTH TO DATE   13                         8      5        0
  SINCE JUN 1     96                        84     12       81
  SINCE JUL 1     13                         8      5        0

 COOLING
  YESTERDAY        1                         6     -5        8
  MONTH TO DATE   34                        54    -20       67
  SINCE JUN 1     80                       146    -66      163
  SINCE JAN 1    122                       169    -47      184
..................................................................


WIND (MPH)
  HIGHEST WIND SPEED    12   HIGHEST WIND DIRECTION     E (80)
  HIGHEST GUST SPEED    14   HIGHEST GUST DIRECTION     E (70)
  AVERAGE WIND SPEED     5.2


SKY COVER
  POSSIBLE SUNSHINE  MM
  AVERAGE SKY COVER 0.1


WEATHER CONDITIONS
 THE FOLLOWING WEATHER WAS RECORDED YESTERDAY.
  FOG
  HAZE


RELATIVE HUMIDITY (PERCENT)
 HIGHEST   100           200 AM
 LOWEST     43           400 PM
 AVERAGE    72

..........................................................


THE ABERDEEN SD CLIMATE NORMALS FOR TODAY
                         NORMAL    RECORD    YEAR
 MAXIMUM TEMPERATURE (F)   83       114      1936
 MINIMUM TEMPERATURE (F)   59        42      1945


SUNRISE AND SUNSET
JULY 10 2014..........SUNRISE   555 AM CDT   SUNSET   922 PM CDT
JULY 11 2014..........SUNRISE   556 AM CDT   SUNSET   922 PM CDT


-  INDICATES NEGATIVE NUMBERS.
R  INDICATES RECORD WAS SET OR TIED.
MM INDICATES DATA IS MISSING.
T  INDICATES TRACE AMOUNT.




$$
