000
CDUS43 KABR 251029
CLIABR


CLIMATE REPORT
NATIONAL WEATHER SERVICE ABERDEEN SD
529 AM CDT FRI JUL 25 2014


...................................

...THE ABERDEEN SD CLIMATE SUMMARY FOR JULY 24 2014...

CLIMATE NORMAL PERIOD 1981 TO 2010
CLIMATE RECORD PERIOD 1893 TO 2014


WEATHER ITEM   OBSERVED TIME   RECORD YEAR NORMAL DEPARTURE LAST
                VALUE   (LST)  VALUE       VALUE  FROM      YEAR
                                                  NORMAL
..................................................................
TEMPERATURE (F)
 YESTERDAY
  MAXIMUM         80    405 PM 108    1931  84     -4       84
  MINIMUM         58    131 AM  46    1905  60     -2       54
                                      1895
  AVERAGE         69                        72     -3       69

PRECIPITATION (IN)
  YESTERDAY        0.20          1.47 1957   0.09   0.11     0.02
  MONTH TO DATE    0.70                      2.43  -1.73     2.37
  SINCE JUN 1      4.01                      6.13  -2.12     4.57
  SINCE JAN 1      9.44                     13.27  -3.83    13.09

DEGREE DAYS
 HEATING
  YESTERDAY        0                         0      0        0
  MONTH TO DATE   25                         8     17        1
  SINCE JUN 1    108                        84     24       82
  SINCE JUL 1     25                         8     17        1

 COOLING
  YESTERDAY        4                         7     -3        4
  MONTH TO DATE  103                       159    -56      188
  SINCE JUN 1    149                       251   -102      284
  SINCE JAN 1    191                       274    -83      305
..................................................................


WIND (MPH)
  HIGHEST WIND SPEED    32   HIGHEST WIND DIRECTION    SE (150)
  HIGHEST GUST SPEED    42   HIGHEST GUST DIRECTION     E (110)
  AVERAGE WIND SPEED    15.2


SKY COVER
  POSSIBLE SUNSHINE  MM
  AVERAGE SKY COVER 0.4


WEATHER CONDITIONS
 THE FOLLOWING WEATHER WAS RECORDED YESTERDAY.
  THUNDERSTORM
  HEAVY RAIN
  RAIN
  LIGHT RAIN
  FOG


RELATIVE HUMIDITY (PERCENT)
 HIGHEST    93           100 AM
 LOWEST     54           300 PM
 AVERAGE    74

..........................................................


THE ABERDEEN SD CLIMATE NORMALS FOR TODAY
                         NORMAL    RECORD    YEAR
 MAXIMUM TEMPERATURE (F)   84       111      1931
 MINIMUM TEMPERATURE (F)   59        44      1911


SUNRISE AND SUNSET
JULY 25 2014..........SUNRISE   610 AM CDT   SUNSET   910 PM CDT
JULY 26 2014..........SUNRISE   611 AM CDT   SUNSET   909 PM CDT


-  INDICATES NEGATIVE NUMBERS.
R  INDICATES RECORD WAS SET OR TIED.
MM INDICATES DATA IS MISSING.
T  INDICATES TRACE AMOUNT.




$$
