548
CDUS43 KABR 302233
CLIABR


CLIMATE REPORT
NATIONAL WEATHER SERVICE ABERDEEN SD
531 PM CDT FRI SEP 30 2016


...................................

...THE ABERDEEN SD CLIMATE SUMMARY FOR SEPTEMBER 30 2016...
VALID TODAY AS OF 0500 PM LOCAL TIME.

CLIMATE NORMAL PERIOD 1981 TO 2010
CLIMATE RECORD PERIOD 1893 TO 2016


WEATHER ITEM   OBSERVED TIME   RECORD YEAR NORMAL DEPARTURE LAST
                VALUE   (LST)  VALUE       VALUE  FROM      YEAR
                                                  NORMAL
..................................................................
TEMPERATURE (F)
 TODAY
  MAXIMUM         74    350 PM  92    1989  66      8       72
                                      1905
  MINIMUM         42    623 AM  15    1939  39      3       50
  AVERAGE         58                        52      6       61

PRECIPITATION (IN)
  TODAY            0.00          2.10 1923   0.07  -0.07     0.00
  MONTH TO DATE    1.23                      2.19  -0.96     0.37
  SINCE SEP 1      1.23                      2.19  -0.96     0.37
  SINCE JAN 1     15.29                     18.48  -3.19    17.69

DEGREE DAYS
 HEATING
  TODAY            7                        13     -6        4
  MONTH TO DATE  127                       224    -97       96
  SINCE SEP 1    127                       223    -96       96
  SINCE JUL 1    158                       274   -116      138

 COOLING
  TODAY            0                         0      0        0
  MONTH TO DATE   54                        40     14      104
  SINCE SEP 1     54                        40     14      104
  SINCE JAN 1    715                       523    192      667
..................................................................


WIND (MPH)
  HIGHEST WIND SPEED    22   HIGHEST WIND DIRECTION     S (190)
  HIGHEST GUST SPEED    28   HIGHEST GUST DIRECTION     S (180)
  AVERAGE WIND SPEED    11.5


SKY COVER
  POSSIBLE SUNSHINE  MM
  AVERAGE SKY COVER 0.0


WEATHER CONDITIONS
 THE FOLLOWING WEATHER WAS RECORDED TODAY.
  NO SIGNIFICANT WEATHER WAS OBSERVED.


RELATIVE HUMIDITY (PERCENT)
 HIGHEST    93           300 AM
 LOWEST     33           400 PM
 AVERAGE    63

..........................................................


THE ABERDEEN SD CLIMATE NORMALS FOR TOMORROW
                         NORMAL    RECORD    YEAR
 MAXIMUM TEMPERATURE (F)   65        92      1922
 MINIMUM TEMPERATURE (F)   39        21      1974


SUNRISE AND SUNSET
SEPTEMBER 30 2016.....SUNRISE   731 AM CDT   SUNSET   715 PM CDT
OCTOBER  1 2016.......SUNRISE   733 AM CDT   SUNSET   713 PM CDT


-  INDICATES NEGATIVE NUMBERS.
R  INDICATES RECORD WAS SET OR TIED.
MM INDICATES DATA IS MISSING.
T  INDICATES TRACE AMOUNT.




$$
