000
CDUS43 KABR 012228
CLIABR


CLIMATE REPORT
NATIONAL WEATHER SERVICE ABERDEEN SD
526 PM CDT SAT AUG 1 2015


...................................

...THE ABERDEEN SD CLIMATE SUMMARY FOR AUGUST 1 2015...
VALID TODAY AS OF 0500 PM LOCAL TIME.

CLIMATE NORMAL PERIOD 1981 TO 2010
CLIMATE RECORD PERIOD 1893 TO 2015


WEATHER ITEM   OBSERVED TIME   RECORD YEAR NORMAL DEPARTURE LAST
                VALUE   (LST)  VALUE       VALUE  FROM      YEAR
                                                  NORMAL
..................................................................
TEMPERATURE (F)
 TODAY
  MAXIMUM         92    359 PM 111    1900  84      8       87
  MINIMUM         55    504 AM  44    1948  59     -4       49
  AVERAGE         74                        71      3       68

PRECIPITATION (IN)
  TODAY            0.00          1.96 1942   0.08  -0.08     0.00
  MONTH TO DATE    0.00                      0.08  -0.08     0.00
  SINCE JUN 1      6.16                      6.80  -0.64     4.01
  SINCE JAN 1     14.38                     13.94   0.44     9.44

DEGREE DAYS
 COOLING
  TODAY            9                         7      2        3
  MONTH TO DATE    9                         7      2        3
  SINCE JUN 1    397                       307     90      163
  SINCE JAN 1    411                       330     81      205
..................................................................


WIND (MPH)
  HIGHEST WIND SPEED    21   HIGHEST WIND DIRECTION    SW (220)
  HIGHEST GUST SPEED    27   HIGHEST GUST DIRECTION    SW (220)
  AVERAGE WIND SPEED     8.1


SKY COVER
  POSSIBLE SUNSHINE  MM
  AVERAGE SKY COVER 0.1


WEATHER CONDITIONS
 THE FOLLOWING WEATHER WAS RECORDED TODAY.
  NO SIGNIFICANT WEATHER WAS OBSERVED.


RELATIVE HUMIDITY (PERCENT)
 HIGHEST    86           100 AM
 LOWEST     38           400 PM
 AVERAGE    62

..........................................................


THE ABERDEEN SD CLIMATE NORMALS FOR TOMORROW
                         NORMAL    RECORD    YEAR
 MAXIMUM TEMPERATURE (F)   84       105      1938
                                             1930
 MINIMUM TEMPERATURE (F)   59        40      1971


SUNRISE AND SUNSET
AUGUST  1 2015........SUNRISE   618 AM CDT   SUNSET   902 PM CDT
AUGUST  2 2015........SUNRISE   619 AM CDT   SUNSET   901 PM CDT


-  INDICATES NEGATIVE NUMBERS.
R  INDICATES RECORD WAS SET OR TIED.
MM INDICATES DATA IS MISSING.
T  INDICATES TRACE AMOUNT.

&&

PEAK WIND WAS 27 MPH FROM THE SOUTHWEST AT 304 PM CDT.




$$
