000
CDUS43 KABR 210002
CLIABR


CLIMATE REPORT
NATIONAL WEATHER SERVICE ABERDEEN SD
601 PM CST MON NOV 20 2017


...................................

...THE ABERDEEN SD CLIMATE SUMMARY FOR NOVEMBER 20 2017...
VALID TODAY AS OF 0500 PM LOCAL TIME.

CLIMATE NORMAL PERIOD 1981 TO 2010
CLIMATE RECORD PERIOD 1893 TO 2017


WEATHER ITEM   OBSERVED TIME   RECORD YEAR NORMAL DEPARTURE LAST
                VALUE   (LST)  VALUE       VALUE  FROM      YEAR
                                                  NORMAL
..................................................................
TEMPERATURE (F)
 TODAY
  MAXIMUM         61    211 PM  69    1962  37     24       34
  MINIMUM         19    333 AM -12    1985  17      2       19
                                      1978
  AVERAGE         40                        27     13       27

PRECIPITATION (IN)
  TODAY            0.00          0.83 1953   0.03  -0.03     0.00
  MONTH TO DATE    0.11                      0.53  -0.42     0.23
  SINCE SEP 1      2.81                      4.71  -1.90     3.27
  SINCE JAN 1     14.87                     21.00  -6.13    17.33

SNOWFALL (IN)
  TODAY            0.0
  MONTH TO DATE    0.8
  SINCE OCT 1      0.8
  SINCE JUL 1      0.8
  SNOW DEPTH       0

DEGREE DAYS
 HEATING
  TODAY           25                        38    -13       38
  MONTH TO DATE  729                       659     70      411
  SINCE SEP 1   1441                      1499    -58     1000
  SINCE JUL 1   1460                      1550    -90     1031
..................................................................


WIND (MPH)
  HIGHEST WIND SPEED    22   HIGHEST WIND DIRECTION     W (290)
  HIGHEST GUST SPEED    27   HIGHEST GUST DIRECTION     W (290)
  AVERAGE WIND SPEED     8.6


SKY COVER
  POSSIBLE SUNSHINE  MM
  AVERAGE SKY COVER 0.0


WEATHER CONDITIONS
 THE FOLLOWING WEATHER WAS RECORDED TODAY.
  NO SIGNIFICANT WEATHER WAS OBSERVED.


RELATIVE HUMIDITY (PERCENT)
 HIGHEST    96           600 AM
 LOWEST     21           200 PM
 AVERAGE    59

..........................................................


THE ABERDEEN SD CLIMATE NORMALS FOR TOMORROW
                         NORMAL    RECORD    YEAR
 MAXIMUM TEMPERATURE (F)   36        65      1960
                                             1917
 MINIMUM TEMPERATURE (F)   16       -18      1964


SUNRISE AND SUNSET
NOVEMBER 20 2017......SUNRISE   740 AM CST   SUNSET   459 PM CST
NOVEMBER 21 2017......SUNRISE   741 AM CST   SUNSET   458 PM CST


-  INDICATES NEGATIVE NUMBERS.
R  INDICATES RECORD WAS SET OR TIED.
MM INDICATES DATA IS MISSING.
T  INDICATES TRACE AMOUNT.

&&

PEAK WIND WAS 27 MPH FROM THE WEST AT 137 PM CST

$$
