000
CDUS43 KABR 201037
CLIABR


CLIMATE REPORT
NATIONAL WEATHER SERVICE ABERDEEN SD
536 AM CDT WED SEP 20 2017


...................................

...THE ABERDEEN SD CLIMATE SUMMARY FOR SEPTEMBER 19 2017...

CLIMATE NORMAL PERIOD 1981 TO 2010
CLIMATE RECORD PERIOD 1893 TO 2017


WEATHER ITEM   OBSERVED TIME   RECORD YEAR NORMAL DEPARTURE LAST
                VALUE   (LST)  VALUE       VALUE  FROM      YEAR
                                                  NORMAL
..................................................................
TEMPERATURE (F)
 YESTERDAY
  MAXIMUM         82    418 PM 101    1895  71     11       82
  MINIMUM         57   1159 PM  26    1938  44     13       51
  AVERAGE         70                        57     13       67

PRECIPITATION (IN)
  YESTERDAY        0.02          1.85 1988   0.07  -0.05     0.04
  MONTH TO DATE    0.17                      1.41  -1.24     1.10
  SINCE SEP 1      0.17                      1.41  -1.24     1.10
  SINCE JAN 1     12.23                     17.70  -5.47    15.16

DEGREE DAYS
 HEATING
  YESTERDAY        0                         8     -8        0
  MONTH TO DATE   65                       105    -40       58
  SINCE SEP 1     65                       105    -40       58
  SINCE JUL 1     84                       156    -72       89

 COOLING
  YESTERDAY        5                         1      4        2
  MONTH TO DATE   54                        35     19       50
  SINCE SEP 1     54                        35     19       50
  SINCE JAN 1    539                       518     21      711
..................................................................


WIND (MPH)
  HIGHEST WIND SPEED    33   HIGHEST WIND DIRECTION     S (170)
  HIGHEST GUST SPEED    48   HIGHEST GUST DIRECTION     S (170)
  AVERAGE WIND SPEED    17.0


SKY COVER
  POSSIBLE SUNSHINE  MM
  AVERAGE SKY COVER 0.5


WEATHER CONDITIONS
 THE FOLLOWING WEATHER WAS RECORDED YESTERDAY.
  THUNDERSTORM
  FOG


RELATIVE HUMIDITY (PERCENT)
 HIGHEST   100          1200 AM
 LOWEST     62           300 PM
 AVERAGE    81

..........................................................


THE ABERDEEN SD CLIMATE NORMALS FOR TODAY
                         NORMAL    RECORD    YEAR
 MAXIMUM TEMPERATURE (F)   70        94      1937
 MINIMUM TEMPERATURE (F)   44        20      1901


SUNRISE AND SUNSET
SEPTEMBER 20 2017.....SUNRISE   719 AM CDT   SUNSET   735 PM CDT
SEPTEMBER 21 2017.....SUNRISE   720 AM CDT   SUNSET   733 PM CDT


-  INDICATES NEGATIVE NUMBERS.
R  INDICATES RECORD WAS SET OR TIED.
MM INDICATES DATA IS MISSING.
T  INDICATES TRACE AMOUNT.




$$
