000
CDUS42 KTAE 020632
CLIABY


CLIMATE REPORT
NATIONAL WEATHER SERVICE TALLAHASSEE FL
232 AM EDT WED SEP 2 2015


...................................

...THE ALBANY CLIMATE SUMMARY FOR SEPTEMBER 1 2015...

CLIMATE NORMAL PERIOD 1981 TO 2010
CLIMATE RECORD PERIOD 1930 TO 2015


WEATHER ITEM   OBSERVED TIME   RECORD YEAR NORMAL DEPARTURE LAST
                VALUE   (LST)  VALUE       VALUE  FROM      YEAR
                                                  NORMAL
..................................................................
TEMPERATURE (F)
 YESTERDAY
  MAXIMUM         93    410 PM  99    1957  91      2       96
  MINIMUM         71    639 AM  60    1986  71      0       72
  AVERAGE         82                        81      1       84

PRECIPITATION (IN)
  YESTERDAY        0.10                      0.17  -0.07     0.00
  MONTH TO DATE    0.10                      0.17  -0.07     0.00
  SINCE SEP 1      0.10                      0.17  -0.07     0.00
  SINCE JAN 1     31.28                     35.77  -4.49    25.13

SNOWFALL (IN)
  YESTERDAY        0.0

DEGREE DAYS
 HEATING
  YESTERDAY        0                         0      0        0
  MONTH TO DATE    0                         0      0        0
  SINCE SEP 1      0                         0      0        0
  SINCE JUL 1      0                         0      0        0

 COOLING
  YESTERDAY       17                        16      1       19
  MONTH TO DATE   17                        16      1       19
  SINCE SEP 1     17                        16      1       19
  SINCE JAN 1   2270                      1989    281     1952
..................................................................


WIND (MPH)
  HIGHEST WIND SPEED    12   HIGHEST WIND DIRECTION     W (250)
  HIGHEST GUST SPEED    14   HIGHEST GUST DIRECTION     W (250)
  AVERAGE WIND SPEED     2.9




RELATIVE HUMIDITY (PERCENT)
 HIGHEST    93
 LOWEST     47
 AVERAGE    70

..........................................................


THE ALBANY CLIMATE NORMALS FOR TODAY
                         NORMAL    RECORD    YEAR
 MAXIMUM TEMPERATURE (F)   91       101      1957
 MINIMUM TEMPERATURE (F)   71        58      1968


SUNRISE AND SUNSET
SEPTEMBER  2 2015.....SUNRISE   713 AM EDT   SUNSET   759 PM EDT
SEPTEMBER  3 2015.....SUNRISE   713 AM EDT   SUNSET   758 PM EDT


-  INDICATES NEGATIVE NUMBERS.
R  INDICATES RECORD WAS SET OR TIED.
MM INDICATES DATA IS MISSING.
T  INDICATES TRACE AMOUNT.




$$
