000
CDUS42 KTAE 010632
CLIABY


CLIMATE REPORT
NATIONAL WEATHER SERVICE TALLAHASSEE FL
231 AM EDT SAT AUG 1 2015


...................................

...THE ALBANY CLIMATE SUMMARY FOR JULY 31 2015...

CLIMATE NORMAL PERIOD 1981 TO 2010
CLIMATE RECORD PERIOD 1930 TO 2015


WEATHER ITEM   OBSERVED TIME   RECORD YEAR NORMAL DEPARTURE LAST
                VALUE   (LST)  VALUE       VALUE  FROM      YEAR
                                                  NORMAL
..................................................................
TEMPERATURE (F)
 YESTERDAY
  MAXIMUM         95    505 PM 103    2010  93      2       92
  MINIMUM         75   1159 PM  64    2014  72      3       64
  AVERAGE         85                        82      3       78

PRECIPITATION (IN)
  YESTERDAY        0.32                      0.18   0.14     0.00
  MONTH TO DATE    4.53                      5.46  -0.93     0.53
  SINCE JUN 1      9.90                     10.40  -0.50     5.29
  SINCE JAN 1     25.76                     30.76  -5.00    24.35

SNOWFALL (IN)
  YESTERDAY        0.0

DEGREE DAYS
 HEATING
  YESTERDAY        0                         0      0        0
  MONTH TO DATE    0                         0      0        0
  SINCE JUN 1      0                         0      0        0
  SINCE JUL 1      0                         0      0        0

 COOLING
  YESTERDAY       20                        17      3       13
  MONTH TO DATE  589                       541     48      526
  SINCE JUN 1   1071                      1006     65      991
  SINCE JAN 1   1675                      1446    229     1385
..................................................................


WIND (MPH)
  HIGHEST WIND SPEED    23   HIGHEST WIND DIRECTION    NE (50)
  HIGHEST GUST SPEED    29   HIGHEST GUST DIRECTION    NE (40)
  AVERAGE WIND SPEED     5.7




RELATIVE HUMIDITY (PERCENT)
 HIGHEST   100
 LOWEST     49
 AVERAGE    75

..........................................................


THE ALBANY CLIMATE NORMALS FOR TODAY
                         NORMAL    RECORD    YEAR
 MAXIMUM TEMPERATURE (F)   93       103      1986
 MINIMUM TEMPERATURE (F)   72        62      1966


SUNRISE AND SUNSET
AUGUST  1 2015........SUNRISE   653 AM EDT   SUNSET   833 PM EDT
AUGUST  2 2015........SUNRISE   653 AM EDT   SUNSET   832 PM EDT


-  INDICATES NEGATIVE NUMBERS.
R  INDICATES RECORD WAS SET OR TIED.
MM INDICATES DATA IS MISSING.
T  INDICATES TRACE AMOUNT.




$$
