000
CDUS42 KTAE 220636
CLIABY


CLIMATE REPORT
NATIONAL WEATHER SERVICE TALLAHASSEE FL
135 AM EST WED FEB 22 2017


...................................

...THE ALBANY CLIMATE SUMMARY FOR FEBRUARY 21 2017...

CLIMATE NORMAL PERIOD 1981 TO 2010
CLIMATE RECORD PERIOD 1930 TO 2017


WEATHER ITEM   OBSERVED TIME   RECORD YEAR NORMAL DEPARTURE LAST
                VALUE   (LST)  VALUE       VALUE  FROM      YEAR
                                                  NORMAL
..................................................................
TEMPERATURE (F)
 YESTERDAY
  MAXIMUM         75    201 PM  84    1991  66      9       73
  MINIMUM         55    542 AM  21    1958  41     14       50
  AVERAGE         65                        54     11       62

PRECIPITATION (IN)
  YESTERDAY        0.15                      0.15   0.00     0.00
  MONTH TO DATE    2.26                      3.01  -0.75     3.12
  SINCE DEC 1     21.72                     11.58  10.14    13.64
  SINCE JAN 1     11.04                      7.83   3.21     6.78

SNOWFALL (IN)
  YESTERDAY        0.0

DEGREE DAYS
 HEATING
  YESTERDAY        0                        12    -12        3
  MONTH TO DATE  122                       281   -159      266
  SINCE DEC 1    645                      1215   -570      935
  SINCE JUL 1    786                      1485   -699     1059

 COOLING
  YESTERDAY        0                         0      0        0
  MONTH TO DATE    6                         0      6        0
  SINCE DEC 1     49                        13     36       76
  SINCE JAN 1     26                         4     22        0
..................................................................


WIND (MPH)
  HIGHEST WIND SPEED    22   HIGHEST WIND DIRECTION    SE (150)
  HIGHEST GUST SPEED    26   HIGHEST GUST DIRECTION    SE (150)
  AVERAGE WIND SPEED     7.1




RELATIVE HUMIDITY (PERCENT)
 HIGHEST   100
 LOWEST     60
 AVERAGE    80

..........................................................


THE ALBANY CLIMATE NORMALS FOR TODAY
                         NORMAL    RECORD    YEAR
 MAXIMUM TEMPERATURE (F)   66        83      2005
                                             1991
 MINIMUM TEMPERATURE (F)   42        21      1963


SUNRISE AND SUNSET
FEBRUARY 22 2017......SUNRISE   711 AM EST   SUNSET   630 PM EST
FEBRUARY 23 2017......SUNRISE   710 AM EST   SUNSET   630 PM EST


-  INDICATES NEGATIVE NUMBERS.
R  INDICATES RECORD WAS SET OR TIED.
MM INDICATES DATA IS MISSING.
T  INDICATES TRACE AMOUNT.




$$
