000
CDUS42 KTAE 250631
CLIABY


CLIMATE REPORT
NATIONAL WEATHER SERVICE TALLAHASSEE FL
230 AM EDT SUN JUN 25 2017


...................................

...THE ALBANY CLIMATE SUMMARY FOR JUNE 24 2017...

CLIMATE NORMAL PERIOD 1981 TO 2010
CLIMATE RECORD PERIOD 1930 TO 2017


WEATHER ITEM   OBSERVED TIME   RECORD YEAR NORMAL DEPARTURE LAST
                VALUE   (LST)  VALUE       VALUE  FROM      YEAR
                                                  NORMAL
..................................................................
TEMPERATURE (F)
 YESTERDAY
  MAXIMUM         93    316 PM 104    1944  92      1       96
  MINIMUM         73    541 AM  59    1966  71      2       74
  AVERAGE         83                        82      1       85

PRECIPITATION (IN)
  YESTERDAY        0.06                      0.16  -0.10     0.00
  MONTH TO DATE    3.52                      3.99  -0.47     3.05
  SINCE JUN 1      3.52                      3.99  -0.47     3.05
  SINCE JAN 1     22.52                     24.35  -1.83    25.78

SNOWFALL (IN)
  YESTERDAY        0.0

DEGREE DAYS
 HEATING
  YESTERDAY        0                         0      0        0
  MONTH TO DATE    0                         0      0        0
  SINCE JUN 1      0                         0      0        0
  SINCE JUL 1   1002                      1838   -836     1290

 COOLING
  YESTERDAY       18                        17      1       20
  MONTH TO DATE  348                       363    -15      405
  SINCE JUN 1    348                       363    -15      405
  SINCE JAN 1    978                       803    175      897
..................................................................


WIND (MPH)
  HIGHEST WIND SPEED    17   HIGHEST WIND DIRECTION    SW (230)
  HIGHEST GUST SPEED    24   HIGHEST GUST DIRECTION     W (250)
  AVERAGE WIND SPEED     5.5




RELATIVE HUMIDITY (PERCENT)
 HIGHEST   100
 LOWEST     52
 AVERAGE    76

..........................................................


THE ALBANY CLIMATE NORMALS FOR TODAY
                         NORMAL    RECORD    YEAR
 MAXIMUM TEMPERATURE (F)   92       103      1948
 MINIMUM TEMPERATURE (F)   71        58      1990


SUNRISE AND SUNSET
JUNE 25 2017..........SUNRISE   633 AM EDT   SUNSET   845 PM EDT
JUNE 26 2017..........SUNRISE   634 AM EDT   SUNSET   845 PM EDT


-  INDICATES NEGATIVE NUMBERS.
R  INDICATES RECORD WAS SET OR TIED.
MM INDICATES DATA IS MISSING.
T  INDICATES TRACE AMOUNT.




$$
