818
CDUS44 KFWD 312121
CLIACT


CLIMATE REPORT
NATIONAL WEATHER SERVICE FORT WORTH TX
421 PM CDT WED AUG 31 2016


...................................

...THE WACO CLIMATE SUMMARY FOR AUGUST 31 2016...
VALID AS OF 0400 PM LOCAL TIME.

CLIMATE NORMAL PERIOD 1981 TO 2010
CLIMATE RECORD PERIOD 1901 TO 2016


WEATHER ITEM   OBSERVED TIME   RECORD YEAR NORMAL DEPARTURE LAST
                VALUE   (LST)  VALUE       VALUE  FROM      YEAR
                                                  NORMAL
..................................................................
TEMPERATURE (F)
 TODAY
  MAXIMUM         95    217 PM 109    1990  95      0       94
  MINIMUM         73    414 AM  58    1915  72      1       71
  AVERAGE         84

PRECIPITATION (IN)
  TODAY            0.00          1.27 1959   0.09  -0.09     0.00
  MONTH TO DATE    4.61                      2.05   2.56     0.86
  SINCE JUN 1      9.34                      7.27   2.07     6.83
  SINCE JAN 1     31.98                     22.16   9.82    28.17

..................................................................


WIND (MPH)
  HIGHEST WIND SPEED    14   HIGHEST WIND DIRECTION    NE (40)
  HIGHEST GUST SPEED    18   HIGHEST GUST DIRECTION    NE (40)
  AVERAGE WIND SPEED     5.5




..........................................................


THE WACO CLIMATE NORMALS FOR TOMORROW
                         NORMAL    RECORD    YEAR
 MAXIMUM TEMPERATURE (F)   94       106      2000
                                             1985
 MINIMUM TEMPERATURE (F)   71        58      1915


SUNRISE AND SUNSET
AUGUST 31 2016........SUNRISE   704 AM CDT   SUNSET   753 PM CDT
SEPTEMBER  1 2016.....SUNRISE   705 AM CDT   SUNSET   752 PM CDT


-  INDICATES NEGATIVE NUMBERS.
R  INDICATES RECORD WAS SET OR TIED.
MM INDICATES DATA IS MISSING.
T  INDICATES TRACE AMOUNT.




$$
