537
CDUS44 KFWD 190644
CLIACT


CLIMATE REPORT
NATIONAL WEATHER SERVICE FORT WORTH TX
1243 AM CST SUN NOV 19 2017

...THE WACO CLIMATE SUMMARY FOR NOVEMBER 18 2017...

CLIMATE NORMAL PERIOD 1981 TO 2010
CLIMATE RECORD PERIOD 1901 TO 2017


WEATHER ITEM   OBSERVED TIME   RECORD YEAR NORMAL DEPARTURE LAST
                VALUE   (LST)  VALUE       VALUE  FROM      YEAR
                                                  NORMAL
..................................................................
TEMPERATURE (F)
 YESTERDAY
  MAXIMUM         78   1020 AM  84    1941  67     11       71
                                      1905
  MINIMUM         47   1146 PM  20    1959  46      1       47
  AVERAGE         63                        56      7       59

PRECIPITATION (IN)
  YESTERDAY        0.00          1.23 1944   0.09  -0.09     0.00
  MONTH TO DATE    1.30                      1.82  -0.52     2.97
  SINCE SEP 1      2.95                      8.78  -5.83     3.91
  SINCE JAN 1     31.66                     30.94   0.72    35.89

SNOWFALL (IN)
  YESTERDAY        0.0           T    1969   0.0    0.0      0.0
  MONTH TO DATE    0.0                       0.0    0.0      0.0
  SINCE SEP 1      0.0                       0.0    0.0      0.0
  SINCE JUL 1      0.0                       0.0    0.0      0.0
  SNOW DEPTH       0

DEGREE DAYS
 HEATING
  YESTERDAY        2                         9     -7        6
  MONTH TO DATE   54                       122    -68       19
  SINCE SEP 1    135                       189    -54       28
  SINCE JUL 1    135                       189    -54       28

 COOLING
  YESTERDAY        0                         1     -1        0
  MONTH TO DATE   88                        30     58       55
  SINCE SEP 1    716                       591    125      800
  SINCE JAN 1   3056                      2786    270     3040
..................................................................


WIND (MPH)
  HIGHEST WIND SPEED    32   HIGHEST WIND DIRECTION     N (340)
  HIGHEST GUST SPEED    42   HIGHEST GUST DIRECTION     N (340)
  AVERAGE WIND SPEED    16.5


SKY COVER
  POSSIBLE SUNSHINE  MM
  AVERAGE SKY COVER 0.1


WEATHER CONDITIONS
 THE FOLLOWING WEATHER WAS RECORDED YESTERDAY.
  NO SIGNIFICANT WEATHER WAS OBSERVED.


RELATIVE HUMIDITY (PERCENT)
 HIGHEST    90           500 AM
 LOWEST     31           300 PM
 AVERAGE    61

..........................................................


THE WACO CLIMATE NORMALS FOR TODAY
                         NORMAL    RECORD    YEAR
 MAXIMUM TEMPERATURE (F)   67        87      1949
 MINIMUM TEMPERATURE (F)   45        24      1903


SUNRISE AND SUNSET
NOVEMBER 19 2017......SUNRISE   701 AM CST   SUNSET   528 PM CST
NOVEMBER 20 2017......SUNRISE   701 AM CST   SUNSET   527 PM CST


-  INDICATES NEGATIVE NUMBERS.
R  INDICATES RECORD WAS SET OR TIED.
MM INDICATES DATA IS MISSING.
T  INDICATES TRACE AMOUNT.




$$
