000
CDUS44 KFWD 270639
CLIACT

CLIMATE REPORT
NATIONAL WEATHER SERVICE FORT WORTH TX
139 AM CDT WED AUG 27 2014


...................................

...THE WACO CLIMATE SUMMARY FOR AUGUST 26 2014...

CLIMATE NORMAL PERIOD 1981 TO 2010
CLIMATE RECORD PERIOD 1901 TO 2014


WEATHER ITEM   OBSERVED TIME   RECORD YEAR NORMAL DEPARTURE LAST
                VALUE   (LST)  VALUE       VALUE  FROM      YEAR
                                                  NORMAL
..................................................................
TEMPERATURE (F)
 YESTERDAY
  MAXIMUM        100    308 PM 105    2011  96      4       94
                                      1999
                                      1990
  MINIMUM         76    618 AM  61    1926  73      3       74
  AVERAGE         88                        84      4       84

PRECIPITATION (IN)
  YESTERDAY        0.00          2.76 1974   0.07  -0.07     0.00
  MONTH TO DATE    0.46                      1.62  -1.16     0.16
  SINCE JUN 1      8.92                      6.84   2.08     7.28
  SINCE JAN 1     20.06                     21.73  -1.67    21.37

DEGREE DAYS
 HEATING
  YESTERDAY        0                         0      0        0
  MONTH TO DATE    0                         0      0        0
  SINCE JUN 1      0                         0      0        0
  SINCE JUL 1      0                         0      0        0

 COOLING
  YESTERDAY       23                        19      4       19
  MONTH TO DATE  547                       535     12      539
  SINCE JUN 1   1591                      1649    -58     1689
  SINCE JAN 1   1978                      2101   -123     2106
..................................................................


WIND (MPH)
  HIGHEST WIND SPEED    16   HIGHEST WIND DIRECTION    NE (60)
  HIGHEST GUST SPEED    21   HIGHEST GUST DIRECTION     E (110)
  AVERAGE WIND SPEED     5.8


SKY COVER
  POSSIBLE SUNSHINE  MM
  AVERAGE SKY COVER 0.1


WEATHER CONDITIONS
 THE FOLLOWING WEATHER WAS RECORDED YESTERDAY.
  THUNDERSTORM


RELATIVE HUMIDITY (PERCENT)
 HIGHEST    82           600 AM
 LOWEST     35           200 PM
 AVERAGE    59

..........................................................


THE WACO CLIMATE NORMALS FOR TODAY
                         NORMAL    RECORD    YEAR
 MAXIMUM TEMPERATURE (F)   95       110      2011
 MINIMUM TEMPERATURE (F)   73        61      1992


SUNRISE AND SUNSET
AUGUST 27 2014........SUNRISE   701 AM CDT   SUNSET   759 PM CDT
AUGUST 28 2014........SUNRISE   702 AM CDT   SUNSET   757 PM CDT


-  INDICATES NEGATIVE NUMBERS.
R  INDICATES RECORD WAS SET OR TIED.
MM INDICATES DATA IS MISSING.
T  INDICATES TRACE AMOUNT.




$$
