000
CDUS44 KFWD 290645
CLIACT


CLIMATE REPORT
NATIONAL WEATHER SERVICE FORT WORTH TX
145 AM CDT SUN MAR 29 2015


...................................

...THE WACO CLIMATE SUMMARY FOR MARCH 28 2015...

CLIMATE NORMAL PERIOD 1981 TO 2010
CLIMATE RECORD PERIOD 1901 TO 2015


WEATHER ITEM   OBSERVED TIME   RECORD YEAR NORMAL DEPARTURE LAST
                VALUE   (LST)  VALUE       VALUE  FROM      YEAR
                                                  NORMAL
..................................................................
TEMPERATURE (F)
 YESTERDAY
  MAXIMUM         84    239 PM 100    1971  73     11       80
  MINIMUM         43    404 AM  26    1955  50     -7       54
  AVERAGE         64                        61      3       67

PRECIPITATION (IN)
  YESTERDAY        0.00          1.27 1938   0.09  -0.09     0.25
  MONTH TO DATE    2.85                      2.89  -0.04     0.87
  SINCE MAR 1      2.85                      2.89  -0.04     0.87
  SINCE JAN 1      7.58                      7.64  -0.06     1.63

SNOWFALL (IN)
  YESTERDAY        0.0           0.0    MM   0.0    0.0      0.0
  MONTH TO DATE    0.7                       0.1    0.6      0.1
  SINCE MAR 1      0.7                       0.1    0.6      0.1
  SINCE JUL 1      1.4                       1.0    0.4      0.1
  SNOW DEPTH       0

DEGREE DAYS
 HEATING
  YESTERDAY        1                         5     -4        0
  MONTH TO DATE  295                       231     64      339
  SINCE MAR 1    295                       231     64      339
  SINCE JUL 1   2249                      2043    206     2482

 COOLING
  YESTERDAY        0                         2     -2        2
  MONTH TO DATE   14                        31    -17       11
  SINCE MAR 1     14                        31    -17       11
  SINCE JAN 1     14                        40    -26       11
..................................................................


WIND (MPH)
  HIGHEST WIND SPEED    23   HIGHEST WIND DIRECTION     S (180)
  HIGHEST GUST SPEED    31   HIGHEST GUST DIRECTION     S (170)
  AVERAGE WIND SPEED    10.8


SKY COVER
  POSSIBLE SUNSHINE  MM
  AVERAGE SKY COVER 0.0


WEATHER CONDITIONS
 THE FOLLOWING WEATHER WAS RECORDED YESTERDAY.
  NO SIGNIFICANT WEATHER WAS OBSERVED.


RELATIVE HUMIDITY (PERCENT)
 HIGHEST    86           100 AM
 LOWEST     26           400 PM
 AVERAGE    56

..........................................................


THE WACO CLIMATE NORMALS FOR TODAY
                         NORMAL    RECORD    YEAR
 MAXIMUM TEMPERATURE (F)   73        94      1902
 MINIMUM TEMPERATURE (F)   50        30      2009
                                             1987


SUNRISE AND SUNSET
MARCH 29 2015.........SUNRISE   722 AM CDT   SUNSET   746 PM CDT
MARCH 30 2015.........SUNRISE   720 AM CDT   SUNSET   747 PM CDT


-  INDICATES NEGATIVE NUMBERS.
R  INDICATES RECORD WAS SET OR TIED.
MM INDICATES DATA IS MISSING.
T  INDICATES TRACE AMOUNT.




$$
