000
CDUS44 KFWD 040701
CLIACT


CLIMATE REPORT
NATIONAL WEATHER SERVICE FORT WORTH TX
200 AM CDT WED MAY 4 2016


...................................

...THE WACO CLIMATE SUMMARY FOR MAY 3 2016...

CLIMATE NORMAL PERIOD 1981 TO 2010
CLIMATE RECORD PERIOD 1901 TO 2016


WEATHER ITEM   OBSERVED TIME   RECORD YEAR NORMAL DEPARTURE LAST
                VALUE   (LST)  VALUE       VALUE  FROM      YEAR
                                                  NORMAL
..................................................................
TEMPERATURE (F)
 YESTERDAY
  MAXIMUM         75    314 PM  94    1943  82     -7       82
  MINIMUM         47    604 AM  40    2014  60    -13       56
                                      2013
  AVERAGE         61                        71    -10       69

PRECIPITATION (IN)
  YESTERDAY        0.00          2.63 1990   0.14  -0.14     0.00
  MONTH TO DATE    0.35                      0.41  -0.06     0.00
  SINCE MAR 1     12.23                      6.25   5.98     7.34
  SINCE JAN 1     14.68                     11.00   3.68    12.07

DEGREE DAYS
 HEATING
  YESTERDAY        4                         1      3        0
  MONTH TO DATE    9                         3      6        0
  SINCE MAR 1    212                       327   -115      350
  SINCE JUL 1   1689                      2139   -450     2304

 COOLING
  YESTERDAY        0                         6     -6        4
  MONTH TO DATE    3                        18    -15       10
  SINCE MAR 1    139                       163    -24      171
  SINCE JAN 1    147                       172    -25      171
..................................................................


WIND (MPH)
  HIGHEST WIND SPEED    16   HIGHEST WIND DIRECTION     N (350)
  HIGHEST GUST SPEED    19   HIGHEST GUST DIRECTION     N (350)
  AVERAGE WIND SPEED     6.0


SKY COVER
  POSSIBLE SUNSHINE  MM
  AVERAGE SKY COVER 0.0


WEATHER CONDITIONS
 THE FOLLOWING WEATHER WAS RECORDED YESTERDAY.
  NO SIGNIFICANT WEATHER WAS OBSERVED.


RELATIVE HUMIDITY (PERCENT)
 HIGHEST    89          1200 AM
 LOWEST     38           300 PM
 AVERAGE    64

..........................................................


THE WACO CLIMATE NORMALS FOR TODAY
                         NORMAL    RECORD    YEAR
 MAXIMUM TEMPERATURE (F)   82       100      1984
 MINIMUM TEMPERATURE (F)   60        34      2013


SUNRISE AND SUNSET
MAY  4 2016...........SUNRISE   640 AM CDT   SUNSET   811 PM CDT
MAY  5 2016...........SUNRISE   639 AM CDT   SUNSET   812 PM CDT


-  INDICATES NEGATIVE NUMBERS.
R  INDICATES RECORD WAS SET OR TIED.
MM INDICATES DATA IS MISSING.
T  INDICATES TRACE AMOUNT.




$$
