916
CDUS44 KFWD 240710
CLIACT


CLIMATE REPORT
NATIONAL WEATHER SERVICE FORT WORTH TX
210 AM CDT TUE MAY 24 2016


...................................

...THE WACO CLIMATE SUMMARY FOR MAY 23 2016...

CLIMATE NORMAL PERIOD 1981 TO 2010
CLIMATE RECORD PERIOD 1901 TO 2016


WEATHER ITEM   OBSERVED TIME   RECORD YEAR NORMAL DEPARTURE LAST
                VALUE   (LST)  VALUE       VALUE  FROM      YEAR
                                                  NORMAL
..................................................................
TEMPERATURE (F)
 YESTERDAY
  MAXIMUM         83    450 PM  98    1996  87     -4       86
  MINIMUM         72    535 AM  54    2001  66      6       67
                                      1963
                                      1917
  AVERAGE         78                        76      2       77

PRECIPITATION (IN)
  YESTERDAY        T             4.37 1975   0.14  -0.14     1.04
  MONTH TO DATE    3.87                      3.15   0.72     4.45
  SINCE MAR 1     15.75                      8.99   6.76    11.79
  SINCE JAN 1     18.20                     13.74   4.46    16.52

DEGREE DAYS
 HEATING
  YESTERDAY        0                         0      0        0
  MONTH TO DATE   11                         4      7        2
  SINCE MAR 1    214                       328   -114      352
  SINCE JUL 1   1691                      2140   -449     2306

 COOLING
  YESTERDAY       13                        11      2       12
  MONTH TO DATE  142                       198    -56      193
  SINCE MAR 1    278                       343    -65      354
  SINCE JAN 1    286                       352    -66      354
..................................................................


WIND (MPH)
  HIGHEST WIND SPEED    20   HIGHEST WIND DIRECTION    SE (130)
  HIGHEST GUST SPEED    26   HIGHEST GUST DIRECTION     S (170)
  AVERAGE WIND SPEED    12.5


SKY COVER
  POSSIBLE SUNSHINE  MM
  AVERAGE SKY COVER 0.7


WEATHER CONDITIONS
 THE FOLLOWING WEATHER WAS RECORDED YESTERDAY.
  LIGHT RAIN
  FOG
  HAZE


RELATIVE HUMIDITY (PERCENT)
 HIGHEST    87           900 AM
 LOWEST     65           500 PM
 AVERAGE    76

..........................................................


THE WACO CLIMATE NORMALS FOR TODAY
                         NORMAL    RECORD    YEAR
 MAXIMUM TEMPERATURE (F)   87        97      1996
 MINIMUM TEMPERATURE (F)   66        51      1940


SUNRISE AND SUNSET
MAY 24 2016...........SUNRISE   627 AM CDT   SUNSET   825 PM CDT
MAY 25 2016...........SUNRISE   627 AM CDT   SUNSET   825 PM CDT


-  INDICATES NEGATIVE NUMBERS.
R  INDICATES RECORD WAS SET OR TIED.
MM INDICATES DATA IS MISSING.
T  INDICATES TRACE AMOUNT.




$$
