000
CDUS44 KFWD 300639
CLIACT


CLIMATE REPORT
NATIONAL WEATHER SERVICE FORT WORTH TX
138 AM CDT TUE JUN 30 2015


...................................

...THE WACO CLIMATE SUMMARY FOR JUNE 29 2015...

CLIMATE NORMAL PERIOD 1981 TO 2010
CLIMATE RECORD PERIOD 1901 TO 2015


WEATHER ITEM   OBSERVED TIME   RECORD YEAR NORMAL DEPARTURE LAST
                VALUE   (LST)  VALUE       VALUE  FROM      YEAR
                                                  NORMAL
..................................................................
TEMPERATURE (F)
 YESTERDAY
  MAXIMUM         93    251 PM 104    1907  94     -1       93
  MINIMUM         75   1035 PM  60    1985  73      2       78
  AVERAGE         84                        84      0       86

PRECIPITATION (IN)
  YESTERDAY        T             1.32 1940   0.08  -0.08     0.00
  MONTH TO DATE    5.96                      3.36   2.60     8.31
  SINCE JUN 1      5.96                      3.36   2.60     8.31
  SINCE JAN 1     27.30                     18.25   9.05    19.45

DEGREE DAYS
 HEATING
  YESTERDAY        0                         0      0        0
  MONTH TO DATE    0                         0      0        0
  SINCE JUN 1      0                         0      0        0
  SINCE JUL 1   2306                      2142    164     2611

 COOLING
  YESTERDAY       19                        18      1       21
  MONTH TO DATE  487                       468     19      461
  SINCE JUN 1    487                       468     19      461
  SINCE JAN 1    922                       920      2      848
..................................................................


WIND (MPH)
  HIGHEST WIND SPEED    20   HIGHEST WIND DIRECTION     S (190)
  HIGHEST GUST SPEED    23   HIGHEST GUST DIRECTION     S (200)
  AVERAGE WIND SPEED     8.3


SKY COVER
  POSSIBLE SUNSHINE  MM
  AVERAGE SKY COVER 0.3


WEATHER CONDITIONS
 THE FOLLOWING WEATHER WAS RECORDED YESTERDAY.
  THUNDERSTORM
  LIGHT RAIN


RELATIVE HUMIDITY (PERCENT)
 HIGHEST    94           200 AM
 LOWEST     56           100 PM
 AVERAGE    75

..........................................................


THE WACO CLIMATE NORMALS FOR TODAY
                         NORMAL    RECORD    YEAR
 MAXIMUM TEMPERATURE (F)   94       103      1980
 MINIMUM TEMPERATURE (F)   73        63      1985


SUNRISE AND SUNSET
JUNE 30 2015..........SUNRISE   627 AM CDT   SUNSET   838 PM CDT
JULY  1 2015..........SUNRISE   627 AM CDT   SUNSET   838 PM CDT


-  INDICATES NEGATIVE NUMBERS.
R  INDICATES RECORD WAS SET OR TIED.
MM INDICATES DATA IS MISSING.
T  INDICATES TRACE AMOUNT.




$$
