679
CDUS44 KFWD 230638
CLIACT

CLIMATE REPORT
NATIONAL WEATHER SERVICE FORT WORTH TX
140 AM CDT SAT SEP 23 2017

...................................

...THE WACO CLIMATE SUMMARY FOR SEPTEMBER 22 2017...

CLIMATE NORMAL PERIOD 1981 TO 2010
CLIMATE RECORD PERIOD 1901 TO 2017


WEATHER ITEM   OBSERVED TIME   RECORD YEAR NORMAL DEPARTURE LAST
                VALUE   (LST)  VALUE       VALUE  FROM      YEAR
                                                  NORMAL
..................................................................
TEMPERATURE (F)
 YESTERDAY
  MAXIMUM         95    313 PM 100    2005  88      7       95
  MINIMUM         75    227 AM  40    1983  64     11       65
  AVERAGE         85                        76      9       80

PRECIPITATION (IN)
  YESTERDAY        0.00          3.84 1957   0.11  -0.11     0.00
  MONTH TO DATE    0.00                      2.22  -2.22     0.33
  SINCE SEP 1      0.00                      2.22  -2.22     0.33
  SINCE JAN 1     28.71                     24.38   4.33    32.31

DEGREE DAYS
 HEATING
  YESTERDAY        0                         0      0        0
  MONTH TO DATE    0                         0      0        0
  SINCE SEP 1      0                         0      0        0
  SINCE JUL 1      0                         0      0        0

 COOLING
  YESTERDAY       20                        11      9       15
  MONTH TO DATE  322                       319      3      395
  SINCE SEP 1    322                       319      3      395
  SINCE JAN 1   2662                      2514    148     2635
..................................................................


WIND (MPH)
  HIGHEST WIND SPEED    20   HIGHEST WIND DIRECTION    SE (140)
  HIGHEST GUST SPEED    25   HIGHEST GUST DIRECTION    SE (140)
  AVERAGE WIND SPEED    11.2


SKY COVER
  POSSIBLE SUNSHINE  MM
  AVERAGE SKY COVER 0.5


WEATHER CONDITIONS
 THE FOLLOWING WEATHER WAS RECORDED YESTERDAY.
  HAZE


RELATIVE HUMIDITY (PERCENT)
 HIGHEST    94           600 AM
 LOWEST     39           300 PM
 AVERAGE    67

..........................................................


THE WACO CLIMATE NORMALS FOR TODAY
                         NORMAL    RECORD    YEAR
 MAXIMUM TEMPERATURE (F)   87        99      2005
                                             2000
 MINIMUM TEMPERATURE (F)   64        45      1999


SUNRISE AND SUNSET
SEPTEMBER 23 2017.....SUNRISE   718 AM CDT   SUNSET   724 PM CDT
SEPTEMBER 24 2017.....SUNRISE   718 AM CDT   SUNSET   722 PM CDT


-  INDICATES NEGATIVE NUMBERS.
R  INDICATES RECORD WAS SET OR TIED.
MM INDICATES DATA IS MISSING.
T  INDICATES TRACE AMOUNT.

$$
