000
CDUS44 KFWD 070648
CLIACT


CLIMATE REPORT
NATIONAL WEATHER SERVICE FORT WORTH TX
1244 AM CST SUN FEB 7 2016


...................................

...THE WACO CLIMATE SUMMARY FOR FEBRUARY 6 2016...

CLIMATE NORMAL PERIOD 1981 TO 2010
CLIMATE RECORD PERIOD 1901 TO 2016


WEATHER ITEM   OBSERVED TIME   RECORD YEAR NORMAL DEPARTURE LAST
                VALUE   (LST)  VALUE       VALUE  FROM      YEAR
                                                  NORMAL
..................................................................
TEMPERATURE (F)
 YESTERDAY
  MAXIMUM         54    340 PM  80    1911  60     -6       58
  MINIMUM         30   1159 PM  15    1912  38     -8       36
  AVERAGE         42                        49     -7       47

PRECIPITATION (IN)
  YESTERDAY        0.03          1.91 1927   0.08  -0.05     0.00
  MONTH TO DATE    0.03                      0.48  -0.45      T
  SINCE DEC 1      3.94                      5.35  -1.41     4.02
  SINCE JAN 1      0.32                      2.60  -2.28     3.48

SNOWFALL (IN)
  YESTERDAY        0.0             1.1  1906 0.0    0.0      0.0
  MONTH TO DATE    0.0                       0.1   -0.1      0.0
  SINCE DEC 1      0.0                       0.4   -0.4       T
  SINCE JUL 1      0.0                       0.5   -0.5       T
  SNOW DEPTH       0

DEGREE DAYS
 HEATING
  YESTERDAY       23                        16      7       18
  MONTH TO DATE  109                        99     10      125
  SINCE DEC 1   1039                      1179   -140     1187
  SINCE JUL 1   1274                      1507   -233     1569

 COOLING
  YESTERDAY        0                         0      0        0
  MONTH TO DATE    0                         0      0        0
  SINCE DEC 1      5                         8     -3        4
  SINCE JAN 1      0                         3     -3        0
..................................................................


WIND (MPH)
  HIGHEST WIND SPEED    28   HIGHEST WIND DIRECTION     N (340)
  HIGHEST GUST SPEED    36   HIGHEST GUST DIRECTION    NW (330)
  AVERAGE WIND SPEED    11.4


SKY COVER
  POSSIBLE SUNSHINE  MM
  AVERAGE SKY COVER 0.2


WEATHER CONDITIONS
 THE FOLLOWING WEATHER WAS RECORDED YESTERDAY.
  NO SIGNIFICANT WEATHER WAS OBSERVED.


RELATIVE HUMIDITY (PERCENT)
 HIGHEST    85          1100 PM
 LOWEST     50          1200 AM
 AVERAGE    68

..........................................................


THE WACO CLIMATE NORMALS FOR TODAY
                         NORMAL    RECORD    YEAR
 MAXIMUM TEMPERATURE (F)   60        85      2013
 MINIMUM TEMPERATURE (F)   38        14      1933


SUNRISE AND SUNSET
FEBRUARY  7 2016......SUNRISE   718 AM CST   SUNSET   608 PM CST
FEBRUARY  8 2016......SUNRISE   717 AM CST   SUNSET   609 PM CST


-  INDICATES NEGATIVE NUMBERS.
R  INDICATES RECORD WAS SET OR TIED.
MM INDICATES DATA IS MISSING.
T  INDICATES TRACE AMOUNT.




$$
