000
CDUS44 KFWD 300638
CLIACT


CLIMATE REPORT
NATIONAL WEATHER SERVICE FORT WORTH TX
138 AM CDT THU MAR 30 2017


...................................

...THE WACO CLIMATE SUMMARY FOR MARCH 29 2017...

CLIMATE NORMAL PERIOD 1981 TO 2010
CLIMATE RECORD PERIOD 1901 TO 2017


WEATHER ITEM   OBSERVED TIME   RECORD YEAR NORMAL DEPARTURE LAST
                VALUE   (LST)  VALUE       VALUE  FROM      YEAR
                                                  NORMAL
..................................................................
TEMPERATURE (F)
 YESTERDAY
  MAXIMUM         80    325 PM  94    1902  73      7       72
  MINIMUM         57   1159 PM  30    2009  50      7       51
                                      1987
  AVERAGE         69                        62      7       62

PRECIPITATION (IN)
  YESTERDAY        0.67          2.98 2007   0.08   0.59      T
  MONTH TO DATE    3.32                      2.97   0.35     4.91
  SINCE MAR 1      3.32                      2.97   0.35     4.91
  SINCE JAN 1      9.48                      7.72   1.76     7.36

SNOWFALL (IN)
  YESTERDAY        0.0           1.0  1987   0.0    0.0      0.0
  MONTH TO DATE    0.0                       0.1   -0.1      0.0
  SINCE MAR 1      0.0                       0.1   -0.1      0.0
  SINCE JUL 1      T                         0.9   -0.9      0.0
  SNOW DEPTH       0

DEGREE DAYS
 HEATING
  YESTERDAY        0                         5     -5        3
  MONTH TO DATE  117                       236   -119      151
  SINCE MAR 1    117                       236   -119      151
  SINCE JUL 1   1293                      2048   -755     1628

 COOLING
  YESTERDAY        4                         2      2        0
  MONTH TO DATE   93                        33     60       20
  SINCE MAR 1     93                        33     60       20
  SINCE JAN 1    151                        42    109       28
..................................................................


WIND (MPH)
  HIGHEST WIND SPEED    37   HIGHEST WIND DIRECTION     W (280)
  HIGHEST GUST SPEED    47   HIGHEST GUST DIRECTION     W (290)
  AVERAGE WIND SPEED    12.1


SKY COVER
  POSSIBLE SUNSHINE  MM
  AVERAGE SKY COVER 0.3


WEATHER CONDITIONS
 THE FOLLOWING WEATHER WAS RECORDED YESTERDAY.
  THUNDERSTORM
  FOG
  HAZE


RELATIVE HUMIDITY (PERCENT)
 HIGHEST    97           500 AM
 LOWEST     35           500 PM
 AVERAGE    66

..........................................................


THE WACO CLIMATE NORMALS FOR TODAY
                         NORMAL    RECORD    YEAR
 MAXIMUM TEMPERATURE (F)   73        96      1946
 MINIMUM TEMPERATURE (F)   50        29      2003


SUNRISE AND SUNSET
MARCH 30 2017.........SUNRISE   720 AM CDT   SUNSET   747 PM CDT
MARCH 31 2017.........SUNRISE   718 AM CDT   SUNSET   748 PM CDT


-  INDICATES NEGATIVE NUMBERS.
R  INDICATES RECORD WAS SET OR TIED.
MM INDICATES DATA IS MISSING.
T  INDICATES TRACE AMOUNT.




$$
