000
CDUS44 KFWD 220644
CLIACT


CLIMATE REPORT
NATIONAL WEATHER SERVICE FORT WORTH TX
143 AM CDT SAT JUL 22 2017


...................................

...THE WACO CLIMATE SUMMARY FOR JULY 21 2017...

CLIMATE NORMAL PERIOD 1981 TO 2010
CLIMATE RECORD PERIOD 1901 TO 2017


WEATHER ITEM   OBSERVED TIME   RECORD YEAR NORMAL DEPARTURE LAST
                VALUE   (LST)  VALUE       VALUE  FROM      YEAR
                                                  NORMAL
..................................................................
TEMPERATURE (F)
 YESTERDAY
  MAXIMUM        101    359 PM 105    1974  97      4      100
  MINIMUM         77    601 AM  65    1989  74      3       75
  AVERAGE         89                        86      3       88

PRECIPITATION (IN)
  YESTERDAY        0.00          1.95 1916   0.06  -0.06     0.00
  MONTH TO DATE    2.09                      1.23   0.86      T
  SINCE JUN 1      6.83                      4.66   2.17     4.59
  SINCE JAN 1     26.14                     19.55   6.59    27.23

DEGREE DAYS
 HEATING
  YESTERDAY        0                         0      0        0
  MONTH TO DATE    0                         0      0        0
  SINCE JUN 1      0                         0      0        0
  SINCE JUL 1      0                         0      0        0

 COOLING
  YESTERDAY       24                        21      3       23
  MONTH TO DATE  430                       416     14      472
  SINCE JUN 1    947                       904     43     1001
  SINCE JAN 1   1516                      1356    160     1392
..................................................................


WIND (MPH)
  HIGHEST WIND SPEED    16   HIGHEST WIND DIRECTION    SE (140)
  HIGHEST GUST SPEED    22   HIGHEST GUST DIRECTION    SE (130)
  AVERAGE WIND SPEED     9.2


SKY COVER
  POSSIBLE SUNSHINE  MM
  AVERAGE SKY COVER 0.0


WEATHER CONDITIONS
 THE FOLLOWING WEATHER WAS RECORDED YESTERDAY.
  NO SIGNIFICANT WEATHER WAS OBSERVED.


RELATIVE HUMIDITY (PERCENT)
 HIGHEST    85           500 AM
 LOWEST     33           300 PM
 AVERAGE    59

..........................................................


THE WACO CLIMATE NORMALS FOR TODAY
                         NORMAL    RECORD    YEAR
 MAXIMUM TEMPERATURE (F)   97       106      1974
 MINIMUM TEMPERATURE (F)   75        61      1970


SUNRISE AND SUNSET
JULY 22 2017..........SUNRISE   639 AM CDT   SUNSET   832 PM CDT
JULY 23 2017..........SUNRISE   639 AM CDT   SUNSET   831 PM CDT


-  INDICATES NEGATIVE NUMBERS.
R  INDICATES RECORD WAS SET OR TIED.
MM INDICATES DATA IS MISSING.
T  INDICATES TRACE AMOUNT.




$$
