426
CDUS41 KPHI 270634
CLIACY


CLIMATE REPORT
NATIONAL WEATHER SERVICE MOUNT HOLLY NJ
229 AM EDT TUE SEP 27 2016


...................................

...THE ATLANTIC CITY NJ CLIMATE SUMMARY FOR SEPTEMBER 26 2016...

CLIMATE NORMAL PERIOD 1981 TO 2010
CLIMATE RECORD PERIOD 1874 TO 2016


WEATHER ITEM   OBSERVED TIME   RECORD YEAR NORMAL DEPARTURE LAST
                VALUE   (LST)  VALUE       VALUE  FROM      YEAR
                                                  NORMAL
..................................................................
TEMPERATURE (F)
 YESTERDAY
  MAXIMUM         73    114 PM  90    1970  73      0       71
  MINIMUM         48    543 AM  36    1967  53     -5       64
  AVERAGE         61                        63     -2       68

PRECIPITATION (IN)
  YESTERDAY        T             1.85 1931   0.11  -0.11     0.00
  MONTH TO DATE    2.74                      2.68   0.06     0.61
  SINCE SEP 1      2.74                      2.68   0.06     0.61
  SINCE JAN 1     35.04                     30.90   4.14    33.06

SNOWFALL (IN)
  YESTERDAY        0.0             0.0       0.0    0.0      0.0
  MONTH TO DATE    0.0                       0.0    0.0      0.0
  SINCE SEP 1      0.0                       0.0    0.0      0.0
  SINCE JUL 1      0.0                       0.0    0.0      0.0
  SNOW DEPTH       0

DEGREE DAYS
 HEATING
  YESTERDAY        4                         4      0        0
  MONTH TO DATE   14                        42    -28        0
  SINCE SEP 1     14                        42    -28        0
  SINCE JUL 1     14                        45    -31        0

 COOLING
  YESTERDAY        0                         2     -2        3
  MONTH TO DATE  203                       118     85      176
  SINCE SEP 1    203                       118     85      176
  SINCE JAN 1   1306                      1027    279     1256
..................................................................


WIND (MPH)
  HIGHEST WIND SPEED    15   HIGHEST WIND DIRECTION     S (160)
  HIGHEST GUST SPEED    21   HIGHEST GUST DIRECTION    SE (150)
  AVERAGE WIND SPEED     6.5


SKY COVER
  POSSIBLE SUNSHINE  MM
  AVERAGE SKY COVER 0.4


WEATHER CONDITIONS
 THE FOLLOWING WEATHER WAS RECORDED YESTERDAY.
  LIGHT RAIN


RELATIVE HUMIDITY (PERCENT)
 HIGHEST    93           400 AM
 LOWEST     38          1200 PM
 AVERAGE    66

..........................................................


THE ATLANTIC CITY NJ CLIMATE NORMALS FOR TODAY
                         NORMAL    RECORD    YEAR
 MAXIMUM TEMPERATURE (F)   73        93      1998
 MINIMUM TEMPERATURE (F)   53        36      1978


SUNRISE AND SUNSET
SEPTEMBER 27 2016.....SUNRISE   651 AM EDT   SUNSET   646 PM EDT
SEPTEMBER 28 2016.....SUNRISE   652 AM EDT   SUNSET   645 PM EDT


-  INDICATES NEGATIVE NUMBERS.
R  INDICATES RECORD WAS SET OR TIED.
MM INDICATES DATA IS MISSING.
T  INDICATES TRACE AMOUNT.




$$
