000
CDUS41 KPHI 250630
CLIACY


CLIMATE REPORT
NATIONAL WEATHER SERVICE MOUNT HOLLY NJ
127 AM EST THU DEC 25 2014


...................................

...THE ATLANTIC CITY NJ CLIMATE SUMMARY FOR DECEMBER 24 2014...

CLIMATE NORMAL PERIOD 1981 TO 2010
CLIMATE RECORD PERIOD 1874 TO 2014


WEATHER ITEM   OBSERVED TIME   RECORD YEAR NORMAL DEPARTURE LAST
                VALUE   (LST)  VALUE       VALUE  FROM      YEAR
                                                  NORMAL
..................................................................
TEMPERATURE (F)
 YESTERDAY
  MAXIMUM         61    124 PM  65    1982  44     17       43
  MINIMUM         47    410 AM  -1    1983  26     21       26
  AVERAGE         54                        35     19       35

PRECIPITATION (IN)
  YESTERDAY        0.97          1.87 1924   0.11   0.86     0.02
  MONTH TO DATE    5.35                      2.93   2.42     4.59
  SINCE DEC 1      5.35                      2.93   2.42     4.59
  SINCE JAN 1     54.18                     40.99  13.19    44.65

SNOWFALL (IN)
  YESTERDAY        0.0           6.4  1966   0.1   -0.1     MM
  MONTH TO DATE    0.4                       2.7   -2.3      3.3
  SINCE DEC 1      0.4                       2.7   -2.3      3.3
  SINCE JUL 1      0.4                       2.9   -2.5      3.3
  SNOW DEPTH       0

DEGREE DAYS
 HEATING
  YESTERDAY       11                        30    -19       30
  MONTH TO DATE  591                       647    -56      590
  SINCE DEC 1    591                       647    -56      590
  SINCE JUL 1   1498                      1554    -56     1593

 COOLING
  YESTERDAY        0                         0      0        0
  MONTH TO DATE    0                         0      0        0
  SINCE DEC 1      0                         0      0        0
  SINCE JAN 1    857                      1055   -198     1088
..................................................................


WIND (MPH)
  HIGHEST WIND SPEED    23   HIGHEST WIND DIRECTION     S (200)
  HIGHEST GUST SPEED    33   HIGHEST GUST DIRECTION     S (180)
  AVERAGE WIND SPEED    10.2


SKY COVER
  POSSIBLE SUNSHINE  MM
  AVERAGE SKY COVER 1.0


WEATHER CONDITIONS
 THE FOLLOWING WEATHER WAS RECORDED YESTERDAY.
  HEAVY RAIN
  RAIN
  LIGHT RAIN
  FOG
  FOG W/VISIBILITY <= 1/4 MILE


RELATIVE HUMIDITY (PERCENT)
 HIGHEST   100           100 AM
 LOWEST     93          1200 AM
 AVERAGE    97

..........................................................


THE ATLANTIC CITY NJ CLIMATE NORMALS FOR TODAY
                         NORMAL    RECORD    YEAR
 MAXIMUM TEMPERATURE (F)   44        70      1982
 MINIMUM TEMPERATURE (F)   26        -2      1983
                                             1980


SUNRISE AND SUNSET
DECEMBER 25 2014......SUNRISE   717 AM EST   SUNSET   440 PM EST
DECEMBER 26 2014......SUNRISE   717 AM EST   SUNSET   441 PM EST


-  INDICATES NEGATIVE NUMBERS.
R  INDICATES RECORD WAS SET OR TIED.
MM INDICATES DATA IS MISSING.
T  INDICATES TRACE AMOUNT.




$$
