000
CDUS41 KPHI 290628
CLIACY


CLIMATE REPORT
NATIONAL WEATHER SERVICE MOUNT HOLLY NJ
128 AM EST THU JAN 29 2015


...................................

...THE ATLANTIC CITY NJ CLIMATE SUMMARY FOR JANUARY 28 2015...

CLIMATE NORMAL PERIOD 1981 TO 2010
CLIMATE RECORD PERIOD 1874 TO 2015


WEATHER ITEM   OBSERVED TIME   RECORD YEAR NORMAL DEPARTURE LAST
                VALUE   (LST)  VALUE       VALUE  FROM      YEAR
                                                  NORMAL
..................................................................
TEMPERATURE (F)
 YESTERDAY
  MAXIMUM         33    357 PM  68    1916  42     -9       23
  MINIMUM         18    736 AM  -8    1987  25     -7       13
  AVERAGE         26                        33     -7       18

PRECIPITATION (IN)
  YESTERDAY        0.00          1.80 1943   0.10  -0.10     0.03
  MONTH TO DATE    5.28                      2.91   2.37     2.85
  SINCE DEC 1     10.81                      6.60   4.21     8.91
  SINCE JAN 1      5.28                      2.91   2.37     2.85

SNOWFALL (IN)
  YESTERDAY        0.0           2.2  1972   0.2   -0.2      0.6
  MONTH TO DATE    4.8                       3.9    0.9     11.5
  SINCE DEC 1      5.2                       7.6   -2.4     14.8
  SINCE JUL 1      5.2                       7.8   -2.6     14.8
  SNOW DEPTH       0

DEGREE DAYS
 HEATING
  YESTERDAY       39                        32      7       47
  MONTH TO DATE  954                       894     60     1009
  SINCE DEC 1   1723                      1756    -33     1806
  SINCE JUL 1   2630                      2663    -33     2809

 COOLING
  YESTERDAY        0                         0      0        0
  MONTH TO DATE    0                         0      0        0
  SINCE DEC 1      0                         0      0        0
  SINCE JAN 1      0                         0      0        0
..................................................................


WIND (MPH)
  HIGHEST WIND SPEED    25   HIGHEST WIND DIRECTION    NW (320)
  HIGHEST GUST SPEED    31   HIGHEST GUST DIRECTION    NW (320)
  AVERAGE WIND SPEED    15.1


SKY COVER
  POSSIBLE SUNSHINE  MM
  AVERAGE SKY COVER 0.0


WEATHER CONDITIONS
 THE FOLLOWING WEATHER WAS RECORDED YESTERDAY.
  NO SIGNIFICANT WEATHER WAS OBSERVED.


RELATIVE HUMIDITY (PERCENT)
 HIGHEST    62           100 AM
 LOWEST     35           400 PM
 AVERAGE    49

..........................................................


THE ATLANTIC CITY NJ CLIMATE NORMALS FOR TODAY
                         NORMAL    RECORD    YEAR
 MAXIMUM TEMPERATURE (F)   42        71      2002
 MINIMUM TEMPERATURE (F)   25         0      1966


SUNRISE AND SUNSET
JANUARY 29 2015.......SUNRISE   708 AM EST   SUNSET   515 PM EST
JANUARY 30 2015.......SUNRISE   708 AM EST   SUNSET   516 PM EST


-  INDICATES NEGATIVE NUMBERS.
R  INDICATES RECORD WAS SET OR TIED.
MM INDICATES DATA IS MISSING.
T  INDICATES TRACE AMOUNT.




$$
