000
CDUS41 KPHI 290630
CLIACY


CLIMATE REPORT
NATIONAL WEATHER SERVICE MOUNT HOLLY NJ
229 AM EDT SUN MAR 29 2015


...................................

...THE ATLANTIC CITY NJ CLIMATE SUMMARY FOR MARCH 28 2015...

CLIMATE NORMAL PERIOD 1981 TO 2010
CLIMATE RECORD PERIOD 1874 TO 2015


WEATHER ITEM   OBSERVED TIME   RECORD YEAR NORMAL DEPARTURE LAST
                VALUE   (LST)  VALUE       VALUE  FROM      YEAR
                                                  NORMAL
..................................................................
TEMPERATURE (F)
 YESTERDAY
  MAXIMUM         44   1240 PM  81    1989  55    -11       60
  MINIMUM         26   1143 PM  18    1990  36    -10       39
                                      1966
  AVERAGE         35                        46    -11       50

PRECIPITATION (IN)
  YESTERDAY        0.00          1.82 1993   0.14  -0.14     0.00
  MONTH TO DATE    6.47                      3.79   2.68     2.34
  SINCE MAR 1      6.47                      3.79   2.68     2.34
  SINCE JAN 1     14.53                      9.88   4.65    10.89

SNOWFALL (IN)
  YESTERDAY        0.0           T    1959   0.0    0.0      0.0
                                      1947
  MONTH TO DATE    7.4                       1.1    6.3     15.6
  SINCE MAR 1      7.4                       1.1    6.3     15.6
  SINCE JUL 1     22.4                      16.2    6.2     43.8
  SNOW DEPTH       0

DEGREE DAYS
 HEATING
  YESTERDAY       30                        19     11       15
  MONTH TO DATE  758                       650    108      810
  SINCE MAR 1    758                       650    108      810
  SINCE JUL 1   4633                      4241    392     4673

 COOLING
  YESTERDAY        0                         0      0        0
  MONTH TO DATE    0                         0      0        0
  SINCE MAR 1      0                         0      0        0
  SINCE JAN 1      0                         0      0        0
..................................................................


WIND (MPH)
  HIGHEST WIND SPEED    25   HIGHEST WIND DIRECTION    NW (320)
  HIGHEST GUST SPEED    33   HIGHEST GUST DIRECTION    NW (330)
  AVERAGE WIND SPEED    14.5


SKY COVER
  POSSIBLE SUNSHINE  MM
  AVERAGE SKY COVER 0.7


WEATHER CONDITIONS
 THE FOLLOWING WEATHER WAS RECORDED YESTERDAY.
  NO SIGNIFICANT WEATHER WAS OBSERVED.


RELATIVE HUMIDITY (PERCENT)
 HIGHEST    70           500 AM
 LOWEST     37          1200 PM
 AVERAGE    54

..........................................................


THE ATLANTIC CITY NJ CLIMATE NORMALS FOR TODAY
                         NORMAL    RECORD    YEAR
 MAXIMUM TEMPERATURE (F)   56        83      1998
 MINIMUM TEMPERATURE (F)   37        15      1923


SUNRISE AND SUNSET
MARCH 29 2015.........SUNRISE   648 AM EDT   SUNSET   719 PM EDT
MARCH 30 2015.........SUNRISE   646 AM EDT   SUNSET   720 PM EDT


-  INDICATES NEGATIVE NUMBERS.
R  INDICATES RECORD WAS SET OR TIED.
MM INDICATES DATA IS MISSING.
T  INDICATES TRACE AMOUNT.




$$
