000
CDUS41 KPHI 252138
CLIACY


CLIMATE REPORT
NATIONAL WEATHER SERVICE MOUNT HOLLY NJ
538 PM EDT SUN JUN 25 2017


...................................

...THE ATLANTIC CITY NJ CLIMATE SUMMARY FOR JUNE 25 2017...
VALID TODAY AS OF 0500 PM LOCAL TIME.

CLIMATE NORMAL PERIOD 1981 TO 2010
CLIMATE RECORD PERIOD 1874 TO 2017


WEATHER ITEM   OBSERVED TIME   RECORD YEAR NORMAL DEPARTURE LAST
                VALUE   (LST)  VALUE       VALUE  FROM      YEAR
                                                  NORMAL
..................................................................
TEMPERATURE (F)
 TODAY
  MAXIMUM         84    313 PM  96    1997  83      1       81
  MINIMUM         67    447 AM  47    1979  64      3       59
  AVERAGE         76                        74      2       70

PRECIPITATION (IN)
  TODAY            0.00          1.31 2006   0.10  -0.10     0.00
  MONTH TO DATE    2.66                      2.61   0.05     1.32
  SINCE JUN 1      2.66                      2.61   0.05     1.32
  SINCE JAN 1     24.32                     19.89   4.43    21.38

SNOWFALL (IN)
  TODAY            0.0           0.0    MM   0.0    0.0      0.0
  MONTH TO DATE    0.0                       0.0    0.0      0.0
  SINCE JUN 1      0.0                       0.0    0.0      0.0
  SINCE JUL 1      7.7                      16.5   -8.8     27.5
  SNOW DEPTH       0

DEGREE DAYS
 HEATING
  TODAY            0                         0      0        0
  MONTH TO DATE   24                        24      0        4
  SINCE JUN 1     24                        24      0        4
  SINCE JUL 1   4144                      4902   -758     4054

 COOLING
  TODAY           11                         9      2        5
  MONTH TO DATE  213                       156     57      156
  SINCE JUN 1    213                       156     57      156
  SINCE JAN 1    298                       220     78      235
..................................................................


WIND (MPH)
  HIGHEST WIND SPEED    14   HIGHEST WIND DIRECTION     S (160)
  HIGHEST GUST SPEED    19   HIGHEST GUST DIRECTION     S (160)
  AVERAGE WIND SPEED     6.8


SKY COVER
  POSSIBLE SUNSHINE  MM
  AVERAGE SKY COVER 0.1


WEATHER CONDITIONS
 THE FOLLOWING WEATHER WAS RECORDED TODAY.
  NO SIGNIFICANT WEATHER WAS OBSERVED.


RELATIVE HUMIDITY (PERCENT)
 HIGHEST    87           400 AM
 LOWEST     37           300 PM
 AVERAGE    62

..........................................................


THE ATLANTIC CITY NJ CLIMATE NORMALS FOR TOMORROW
                         NORMAL    RECORD    YEAR
 MAXIMUM TEMPERATURE (F)   84        99      1952
 MINIMUM TEMPERATURE (F)   65        45      1979


SUNRISE AND SUNSET
JUNE 25 2017..........SUNRISE   533 AM EDT   SUNSET   829 PM EDT
JUNE 26 2017..........SUNRISE   533 AM EDT   SUNSET   829 PM EDT


-  INDICATES NEGATIVE NUMBERS.
R  INDICATES RECORD WAS SET OR TIED.
MM INDICATES DATA IS MISSING.
T  INDICATES TRACE AMOUNT.




$$
