000
CDUS41 KPHI 300630
CLIACY


CLIMATE REPORT
NATIONAL WEATHER SERVICE MOUNT HOLLY NJ
230 AM EDT MON MAY 30 2016


...................................

...THE ATLANTIC CITY NJ CLIMATE SUMMARY FOR MAY 29 2016...

CLIMATE NORMAL PERIOD 1981 TO 2010
CLIMATE RECORD PERIOD 1874 TO 2016


WEATHER ITEM   OBSERVED TIME   RECORD YEAR NORMAL DEPARTURE LAST
                VALUE   (LST)  VALUE       VALUE  FROM      YEAR
                                                  NORMAL
..................................................................
TEMPERATURE (F)
 YESTERDAY
  MAXIMUM         81    116 PM  99    1969  75      6       80
  MINIMUM         60    518 AM  37    1997  55      5       62
  AVERAGE         71                        65      6       71

PRECIPITATION (IN)
  YESTERDAY        T             4.15 1959   0.11  -0.11     0.00
  MONTH TO DATE    4.87                      3.11   1.76     0.71
  SINCE MAR 1     10.90                     10.95  -0.05     8.19
  SINCE JAN 1     18.25                     17.04   1.21    16.25

SNOWFALL (IN)
  YESTERDAY        0.0           0.0  1903   0.0    0.0      0.0
  MONTH TO DATE    0.0                       0.0    0.0      0.0
  SINCE MAR 1      6.9                       1.4    5.5      7.4
  SINCE JUL 1     27.5                      16.5   11.0     22.4
  SNOW DEPTH       0

DEGREE DAYS
 HEATING
  YESTERDAY        0                         3     -3        0
  MONTH TO DATE  194                       170     24       80
  SINCE MAR 1   1169                      1283   -114     1279
  SINCE JUL 1   4050                      4874   -824     5154

 COOLING
  YESTERDAY        6                         3      3        6
  MONTH TO DATE   49                        49      0      112
  SINCE MAR 1     63                        58      5      112
  SINCE JAN 1     63                        58      5      112
..................................................................


WIND (MPH)
  HIGHEST WIND SPEED    15   HIGHEST WIND DIRECTION     S (160)
  HIGHEST GUST SPEED    20   HIGHEST GUST DIRECTION     S (160)
  AVERAGE WIND SPEED     6.9


SKY COVER
  POSSIBLE SUNSHINE  MM
  AVERAGE SKY COVER 0.2


WEATHER CONDITIONS
 THE FOLLOWING WEATHER WAS RECORDED YESTERDAY.
  RAIN
  LIGHT RAIN
  FOG


RELATIVE HUMIDITY (PERCENT)
 HIGHEST    97          1100 PM
 LOWEST     54           900 AM
 AVERAGE    76

..........................................................


THE ATLANTIC CITY NJ CLIMATE NORMALS FOR TODAY
                         NORMAL    RECORD    YEAR
 MAXIMUM TEMPERATURE (F)   76        96      1991
 MINIMUM TEMPERATURE (F)   56        39      1993


SUNRISE AND SUNSET
MAY 30 2016...........SUNRISE   534 AM EDT   SUNSET   818 PM EDT
MAY 31 2016...........SUNRISE   533 AM EDT   SUNSET   819 PM EDT


-  INDICATES NEGATIVE NUMBERS.
R  INDICATES RECORD WAS SET OR TIED.
MM INDICATES DATA IS MISSING.
T  INDICATES TRACE AMOUNT.




$$
