000
CDUS41 KPHI 282127
CLIACY


CLIMATE REPORT
NATIONAL WEATHER SERVICE MOUNT HOLLY NJ
527 PM EDT MON JUL 28 2014


...................................

...THE ATLANTIC CITY NJ CLIMATE SUMMARY FOR JULY 28 2014...
VALID TODAY AS OF 0500 PM LOCAL TIME.

CLIMATE NORMAL PERIOD 1981 TO 2010
CLIMATE RECORD PERIOD 1874 TO 2014


WEATHER ITEM   OBSERVED TIME   RECORD YEAR NORMAL DEPARTURE LAST
                VALUE   (LST)  VALUE       VALUE  FROM      YEAR
                                                  NORMAL
..................................................................
TEMPERATURE (F)
 TODAY
  MAXIMUM         85    113 PM  98    1999  85      0       80
  MINIMUM         67    318 AM  50    1977  67      0       63
  AVERAGE         76                        76      0       72

PRECIPITATION (IN)
  TODAY            0.63          2.05 2012   0.12   0.51     0.40
  MONTH TO DATE    5.09                      3.34   1.75     3.40
  SINCE JUN 1      6.63                      6.45   0.18    10.93
  SINCE JAN 1     26.81                     23.73   3.08    28.49

SNOWFALL (IN)
  TODAY            0.0           0.0  1903   0.0    0.0      0.0
  MONTH TO DATE    0.0                       0.0    0.0      0.0
  SINCE JUN 1      0.0                       0.0    0.0      0.0
  SINCE JUL 1      0.0                       0.0    0.0      0.0
  SNOW DEPTH       0

DEGREE DAYS
 HEATING
  TODAY            0                         0      0        0
  MONTH TO DATE    0                         0      0        0
  SINCE JUN 1     10                        27    -17        8
  SINCE JUL 1      0                         0      0        0

 COOLING
  TODAY           11                        11      0        7
  MONTH TO DATE  277                       313    -36      405
  SINCE JUN 1    473                       516    -43      616
  SINCE JAN 1    509                       580    -71      710
..................................................................


WIND (MPH)
  HIGHEST WIND SPEED    24   HIGHEST WIND DIRECTION     W (280)
  HIGHEST GUST SPEED    30   HIGHEST GUST DIRECTION     W (260)
  AVERAGE WIND SPEED    12.2


SKY COVER
  POSSIBLE SUNSHINE  MM
  AVERAGE SKY COVER 0.5


WEATHER CONDITIONS
 THE FOLLOWING WEATHER WAS RECORDED TODAY.
  THUNDERSTORM
  HEAVY RAIN
  LIGHT RAIN
  FOG
  HAZE


RELATIVE HUMIDITY (PERCENT)
 HIGHEST   100           600 AM
 LOWEST     46           400 PM
 AVERAGE    73

..........................................................


THE ATLANTIC CITY NJ CLIMATE NORMALS FOR TOMORROW
                         NORMAL    RECORD    YEAR
 MAXIMUM TEMPERATURE (F)   85        98      2002
 MINIMUM TEMPERATURE (F)   67        53      1992
                                             1880


SUNRISE AND SUNSET
JULY 28 2014..........SUNRISE   554 AM EDT   SUNSET   815 PM EDT
JULY 29 2014..........SUNRISE   555 AM EDT   SUNSET   814 PM EDT


-  INDICATES NEGATIVE NUMBERS.
R  INDICATES RECORD WAS SET OR TIED.
MM INDICATES DATA IS MISSING.
T  INDICATES TRACE AMOUNT.




$$
