000
CDUS41 KPHI 300628
CLIACY


CLIMATE REPORT
NATIONAL WEATHER SERVICE MOUNT HOLLY NJ
228 AM EDT SAT AUG 30 2014


...................................

...THE ATLANTIC CITY NJ CLIMATE SUMMARY FOR AUGUST 29 2014...

CLIMATE NORMAL PERIOD 1981 TO 2010
CLIMATE RECORD PERIOD 1874 TO 2014


WEATHER ITEM   OBSERVED TIME   RECORD YEAR NORMAL DEPARTURE LAST
                VALUE   (LST)  VALUE       VALUE  FROM      YEAR
                                                  NORMAL
..................................................................
TEMPERATURE (F)
 YESTERDAY
  MAXIMUM         76    144 PM  98    2010  82     -6       79
  MINIMUM         53    537 AM  41    1986  63    -10       65
                                      1982
  AVERAGE         65                        73     -8       72

PRECIPITATION (IN)
  YESTERDAY        0.00          1.39 1936   0.10  -0.10     0.00
  MONTH TO DATE    9.28                      3.90   5.38     2.93
  SINCE JUN 1     15.91                     10.73   5.18    13.86
  SINCE JAN 1     36.09                     28.01   8.08    31.42

SNOWFALL (IN)
  YESTERDAY        0.0           0.0  1903   0.0    0.0      0.0
  MONTH TO DATE    0.0                       0.0    0.0      0.0
  SINCE JUN 1      0.0                       0.0    0.0      0.0
  SINCE JUL 1      0.0                       0.0    0.0      0.0
  SNOW DEPTH       0

DEGREE DAYS
 HEATING
  YESTERDAY        0                         0      0        0
  MONTH TO DATE    0                         0      0        0
  SINCE JUN 1     10                        27    -17        8
  SINCE JUL 1      0                         0      0        0

 COOLING
  YESTERDAY        0                         8     -8        7
  MONTH TO DATE  173                       281   -108      201
  SINCE JUN 1    660                       831   -171      841
  SINCE JAN 1    696                       895   -199      935
..................................................................


WIND (MPH)
  HIGHEST WIND SPEED    12   HIGHEST WIND DIRECTION     E (100)
  HIGHEST GUST SPEED    23   HIGHEST GUST DIRECTION    SE (120)
  AVERAGE WIND SPEED     4.9


SKY COVER
  POSSIBLE SUNSHINE  MM
  AVERAGE SKY COVER 0.1


WEATHER CONDITIONS
 THE FOLLOWING WEATHER WAS RECORDED YESTERDAY.
  NO SIGNIFICANT WEATHER WAS OBSERVED.


RELATIVE HUMIDITY (PERCENT)
 HIGHEST    93           600 AM
 LOWEST     57          1000 AM
 AVERAGE    75

..........................................................


THE ATLANTIC CITY NJ CLIMATE NORMALS FOR TODAY
                         NORMAL    RECORD    YEAR
 MAXIMUM TEMPERATURE (F)   82        96      1973
 MINIMUM TEMPERATURE (F)   63        41      1986


SUNRISE AND SUNSET
AUGUST 30 2014........SUNRISE   625 AM EDT   SUNSET   732 PM EDT
AUGUST 31 2014........SUNRISE   626 AM EDT   SUNSET   731 PM EDT


-  INDICATES NEGATIVE NUMBERS.
R  INDICATES RECORD WAS SET OR TIED.
MM INDICATES DATA IS MISSING.
T  INDICATES TRACE AMOUNT.




$$
