096
CDUS41 KPHI 302126
CLIACY


CLIMATE REPORT
NATIONAL WEATHER SERVICE MOUNT HOLLY NJ
525 PM EDT SUN APR 30 2017


...................................

...THE ATLANTIC CITY NJ CLIMATE SUMMARY FOR APRIL 30 2017...
VALID TODAY AS OF 0500 PM LOCAL TIME.

CLIMATE NORMAL PERIOD 1981 TO 2010
CLIMATE RECORD PERIOD 1874 TO 2017


WEATHER ITEM   OBSERVED TIME   RECORD YEAR NORMAL DEPARTURE LAST
                VALUE   (LST)  VALUE       VALUE  FROM      YEAR
                                                  NORMAL
..................................................................
TEMPERATURE (F)
 TODAY
  MAXIMUM         72   1229 AM  85    2007  67      5       58
                                      1985
  MINIMUM         58    359 PM  30    1992  46     12       46
  AVERAGE         65                        56      9       52

PRECIPITATION (IN)
  TODAY            0.00          2.44 2014   0.10  -0.10     0.00
  MONTH TO DATE    2.97                      3.63  -0.66     2.91
  SINCE MAR 1      8.59                      7.84   0.75     6.03
  SINCE JAN 1     14.14                     13.93   0.21    13.38

SNOWFALL (IN)
  TODAY            0.0           0.0    MM   0.0    0.0      0.0
  MONTH TO DATE    0.0                       0.3   -0.3      1.8
  SINCE MAR 1      0.2                       1.4   -1.2      6.9
  SINCE JUL 1      7.7                      16.5   -8.8     27.5
  SNOW DEPTH       0

DEGREE DAYS
 HEATING
  TODAY            0                         9     -9       13
  MONTH TO DATE  246                       407   -161      444
  SINCE MAR 1    965                      1113   -148      975
  SINCE JUL 1   3961                      4704   -743     3856

 COOLING
  TODAY            0                         1     -1        0
  MONTH TO DATE   32                         9     23       11
  SINCE MAR 1     32                         9     23       14
  SINCE JAN 1     32                         9     23       14
..................................................................


WIND (MPH)
  HIGHEST WIND SPEED    21   HIGHEST WIND DIRECTION     E (100)
  HIGHEST GUST SPEED    28   HIGHEST GUST DIRECTION     E (110)
  AVERAGE WIND SPEED    11.3


SKY COVER
  POSSIBLE SUNSHINE  MM
  AVERAGE SKY COVER 0.7


WEATHER CONDITIONS
 THE FOLLOWING WEATHER WAS RECORDED TODAY.
  NO SIGNIFICANT WEATHER WAS OBSERVED.


RELATIVE HUMIDITY (PERCENT)
 HIGHEST    73          1200 AM
 LOWEST     44           900 AM
 AVERAGE    59

..........................................................


THE ATLANTIC CITY NJ CLIMATE NORMALS FOR TOMORROW
                         NORMAL    RECORD    YEAR
 MAXIMUM TEMPERATURE (F)   67        91      2010
 MINIMUM TEMPERATURE (F)   46        26      1978


SUNRISE AND SUNSET
APRIL 30 2017.........SUNRISE   600 AM EDT   SUNSET   751 PM EDT
MAY  1 2017...........SUNRISE   559 AM EDT   SUNSET   752 PM EDT


-  INDICATES NEGATIVE NUMBERS.
R  INDICATES RECORD WAS SET OR TIED.
MM INDICATES DATA IS MISSING.
T  INDICATES TRACE AMOUNT.




$$
