000
CDUS41 KPHI 292127
CLIACY


CLIMATE REPORT
NATIONAL WEATHER SERVICE MOUNT HOLLY NJ
526 PM EDT FRI APR 29 2016


...................................

...THE ATLANTIC CITY NJ CLIMATE SUMMARY FOR APRIL 29 2016...
VALID TODAY AS OF 0500 PM LOCAL TIME.

CLIMATE NORMAL PERIOD 1981 TO 2010
CLIMATE RECORD PERIOD 1874 TO 2016


WEATHER ITEM   OBSERVED TIME   RECORD YEAR NORMAL DEPARTURE LAST
                VALUE   (LST)  VALUE       VALUE  FROM      YEAR
                                                  NORMAL
..................................................................
TEMPERATURE (F)
 TODAY
  MAXIMUM         52   1159 AM  92    1974  66    -14       77
  MINIMUM         46    149 AM  31    1874  46      0       44
  AVERAGE         49                        56     -7       61

PRECIPITATION (IN)
  TODAY            0.02          1.79 1964   0.11  -0.09     0.00
  MONTH TO DATE    2.90                      3.53  -0.63     2.55
  SINCE MAR 1      6.02                      7.74  -1.72     7.48
  SINCE JAN 1     13.37                     13.83  -0.46    15.54

SNOWFALL (IN)
  TODAY            0.0           0.0  1903   0.0    0.0      0.0
  MONTH TO DATE    1.8                       0.3    1.5      0.0
  SINCE MAR 1      6.9                       1.4    5.5      7.4
  SINCE JUL 1     27.5                      16.5   11.0     22.4
  SNOW DEPTH       0

DEGREE DAYS
 HEATING
  TODAY           16                        10      6        4
  MONTH TO DATE  431                       398     33      366
  SINCE MAR 1    962                      1104   -142     1193
  SINCE JUL 1   3843                      4695   -852     5068

 COOLING
  TODAY            0                         1     -1        0
  MONTH TO DATE   11                         3      8        0
  SINCE MAR 1     14                         3     11        0
  SINCE JAN 1     14                         3     11        0
..................................................................


WIND (MPH)
  HIGHEST WIND SPEED    20   HIGHEST WIND DIRECTION    NE (60)
  HIGHEST GUST SPEED    27   HIGHEST GUST DIRECTION     E (80)
  AVERAGE WIND SPEED    10.4


SKY COVER
  POSSIBLE SUNSHINE  MM
  AVERAGE SKY COVER 1.0


WEATHER CONDITIONS
 THE FOLLOWING WEATHER WAS RECORDED TODAY.
  LIGHT RAIN
  FOG
  HAZE


RELATIVE HUMIDITY (PERCENT)
 HIGHEST   100           300 AM
 LOWEST     71          1200 PM
 AVERAGE    86

..........................................................


THE ATLANTIC CITY NJ CLIMATE NORMALS FOR TOMORROW
                         NORMAL    RECORD    YEAR
 MAXIMUM TEMPERATURE (F)   67        85      2007
                                             1985
 MINIMUM TEMPERATURE (F)   46        30      1992


SUNRISE AND SUNSET
APRIL 29 2016.........SUNRISE   601 AM EDT   SUNSET   750 PM EDT
APRIL 30 2016.........SUNRISE   600 AM EDT   SUNSET   751 PM EDT


-  INDICATES NEGATIVE NUMBERS.
R  INDICATES RECORD WAS SET OR TIED.
MM INDICATES DATA IS MISSING.
T  INDICATES TRACE AMOUNT.




$$
