719
CDAK48 PAFC 021510 RRB
CLIADQ

CLIMATE REPORT
NATIONAL WEATHER SERVICE ANCHORAGE, AK
609 AM AKST FRI DEC 2 2016


...................................

...THE KODIAK CLIMATE SUMMARY FOR DECEMBER 1 2016...

CLIMATE NORMAL PERIOD 1981 TO 2010
CLIMATE RECORD PERIOD 1913 TO 2016


WEATHER ITEM   OBSERVED TIME   RECORD YEAR NORMAL DEPARTURE LAST
                VALUE   (LST)  VALUE       VALUE  FROM      YEAR
                                                  NORMAL
..................................................................
TEMPERATURE (F)
 YESTERDAY
  MAXIMUM         36    137 PM  47    2004  37     -1       43
  MINIMUM         33   1000 AM   5    1988  27      6       34
  AVERAGE         35                        32      3       39

PRECIPITATION (IN)
  YESTERDAY        0.03          1.35 2015   0.27  -0.24     1.35
  MONTH TO DATE    0.03                      0.27  -0.24     1.35
  SINCE DEC 1      0.03                      0.27  -0.24     1.35
  SINCE JAN 1     77.21                     69.54   7.67    71.57

SNOWFALL (IN)
  YESTERDAY        0.5          10.4  1990   0.4    0.1       T
  MONTH TO DATE    0.5                       0.4    0.1       T
  SINCE DEC 1      0.5                       0.4    0.1       T
  SINCE JUL 1      2.5                       7.9   -5.4      1.0
  SNOW DEPTH       1

DEGREE DAYS
 HEATING
  YESTERDAY       30                        33     -3       26
  MONTH TO DATE   30                        33     -3       26
  SINCE DEC 1     30                        33     -3       26
  SINCE JUL 1   2232                      2828   -596     2244

 COOLING
  YESTERDAY        0                         0      0        0
  MONTH TO DATE    0                         0      0        0
  SINCE DEC 1      0                         0      0        0
  SINCE JAN 1     29                         1     28        1
..................................................................


WIND (MPH)
  RESULTANT WIND SPEED  12   RESULTANT WIND DIRECTION  NW (300)
  HIGHEST WIND SPEED    25   HIGHEST WIND DIRECTION    NW (300)
  HIGHEST GUST SPEED    33   HIGHEST GUST DIRECTION     W (290)
  AVERAGE WIND SPEED    12.3



WEATHER CONDITIONS
 THE FOLLOWING WEATHER WAS RECORDED YESTERDAY.
  LIGHT RAIN
  LIGHT SNOW
  FOG


RELATIVE HUMIDITY (PERCENT)
 HIGHEST    96
 LOWEST     82
 AVERAGE    89

..........................................................


THE KODIAK CLIMATE NORMALS FOR TODAY
                         NORMAL    RECORD    YEAR
 MAXIMUM TEMPERATURE (F)   37        47      2011
 MINIMUM TEMPERATURE (F)   27         1      1968


SUNRISE AND SUNSET
DECEMBER  2 2016......SUNRISE   931 AM AKST  SUNSET   428 PM AKST
DECEMBER  3 2016......SUNRISE   933 AM AKST  SUNSET   427 PM AKST


-  INDICATES NEGATIVE NUMBERS.
R  INDICATES RECORD WAS SET OR TIED.
MM INDICATES DATA IS MISSING.
T  INDICATES TRACE AMOUNT.




$$
