000
CDAK48 PAFC 281235
CLIADQ


CLIMATE REPORT
NATIONAL WEATHER SERVICE ANCHORAGE, AK
435 AM AKDT TUE MAR 28 2017


...................................

...THE KODIAK CLIMATE SUMMARY FOR MARCH 27 2017...

CLIMATE NORMAL PERIOD 1981 TO 2010
CLIMATE RECORD PERIOD 1913 TO 2017


WEATHER ITEM   OBSERVED TIME   RECORD YEAR NORMAL DEPARTURE LAST
                VALUE   (LST)  VALUE       VALUE  FROM      YEAR
                                                  NORMAL
..................................................................
TEMPERATURE (F)
 YESTERDAY
  MAXIMUM         40    426 PM  50    1934  39      1       47
                                      1924
  MINIMUM         30   1159 PM  12    1925  29      1       29
  AVERAGE         35                        34      1       38

PRECIPITATION (IN)
  YESTERDAY        0.02          1.01 1966   0.18  -0.16     0.03
  MONTH TO DATE    0.03                      4.83  -4.80     6.01
  SINCE MAR 1      0.03                      4.83  -4.80     6.01
  SINCE JAN 1      5.57                     19.26 -13.69    28.61

SNOWFALL (IN)
  YESTERDAY        0.2           6.6  1966   0.4   -0.2      0.0
  MONTH TO DATE    0.5                       9.9   -9.4      3.6
  SINCE MAR 1      0.5                       9.9   -9.4      3.6
  SINCE JUL 1     26.3                      59.3  -33.0     20.6
  SNOW DEPTH       T

DEGREE DAYS
 HEATING
  YESTERDAY       30                        31     -1       27
  MONTH TO DATE  986                       874    112      522
  SINCE MAR 1    986                       874    112      522
  SINCE JUL 1   6327                      6746   -419     5030

 COOLING
  YESTERDAY        0                         0      0        0
  MONTH TO DATE    0                         0      0        0
  SINCE MAR 1      0                         0      0        0
  SINCE JAN 1      0                         0      0        0
..................................................................


WIND (MPH)
  RESULTANT WIND SPEED   7   RESULTANT WIND DIRECTION  NW (310)
  HIGHEST WIND SPEED    16   HIGHEST WIND DIRECTION     W (290)
  HIGHEST GUST SPEED    21   HIGHEST GUST DIRECTION     N (10)
  AVERAGE WIND SPEED     7.9



WEATHER CONDITIONS
 THE FOLLOWING WEATHER WAS RECORDED YESTERDAY.
  LIGHT SNOW
  FOG
  HAZE


RELATIVE HUMIDITY (PERCENT)
 HIGHEST    92
 LOWEST     59
 AVERAGE    76

..........................................................


THE KODIAK CLIMATE NORMALS FOR TODAY
                         NORMAL    RECORD    YEAR
 MAXIMUM TEMPERATURE (F)   39        53      1970
 MINIMUM TEMPERATURE (F)   29         7      1952


SUNRISE AND SUNSET
MARCH 28 2017.........SUNRISE   748 AM AKDT  SUNSET   843 PM AKDT
MARCH 29 2017.........SUNRISE   745 AM AKDT  SUNSET   845 PM AKDT


-  INDICATES NEGATIVE NUMBERS.
R  INDICATES RECORD WAS SET OR TIED.
MM INDICATES DATA IS MISSING.
T  INDICATES TRACE AMOUNT.




$$
