823
CDAK48 PADQ 061131
CLIADQ

CLIMATE REPORT
NATIONAL WEATHER SERVICE KODIAK, AK
231 AM AKST SAT FEB 6 2016

...................................
...THE KODIAK AP CLIMATE SUMMARY FOR FEBRUARY 5 2016...

CLIMATE NORMAL PERIOD  1981 TO  2010
CLIMATE RECORD PERIOD  1913 TO  2016

WEATHER ITEM   OBSERVED TIME    RECORD YEAR NORMAL DEPARTURE LAST
               VALUE    (LST)   VALUE       VALUE  FROM      YEAR
                                                   NORMAL
...................................................................
TEMPERATURE
YESTERDAY
 MAXIMUM            38  0222 PM    49  1957     35       3     36
 MINIMUM            26  0824 PM     0  1999     26       0     31
 AVERAGE            32                          30       2     34

PRECIPITATION
(INCHES)
 YESTERDAY           T           1.32  1962   0.24   -0.24      T
 MONTH TO DATE    1.73                        1.18    0.55   0.07
 SINCE DEC 1     24.42                       18.20    6.22  23.99
 SINCE JAN 1     12.14                        9.47    2.67  10.20

SNOWFALL
(INCHES)
 YESTERDAY         0.0            8.8  1969    0.5    -0.5      T
 MONTH TO DATE       T                         2.6    -2.6      T
 SINCE DEC 1      15.0                        29.4   -14.4    4.5
 SINCE JUL 1        MM                        36.9      MM    5.2
 SNOW DEPTH (IN)     0                                          0

DEGREE DAYS
 HEATING
  YESTERDAY         33                          35      -2     31
  MONTH TO DATE    151                         175     -24    150
  SINCE DEC 1     1957                        2297    -340   1853
  SINCE JUL 1     4253                        5089    -836   4249

 COOLING
  YESTERDAY          0                           0       0      0
  MONTH TO DATE      0                           0       0      0
  SINCE DEC 1        0                           0       0      0
  SINCE JAN 1        0                           0       0      0
...................................................................

WIND (MPH)
 HIGHEST WIND SPEED    21     HIGHEST WIND DIRECTION    100
 HIGHEST GUST SPEED    24     HIGHEST GUST DIRECTION    150
 AVERAGE WIND SPEED   7.9

SKY COVER
  POSSIBLE SUNSHINE    MM          AVERAGE SKY COVER     MM

WEATHER CONDITIONS
 THE FOLLOWING WEATHER WAS RECORDED YESTERDAY.
  FOG
RAIN
SNOW


RELATIVE HUMIDITY
 HIGHEST RH     MM PERCENT       MM
 LOWEST  RH     MM PERCENT       MM
 AVERAGE RH     MM PERCENT       MM
...................................................................

THE KODIAK CLIMATE NORMALS FOR TODAY
                           NORMAL    RECORD   YEAR
 MAXIMUM TEMPERATURE (F)     35        48     1982
 MINIMUM TEMPERATURE (F)     26        -1     1993

SUNRISE AND SUNSET
 FEB 6 2016..........SUNRISE  9:03 AM      SUNSET  5:47 PM
 FEB 7 2016..........SUNRISE  9:00 AM      SUNSET  5:50 PM

-  INDICATES NEGATIVE NUMBERS.
R  INDICATES RECORD HAS BEEN SET OR TIED.
MM INDICATES DATA IS MISSING.
T  INDICATES TRACE OF PRECIPITATION.

&&
-------------------------------------------------------------------

AMOUNT OF DAYLIGHT TODAY  (HOUR:MIN)........8 HOURS 44 MINUTES
GAIN/LOSS SINCE YESTERDAY (HOUR:MIN:SEC)....+0:04:35

$$
JTS FEB 16
