526
CDAK48 PADQ 291354
CLIADQ

CLIMATE REPORT
NATIONAL WEATHER SERVICE KODIAK, AK
554 AM AKDT FRI JUL 29 2016

...................................
...THE KODIAK AP CLIMATE SUMMARY FOR JULY 28 2016...

CLIMATE NORMAL PERIOD  1981 TO  2010
CLIMATE RECORD PERIOD  1913 TO  2016

WEATHER ITEM   OBSERVED TIME    RECORD YEAR NORMAL DEPARTURE LAST
               VALUE    (LST)   VALUE       VALUE  FROM      YEAR
                                                   NORMAL
...................................................................
TEMPERATURE
YESTERDAY
 MAXIMUM            63  0343 PM    82  1987     61       2     65
 MINIMUM            53  1159 PM    40  1971     50       3     55
 AVERAGE            58                          56       2     60

PRECIPITATION
(INCHES)
 YESTERDAY        0.17           1.47  2009   0.14    0.03   0.00
 MONTH TO DATE    2.46                        4.49   -2.03   3.17
 SINCE JUN 1      5.94                       10.40   -4.46   6.25
 SINCE JAN 1     48.72                       41.79    6.93  45.37

SNOWFALL
(INCHES)
 YESTERDAY         0.0            0.0  2016    0.0     0.0    0.0
 MONTH TO DATE     0.0                         0.0     0.0    0.0
 SINCE JUN 1       0.0                         0.0     0.0    0.0
 SINCE JUL 1       0.0                         0.0     0.0    0.0
 SNOW DEPTH (IN)     0                                          0

DEGREE DAYS
 HEATING
  YESTERDAY          7                           9      -2      5
  MONTH TO DATE    148                         299    -151    204
  SINCE JUN 1      474                         760    -286    515
  SINCE JUL 1      148                         299    -151    204

 COOLING
  YESTERDAY          0                           0       0      0
  MONTH TO DATE     20                           0      20      0
  SINCE JUN 1       20                           0      20      1
  SINCE JAN 1       20                           0      20      1
...................................................................

WIND (MPH)
 HIGHEST WIND SPEED    15     HIGHEST WIND DIRECTION    290
 HIGHEST GUST SPEED    20     HIGHEST GUST DIRECTION    340
 AVERAGE WIND SPEED   7.1

SKY COVER
  POSSIBLE SUNSHINE    MM          AVERAGE SKY COVER     MM

WEATHER CONDITIONS
 THE FOLLOWING WEATHER WAS RECORDED YESTERDAY.
  FOG
RAIN


RELATIVE HUMIDITY
 HIGHEST RH     MM PERCENT       MM
 LOWEST  RH     MM PERCENT       MM
 AVERAGE RH     MM PERCENT       MM
...................................................................

THE KODIAK CLIMATE NORMALS FOR TODAY
                           NORMAL    RECORD   YEAR
 MAXIMUM TEMPERATURE (F)     61        74     1999
 MINIMUM TEMPERATURE (F)     50        43     1978

SUNRISE AND SUNSET
 JUL 29 2016..........SUNRISE  6:01 AM      SUNSET 10:32 PM
 JUL 30 2016..........SUNRISE  6:03 AM      SUNSET 10:30 PM

-  INDICATES NEGATIVE NUMBERS.
R  INDICATES RECORD HAS BEEN SET OR TIED.
MM INDICATES DATA IS MISSING.
T  INDICATES TRACE OF PRECIPITATION.

&&
-------------------------------------------------------------------

AMOUNT OF DAYLIGHT TODAY  (HOUR:MIN)........16 HOURS 31 MINUTES
GAIN/LOSS SINCE YESTERDAY (HOUR:MIN:SEC)....-0:04:07

$$
CSB JUL 16
