104
CDAK48 PAFC 211324
CLIADQ

CLIMATE REPORT
NATIONAL WEATHER SERVICE ANCHORAGE, AK
423 AM AKST SAT JAN 21 2017


...................................

...THE KODIAK CLIMATE SUMMARY FOR JANUARY 20 2017...

CLIMATE NORMAL PERIOD 1981 TO 2010
CLIMATE RECORD PERIOD 1913 TO 2017


WEATHER ITEM   OBSERVED TIME   RECORD YEAR NORMAL DEPARTURE LAST
                VALUE   (LST)  VALUE       VALUE  FROM      YEAR
                                                  NORMAL
..................................................................
TEMPERATURE (F)
 YESTERDAY
  MAXIMUM         35    644 AM  49    1937  35      0       39
  MINIMUM         17   1250 AM  -5    1968  26     -9       32
  AVERAGE         26                        30     -4       36

PRECIPITATION (IN)
  YESTERDAY        0.27          1.21 2014   0.27   0.00     0.33
  MONTH TO DATE    0.80                      5.53  -4.73     5.23
  SINCE DEC 1      4.91                     14.26  -9.35    17.50
  SINCE JAN 1      0.80                      5.53  -4.73     5.23

SNOWFALL (IN)
  YESTERDAY        2.7           6.5  2007   0.5    2.2       T
  MONTH TO DATE    3.3                       7.9   -4.6       T
  SINCE DEC 1      6.9                      21.7  -14.8     14.9
  SINCE JUL 1      8.9                      29.2  -20.3     15.9
  SNOW DEPTH       3

DEGREE DAYS
 HEATING
  YESTERDAY       39                        35      4       29
  MONTH TO DATE  750                       688     62      486
  SINCE DEC 1   1783                      1736     47     1391
  SINCE JUL 1   3985                      4531   -546     3609

 COOLING
  YESTERDAY        0                         0      0        0
  MONTH TO DATE    0                         0      0        0
  SINCE DEC 1      0                         0      0        0
  SINCE JAN 1      0                         0      0        0
..................................................................


WIND (MPH)
  RESULTANT WIND SPEED   2   RESULTANT WIND DIRECTION  SW (240)
  HIGHEST WIND SPEED    22   HIGHEST WIND DIRECTION     S (160)
  HIGHEST GUST SPEED    27   HIGHEST GUST DIRECTION    SE (150)
  AVERAGE WIND SPEED     4.6



WEATHER CONDITIONS
 THE FOLLOWING WEATHER WAS RECORDED YESTERDAY.
  SNOW
  LIGHT SNOW
  FOG


RELATIVE HUMIDITY (PERCENT)
 HIGHEST   100
 LOWEST     61
 AVERAGE    81

..........................................................


THE KODIAK CLIMATE NORMALS FOR TODAY
                         NORMAL    RECORD    YEAR
 MAXIMUM TEMPERATURE (F)   35        49      1937
 MINIMUM TEMPERATURE (F)   26        -4      1968


SUNRISE AND SUNSET
JANUARY 21 2017.......SUNRISE   932 AM AKST  SUNSET   512 PM AKST
JANUARY 22 2017.......SUNRISE   930 AM AKST  SUNSET   514 PM AKST

CIVIL TWILIGHT
JANUARY 21 2017         START    846 AM GMT     END    558 PM GMT
JANUARY 22 2017         START    845 AM GMT     END    600 PM GMT



-  INDICATES NEGATIVE NUMBERS.
R  INDICATES RECORD WAS SET OR TIED.
MM INDICATES DATA IS MISSING.
T  INDICATES TRACE AMOUNT.




$$
&&
------------------------------------------------------
AMOUNT OF DAYLIGHT TODAY  (HOUR:MIN)........ 7:40
GAIN/LOSS SINCE YESTERDAY (HOUR:MIN:SEC)....+0:03:48

$$
