003
CDAK48 PAFC 211304
CLIADQ

CLIMATE REPORT
NATIONAL WEATHER SERVICE ANCHORAGE, AK
403 AM AKST TUE FEB 21 2017


...................................

...THE KODIAK CLIMATE SUMMARY FOR FEBRUARY 20 2017...

CLIMATE NORMAL PERIOD 1981 TO 2010
CLIMATE RECORD PERIOD 1913 TO 2017


WEATHER ITEM   OBSERVED TIME   RECORD YEAR NORMAL DEPARTURE LAST
                VALUE   (LST)  VALUE       VALUE  FROM      YEAR
                                                  NORMAL
..................................................................
TEMPERATURE (F)
 YESTERDAY
  MAXIMUM         24    258 PM  48    1942  36    -12       MM
                                      1919
  MINIMUM         18    726 PM   0    1975  26     -8       MM
  AVERAGE         21                        31    -10       MM

PRECIPITATION (IN)
  YESTERDAY        0.00          2.32 2015   0.20  -0.20     0.32
  MONTH TO DATE    2.50                      4.48  -1.98     7.74
  SINCE DEC 1      9.56                     21.50 -11.94    29.84
  SINCE JAN 1      5.45                     12.77  -7.32    17.57

SNOWFALL (IN)
  YESTERDAY        0.0           7.4  1975   0.5   -0.5       T
  MONTH TO DATE    7.4                      10.8   -3.4       T
  SINCE DEC 1     18.4                      37.6  -19.2     15.0
  SINCE JUL 1     20.4                      45.1  -24.7     16.0
  SNOW DEPTH       3

DEGREE DAYS
 HEATING
  YESTERDAY       44                        34     10       MM
  MONTH TO DATE  677                       689    -12      406
  SINCE DEC 1   2842                      2808     34     2063
  SINCE JUL 1   5044                      5603   -559     4281

 COOLING
  YESTERDAY        0                         0      0       MM
  MONTH TO DATE    0                         0      0        0
  SINCE DEC 1      0                         0      0        0
  SINCE JAN 1      0                         0      0        0
..................................................................


WIND (MPH)
  RESULTANT WIND SPEED  11   RESULTANT WIND DIRECTION   W (290)
  HIGHEST WIND SPEED    21   HIGHEST WIND DIRECTION     W (280)
  HIGHEST GUST SPEED    28   HIGHEST GUST DIRECTION    NW (320)
  AVERAGE WIND SPEED    11.3



WEATHER CONDITIONS
 THE FOLLOWING WEATHER WAS RECORDED YESTERDAY.
  NO SIGNIFICANT WEATHER WAS OBSERVED.


RELATIVE HUMIDITY (PERCENT)
 HIGHEST    67
 LOWEST     52
 AVERAGE    60

..........................................................


THE KODIAK CLIMATE NORMALS FOR TODAY
                         NORMAL    RECORD    YEAR
 MAXIMUM TEMPERATURE (F)   36        52      1944
 MINIMUM TEMPERATURE (F)   26         3      2002


SUNRISE AND SUNSET
FEBRUARY 21 2017......SUNRISE   824 AM AKST  SUNSET   624 PM AKST
FEBRUARY 22 2017......SUNRISE   821 AM AKST  SUNSET   627 PM AKST

CIVIL TWILIGHT
FEBRUARY 21 2017        START    744 AM GMT     END    705 PM GMT
FEBRUARY 22 2017        START    742 AM GMT     END    707 PM GMT



-  INDICATES NEGATIVE NUMBERS.
R  INDICATES RECORD WAS SET OR TIED.
MM INDICATES DATA IS MISSING.
T  INDICATES TRACE AMOUNT.




$$
&&
------------------------------------------------------
AMOUNT OF DAYLIGHT TODAY  (HOUR:MIN)........10:00
GAIN/LOSS SINCE YESTERDAY (HOUR:MIN:SEC)....+0:04:54
