000
CDAK48 PADQ 260902
CLIADQ

CLIMATE REPORT
NATIONAL WEATHER SERVICE KODIAK, AK
102 AM AKDT SAT JUL 26 2014

...................................
...THE KODIAK AP CLIMATE SUMMARY FOR JULY 25 2014...

CLIMATE NORMAL PERIOD  1981 TO  2010
CLIMATE RECORD PERIOD  1949 TO  2014

WEATHER ITEM   OBSERVED TIME    RECORD YEAR NORMAL DEPARTURE LAST
               VALUE    (LST)   VALUE       VALUE  FROM      YEAR
                                                   NORMAL
...................................................................
TEMPERATURE
YESTERDAY
 MAXIMUM            59  0729 PM    80  1966     61      -2     72
 MINIMUM            49  1159 PM    43  2012     50      -1     54
 AVERAGE            54                          56      -2     63

PRECIPITATION
(INCHES)
 YESTERDAY        0.06           2.53  2009   0.16   -0.10   0.00
 MONTH TO DATE    2.22                        4.05   -1.83   1.04
 SINCE JUN 1      8.44                        9.96   -1.52   5.15
 SINCE JAN 1     41.97                       41.35    0.62  30.59

SNOWFALL
(INCHES)
 YESTERDAY         0.0            0.0  2014    0.0     0.0    0.0
 MONTH TO DATE     0.0                         0.0     0.0    0.0
 SINCE JUN 1       0.0                         0.0     0.0    0.0
 SINCE JUL 1       0.0                         0.0     0.0    0.0
 SNOW DEPTH (IN)     0                                          0

DEGREE DAYS
 HEATING
  YESTERDAY         11                          10       1      2
  MONTH TO DATE    197                         272     -75    175
  SINCE JUN 1      619                         733    -114    506
  SINCE JUL 1      197                         272     -75    175

 COOLING
  YESTERDAY          0                           0       0      0
  MONTH TO DATE      0                           0       0      3
  SINCE JUN 1        0                           0       0      6
  SINCE JAN 1        4                           0       4      6
...................................................................

WIND (MPH)
 HIGHEST WIND SPEED     8     HIGHEST WIND DIRECTION    280
 HIGHEST GUST SPEED    25     HIGHEST GUST DIRECTION    340
 AVERAGE WIND SPEED   2.8

SKY COVER
  POSSIBLE SUNSHINE    MM          AVERAGE SKY COVER     MM

WEATHER CONDITIONS
 THE FOLLOWING WEATHER WAS RECORDED YESTERDAY.
  FOG
RAIN


RELATIVE HUMIDITY
 HIGHEST RH     MM PERCENT       MM
 LOWEST  RH     MM PERCENT       MM
 AVERAGE RH     MM PERCENT       MM
...................................................................

THE KODIAK CLIMATE NORMALS FOR TODAY
                           NORMAL    RECORD   YEAR
 MAXIMUM TEMPERATURE (F)     61        76     1987
 MINIMUM TEMPERATURE (F)     50        41     1996

SUNRISE AND SUNSET
 JUL 26 2014..........SUNRISE  5:54 AM      SUNSET 10:39 PM
 JUL 27 2014..........SUNRISE  5:56 AM      SUNSET 10:37 PM

-  INDICATES NEGATIVE NUMBERS.
R  INDICATES RECORD HAS BEEN SET OR TIED.
MM INDICATES DATA IS MISSING.
T  INDICATES TRACE OF PRECIPITATION.

&&
-------------------------------------------------------------------

AMOUNT OF DAYLIGHT TODAY  (HOUR:MIN)........16 HOURS 45 MINUTES
GAIN/LOSS SINCE YESTERDAY (HOUR:MIN:SEC)....-0:03:55

$$
*** JUL 14
