000
CDAK48 PADQ 020922
CLIADQ

CLIMATE REPORT
NATIONAL WEATHER SERVICE KODIAK, AK
123 AM AKDT TUE JUN 2 2015

...................................
...THE KODIAK AP CLIMATE SUMMARY FOR JUNE 1 2015...

CLIMATE NORMAL PERIOD  1981 TO  2010
CLIMATE RECORD PERIOD  1949 TO  2015

WEATHER ITEM   OBSERVED TIME    RECORD YEAR NORMAL DEPARTURE LAST
               VALUE    (LST)   VALUE       VALUE  FROM      YEAR
                                                   NORMAL
...................................................................
TEMPERATURE
YESTERDAY
 MAXIMUM            66  0548 PM    67  1984     53      13     54
 MINIMUM            50  1159 PM    33  1968     42       8     41
 AVERAGE            58                          47      11     48

PRECIPITATION
(INCHES)
 YESTERDAY        0.00           1.85  2008   0.21   -0.21      T
 MONTH TO DATE    0.00                        0.21   -0.21      T
 SINCE JUN 1      0.00                        0.21   -0.21   0.00
 SINCE JAN 1     39.12                       31.60    7.52  33.53

SNOWFALL
(INCHES)
 YESTERDAY         0.0            0.0  2015    0.0     0.0    0.0
 MONTH TO DATE     0.0                         0.0     0.0    0.0
 SINCE JUN 1       0.0                         0.0     0.0    0.0
 SINCE JUL 1      20.1                        68.9   -48.8     MM
 SNOW DEPTH (IN)     0                                          0

DEGREE DAYS
 HEATING
  YESTERDAY          7                          18     -11     17
  MONTH TO DATE      7                          18     -11     17
  SINCE JUN 1        7                          18     -11     17
  SINCE JUL 1     7126                        8352   -1226   7494

 COOLING
  YESTERDAY          0                           0       0      0
  MONTH TO DATE      0                           0       0      0
  SINCE JUN 1        0                           0       0      0
  SINCE JAN 1        0                           0       0      4
...................................................................

WIND (MPH)
 HIGHEST WIND SPEED    15     HIGHEST WIND DIRECTION    180
 HIGHEST GUST SPEED    19     HIGHEST GUST DIRECTION    180
 AVERAGE WIND SPEED   7.1

SKY COVER
  POSSIBLE SUNSHINE    MM          AVERAGE SKY COVER     MM

WEATHER CONDITIONS
 THE FOLLOWING WEATHER WAS RECORDED YESTERDAY.
  NO SIGNIFICANT WEATHER WAS OBSERVED.

RELATIVE HUMIDITY
 HIGHEST RH     MM PERCENT       MM
 LOWEST  RH     MM PERCENT       MM
 AVERAGE RH     MM PERCENT       MM
...................................................................

THE KODIAK CLIMATE NORMALS FOR TODAY
                           NORMAL    RECORD   YEAR
 MAXIMUM TEMPERATURE (F)     53        69     1957
 MINIMUM TEMPERATURE (F)     42        30     1968

SUNRISE AND SUNSET
 JUN 2 2015..........SUNRISE  5:18 AM      SUNSET 11:00 PM
 JUN 3 2015..........SUNRISE  5:17 AM      SUNSET 11:01 PM

-  INDICATES NEGATIVE NUMBERS.
R  INDICATES RECORD HAS BEEN SET OR TIED.
MM INDICATES DATA IS MISSING.
T  INDICATES TRACE OF PRECIPITATION.

&&
-------------------------------------------------------------------

AMOUNT OF DAYLIGHT TODAY  (HOUR:MIN)........17 HOURS 42 MINUTES
GAIN/LOSS SINCE YESTERDAY (HOUR:MIN:SEC)....+0:02:37

$$
*** JUN 15
