000
CDAK48 PADQ 260910
CLIADQ

CLIMATE REPORT
NATIONAL WEATHER SERVICE KODIAK, AK
1210 AM AKST FRI DEC 26 2014

...................................
...THE KODIAK AP CLIMATE SUMMARY FOR DECEMBER 25 2014...

CLIMATE NORMAL PERIOD  1981 TO  2010
CLIMATE RECORD PERIOD  1949 TO  2014

WEATHER ITEM   OBSERVED TIME    RECORD YEAR NORMAL DEPARTURE LAST
               VALUE    (LST)   VALUE       VALUE  FROM      YEAR
                                                   NORMAL
...................................................................
TEMPERATURE
YESTERDAY
 MAXIMUM            40  0450 PM    47  1990     36       4     32
 MINIMUM            30  1136 PM     3  2012     26       4     30
 AVERAGE            35                          31       4     31

PRECIPITATION
(INCHES)
 YESTERDAY        0.02           1.71  2000   0.26   -0.24      T
 MONTH TO DATE    7.27                        7.07    0.20   2.29
 SINCE DEC 1      7.27                        7.07    0.20   2.29
 SINCE JAN 1     82.92                       76.34    6.58  63.30

SNOWFALL
(INCHES)
 YESTERDAY         0.0            4.2  1994    0.4    -0.4      T
 MONTH TO DATE     0.3                        11.5   -11.2   11.4
 SINCE DEC 1       0.3                        11.5   -11.2   11.4
 SINCE JUL 1       1.0                        19.0   -18.0   18.7
 SNOW DEPTH (IN)     0                                          3

DEGREE DAYS
 HEATING
  YESTERDAY         30                          34      -4     34
  MONTH TO DATE    663                         845    -182    853
  SINCE DEC 1      663                         845    -182    853
  SINCE JUL 1     3059                        3637    -578   3260

 COOLING
  YESTERDAY          0                           0       0      0
  MONTH TO DATE      0                           0       0      0
  SINCE DEC 1        0                           0       0      0
  SINCE JAN 1        4                           0       4      6
...................................................................

WIND (MPH)
 HIGHEST WIND SPEED    20     HIGHEST WIND DIRECTION    230
 HIGHEST GUST SPEED    25     HIGHEST GUST DIRECTION    230
 AVERAGE WIND SPEED   7.5

SKY COVER
  POSSIBLE SUNSHINE    MM          AVERAGE SKY COVER     MM

WEATHER CONDITIONS
 THE FOLLOWING WEATHER WAS RECORDED YESTERDAY.
  RAIN


RELATIVE HUMIDITY
 HIGHEST RH     MM PERCENT       MM
 LOWEST  RH     MM PERCENT       MM
 AVERAGE RH     MM PERCENT       MM
...................................................................

THE KODIAK CLIMATE NORMALS FOR TODAY
                           NORMAL    RECORD   YEAR
 MAXIMUM TEMPERATURE (F)     36        45     1984
 MINIMUM TEMPERATURE (F)     26         3     1957

SUNRISE AND SUNSET
 DEC 26 2014..........SUNRISE  9:55 AM      SUNSET  4:28 PM
 DEC 27 2014..........SUNRISE  9:55 AM      SUNSET  4:29 PM

-  INDICATES NEGATIVE NUMBERS.
R  INDICATES RECORD HAS BEEN SET OR TIED.
MM INDICATES DATA IS MISSING.
T  INDICATES TRACE OF PRECIPITATION.

&&
-------------------------------------------------------------------

AMOUNT OF DAYLIGHT TODAY  (HOUR:MIN)........6 HOURS 33 MINUTES
GAIN/LOSS SINCE YESTERDAY (HOUR:MIN:SEC)....+0:00:41

$$
*** DEC 14
