000
CDAK48 PADQ 312337
CLIADQ

CLIMATE REPORT
NATIONAL WEATHER SERVICE KODIAK, AK
337 PM AKDT WED AUG 31 2016

...................................
...THE KODIAK AP CLIMATE SUMMARY FOR AUGUST 31 2016...
VALID TODAY AS OF 2:00 PM LOCAL TIME

CLIMATE NORMAL PERIOD  1981 TO  2010
CLIMATE RECORD PERIOD  1913 TO  2016

WEATHER ITEM   OBSERVED TIME    RECORD YEAR NORMAL DEPARTURE LAST
               VALUE    (LST)   VALUE       VALUE  FROM      YEAR
                                                   NORMAL
...................................................................
TEMPERATURE
TODAY
 MAXIMUM            66  1256 PM    75  1930     60       6     59
 MINIMUM            45  0326 AM    36  1919     47      -2     50
 AVERAGE            56                          54       2     55

PRECIPITATION
(INCHES)
 TODAY            0.00           2.38  1998   0.18   -0.18   0.00
 MONTH TO DATE    3.28                        4.56   -1.28   2.01
 SINCE JUN 1      9.22                       15.40   -6.18   8.41
 SINCE JAN 1     52.00                       46.79    5.21  47.53

SNOWFALL
(INCHES)
 TODAY             0.0            0.0  2016    0.0     0.0    0.0
 MONTH TO DATE     0.0                         0.0     0.0    0.0
 SINCE JUN 1       0.0                         0.0     0.0    0.0
 SINCE JUL 1       0.0                         0.0     0.0    0.0
 SNOW DEPTH (IN)     0                                          0

DEGREE DAYS
 HEATING
  TODAY              9                          12      -3     10
  MONTH TO DATE    194                         304    -110    187
  SINCE JUN 1      691                        1091    -400    725
  SINCE JUL 1      365                         630    -265    414

 COOLING
  TODAY              0                           0       0      0
  MONTH TO DATE      9                           0       9      0
  SINCE JUN 1       29                           0      29      1
  SINCE JAN 1       29                           0      29      1
...................................................................

WIND (MPH)
 HIGHEST WIND SPEED     9     HIGHEST WIND DIRECTION     60
 HIGHEST GUST SPEED    11     HIGHEST GUST DIRECTION     70
 AVERAGE WIND SPEED    MM

SKY COVER
  POSSIBLE SUNSHINE  MM            AVERAGE SKY COVER MM

WEATHER CONDITIONS
 THE FOLLOWING WEATHER WAS RECORDED TODAY.
NO SIGNIFICANT WEATHER WAS OBSERVED.

RELATIVE HUMIDITY
 HIGHEST RH     MM PERCENT       MM
 LOWEST  RH     MM PERCENT       MM
 AVERAGE RH     MM PERCENT       MM
...................................................................

THE KODIAK CLIMATE NORMALS FOR TOMORROW
                        NORMAL    RECORD   YEAR
 MAXIMUM TEMPERATURE      60        76     1942
 MINIMUM TEMPERATURE      47        37     1988

SUNRISE AND SUNSET
 AUG 31 2016..........SUNRISE  7:10 AM      SUNSET  9:09 PM
 SEP 1 2016..........SUNRISE  7:13 AM      SUNSET  9:06 PM

-  INDICATES NEGATIVE NUMBERS.
R  INDICATES RECORD HAS BEEN SET OR TIED.
MM INDICATES DATA IS MISSING.
T  INDICATES TRACE OF PRECIPITATION.

&&
-------------------------------------------------------------------

AMOUNT OF DAYLIGHT TODAY  (HOUR:MIN)........13 HOURS 59 MINUTES
GAIN/LOSS SINCE YESTERDAY (HOUR:MIN:SEC)....-0:04:52

$$
LRM AUG 16
