000
CDUS44 KLCH 171142
CLIAEX


CLIMATE REPORT
NATIONAL WEATHER SERVICE LAKE CHARLES, LA
541 AM CST SUN DEC 17 2017


...................................

...THE ALEXANDRIA CLIMATE SUMMARY FOR DECEMBER 16 2017...

CLIMATE NORMAL PERIOD 1981 TO 2010
CLIMATE RECORD PERIOD 1892 TO 2017


WEATHER ITEM   OBSERVED TIME   RECORD YEAR NORMAL DEPARTURE LAST
                VALUE   (LST)  VALUE       VALUE  FROM      YEAR
                                                  NORMAL
..................................................................
TEMPERATURE (F)
 YESTERDAY
  MAXIMUM         58    333 PM  82    1924  60     -2       70
  MINIMUM         30    718 AM  17    1943  40    -10       33
  AVERAGE         44                        50     -6       52

PRECIPITATION (IN)
  YESTERDAY        0.00          2.28 1996   0.21  -0.21      T
  MONTH TO DATE    0.11                      3.68  -3.57     7.73
  SINCE DEC 1      0.11                      3.68  -3.57     7.73
  SINCE JAN 1     45.75                     53.48  -7.73    54.70

SNOWFALL (IN)
  YESTERDAY        0.0           0.0    MM  MM     MM        0.0
  MONTH TO DATE    2.1                      MM     MM        0.0
  SINCE DEC 1      2.1                      MM     MM        0.0
  SINCE JUL 1      2.1                      MM     MM        0.0
  SNOW DEPTH       0

DEGREE DAYS
 HEATING
  YESTERDAY       21                        15      6       13
  MONTH TO DATE  256                       229     27      233
  SINCE DEC 1    256                       229     27      233
  SINCE JUL 1    526                       554    -28      408
..................................................................


WIND (MPH)
  HIGHEST WIND SPEED    21   HIGHEST WIND DIRECTION    SE (120)
  HIGHEST GUST SPEED    26   HIGHEST GUST DIRECTION    SE (120)
  AVERAGE WIND SPEED     6.2


SKY COVER
  POSSIBLE SUNSHINE  MM
  AVERAGE SKY COVER 0.5


WEATHER CONDITIONS
 THE FOLLOWING WEATHER WAS RECORDED YESTERDAY.
  FOG


RELATIVE HUMIDITY (PERCENT)
 HIGHEST   100           600 AM
 LOWEST     40           300 PM
 AVERAGE    70

..........................................................


THE ALEXANDRIA CLIMATE NORMALS FOR TODAY
                         NORMAL    RECORD    YEAR
 MAXIMUM TEMPERATURE (F)   60        79      2016
                                             1924
 MINIMUM TEMPERATURE (F)   40        18      1989


SUNRISE AND SUNSET
DECEMBER 17 2017......SUNRISE   703 AM CST   SUNSET   510 PM CST
DECEMBER 18 2017......SUNRISE   704 AM CST   SUNSET   510 PM CST


-  INDICATES NEGATIVE NUMBERS.
R  INDICATES RECORD WAS SET OR TIED.
MM INDICATES DATA IS MISSING.
T  INDICATES TRACE AMOUNT.




$$
