932
CDUS44 KLCH 022233
CLIAEX


CLIMATE REPORT
NATIONAL WEATHER SERVICE LAKE CHARLES, LA
533 PM CDT MON MAY 2 2016


...................................

...THE ALEXANDRIA CLIMATE SUMMARY FOR MAY 2 2016...
VALID TODAY AS OF 0500 PM LOCAL TIME.

CLIMATE NORMAL PERIOD 1981 TO 2010
CLIMATE RECORD PERIOD 1892 TO 2016


WEATHER ITEM   OBSERVED TIME   RECORD YEAR NORMAL DEPARTURE LAST
                VALUE   (LST)  VALUE       VALUE  FROM      YEAR
                                                  NORMAL
..................................................................
TEMPERATURE (F)
 TODAY
  MAXIMUM         72    328 PM  92    1947  82    -10       84
                                      1943
                                      1902
  MINIMUM         64   1225 PM  39    1909  60      4       56
  AVERAGE         68                        71     -3       70

PRECIPITATION (IN)
  TODAY            0.80          3.31 1977   0.13   0.67      T
  MONTH TO DATE    0.82                      0.26   0.56      T
  SINCE MAR 1     13.02                      9.86   3.16    13.10
  SINCE JAN 1     19.50                     19.54  -0.04    18.20

DEGREE DAYS
 COOLING
  TODAY            3                         6     -3        5
  MONTH TO DATE   14                        12      2       10
  SINCE MAR 1    202                       154     48      206
  SINCE JAN 1    210                       171     39      207
..................................................................


WIND (MPH)
  HIGHEST WIND SPEED    21   HIGHEST WIND DIRECTION    NW (330)
  HIGHEST GUST SPEED    27   HIGHEST GUST DIRECTION    NW (320)
  AVERAGE WIND SPEED     4.8


SKY COVER
  POSSIBLE SUNSHINE  MM
  AVERAGE SKY COVER 0.7


WEATHER CONDITIONS
 THE FOLLOWING WEATHER WAS RECORDED TODAY.
  HEAVY RAIN
  RAIN
  LIGHT RAIN
  FOG


RELATIVE HUMIDITY (PERCENT)
 HIGHEST   100           200 AM
 LOWEST     79           400 PM
 AVERAGE    90

..........................................................


THE ALEXANDRIA CLIMATE NORMALS FOR TOMORROW
                         NORMAL    RECORD    YEAR
 MAXIMUM TEMPERATURE (F)   83        96      1955
 MINIMUM TEMPERATURE (F)   60        43      2013


SUNRISE AND SUNSET
MAY  2 2016...........SUNRISE   624 AM CDT   SUNSET   751 PM CDT
MAY  3 2016...........SUNRISE   623 AM CDT   SUNSET   751 PM CDT


-  INDICATES NEGATIVE NUMBERS.
R  INDICATES RECORD WAS SET OR TIED.
MM INDICATES DATA IS MISSING.
T  INDICATES TRACE AMOUNT.




$$
