000
CDUS44 KLCH 290812
CLIAEX


CLIMATE REPORT
NATIONAL WEATHER SERVICE LAKE CHARLES, LA
311 AM CDT SAT APR 29 2017


...................................

...THE ALEXANDRIA CLIMATE SUMMARY FOR APRIL 28 2017...

CLIMATE NORMAL PERIOD 1981 TO 2010
CLIMATE RECORD PERIOD 1892 TO 2017


WEATHER ITEM   OBSERVED TIME   RECORD YEAR NORMAL DEPARTURE LAST
                VALUE   (LST)  VALUE       VALUE  FROM      YEAR
                                                  NORMAL
..................................................................
TEMPERATURE (F)
 YESTERDAY
  MAXIMUM         91    216 PM  93    1906  81     10       88
  MINIMUM         63    116 AM  43    1904  58      5       66
  AVERAGE         77                        70      7       77

PRECIPITATION (IN)
  YESTERDAY        0.00          2.50 1914   0.14  -0.14     0.00
  MONTH TO DATE   10.06                      4.24   5.82     3.31
  SINCE MAR 1     12.21                      9.29   2.92    12.06
  SINCE JAN 1     19.92                     18.97   0.95    18.54

SNOWFALL (IN)
  YESTERDAY        0.0           0.0    MM  MM     MM        0.0
  MONTH TO DATE    0.0                      MM     MM        0.0
  SINCE MAR 1      0.0                      MM     MM        0.0
  SINCE JUL 1      0.5                      MM     MM        0.0
  SNOW DEPTH       0

DEGREE DAYS
 HEATING
  YESTERDAY        0                         1     -1        0
  MONTH TO DATE   24                        66    -42       26
  SINCE MAR 1    153                       281   -128      125
  SINCE JUL 1   1129                      1946   -817     1325

 COOLING
  YESTERDAY       12                         5      7       12
  MONTH TO DATE  139                        94     45      105
  SINCE MAR 1    244                       130    114      159
  SINCE JAN 1    326                       147    179      167
..................................................................


WIND (MPH)
  HIGHEST WIND SPEED    25   HIGHEST WIND DIRECTION     S (170)
  HIGHEST GUST SPEED    36   HIGHEST GUST DIRECTION     S (180)
  AVERAGE WIND SPEED    13.4


SKY COVER
  POSSIBLE SUNSHINE  MM
  AVERAGE SKY COVER 0.9


WEATHER CONDITIONS
 THE FOLLOWING WEATHER WAS RECORDED YESTERDAY.
  FOG
  HAZE


RELATIVE HUMIDITY (PERCENT)
 HIGHEST    93           600 AM
 LOWEST     56           100 PM
 AVERAGE    75

..........................................................


THE ALEXANDRIA CLIMATE NORMALS FOR TODAY
                         NORMAL    RECORD    YEAR
 MAXIMUM TEMPERATURE (F)   82        91      2002
                                             1901
                                             1899
 MINIMUM TEMPERATURE (F)   59        45      1965
                                             1916


SUNRISE AND SUNSET
APRIL 29 2017.........SUNRISE   627 AM CDT   SUNSET   748 PM CDT
APRIL 30 2017.........SUNRISE   626 AM CDT   SUNSET   749 PM CDT


-  INDICATES NEGATIVE NUMBERS.
R  INDICATES RECORD WAS SET OR TIED.
MM INDICATES DATA IS MISSING.
T  INDICATES TRACE AMOUNT.




$$
