783
CDUS44 KLCH 161246
CLIAEX


CLIMATE REPORT
NATIONAL WEATHER SERVICE LAKE CHARLES, LA
746 AM CDT WED AUG 16 2017


...................................

...THE ALEXANDRIA CLIMATE SUMMARY FOR AUGUST 15 2017...

CLIMATE NORMAL PERIOD 1981 TO 2010
CLIMATE RECORD PERIOD 1892 TO 2017


WEATHER ITEM   OBSERVED TIME   RECORD YEAR NORMAL DEPARTURE LAST
                VALUE   (LST)  VALUE       VALUE  FROM      YEAR
                                                  NORMAL
..................................................................
TEMPERATURE (F)
 YESTERDAY
  MAXIMUM         92    205 PM 104    1948  94     -2       89
  MINIMUM         75    555 AM  56    2004  72      3       72
  AVERAGE         84                        83      1       81

PRECIPITATION (IN)
  YESTERDAY        T             3.85 1938   0.12  -0.12     1.71
  MONTH TO DATE    2.82                      1.56   1.26     6.34
  SINCE JUN 1     11.49                     10.29   1.20    14.38
  SINCE JAN 1     36.20                     34.29   1.91    36.73

DEGREE DAYS
 COOLING
  YESTERDAY       19                        18      1       16
  MONTH TO DATE  252                       270    -18      288
  SINCE JUN 1   1221                      1262    -41     1358
  SINCE JAN 1   1796                      1716     80     1825
..................................................................


WIND (MPH)
  HIGHEST WIND SPEED    14   HIGHEST WIND DIRECTION     W (280)
  HIGHEST GUST SPEED    19   HIGHEST GUST DIRECTION     W (270)
  AVERAGE WIND SPEED     5.8


SKY COVER
  POSSIBLE SUNSHINE  MM
  AVERAGE SKY COVER 0.1


WEATHER CONDITIONS
 THE FOLLOWING WEATHER WAS RECORDED YESTERDAY.
  THUNDERSTORM
  FOG


RELATIVE HUMIDITY (PERCENT)
 HIGHEST   100           300 AM
 LOWEST     59           400 PM
 AVERAGE    80

..........................................................


THE ALEXANDRIA CLIMATE NORMALS FOR TODAY
                         NORMAL    RECORD    YEAR
 MAXIMUM TEMPERATURE (F)   94       104      1902
 MINIMUM TEMPERATURE (F)   72        57      2004


SUNRISE AND SUNSET
AUGUST 16 2017........SUNRISE   637 AM CDT   SUNSET   752 PM CDT
AUGUST 17 2017........SUNRISE   637 AM CDT   SUNSET   751 PM CDT


-  INDICATES NEGATIVE NUMBERS.
R  INDICATES RECORD WAS SET OR TIED.
MM INDICATES DATA IS MISSING.
T  INDICATES TRACE AMOUNT.




$$
