000
CDUS44 KLCH 200836
CLIAEX


CLIMATE REPORT
NATIONAL WEATHER SERVICE LAKE CHARLES, LA
336 AM CDT FRI OCT 20 2017


...................................

...THE ALEXANDRIA CLIMATE SUMMARY FOR OCTOBER 19 2017...

CLIMATE NORMAL PERIOD 1981 TO 2010
CLIMATE RECORD PERIOD 1892 TO 2017


WEATHER ITEM   OBSERVED TIME   RECORD YEAR NORMAL DEPARTURE LAST
                VALUE   (LST)  VALUE       VALUE  FROM      YEAR
                                                  NORMAL
..................................................................
TEMPERATURE (F)
 YESTERDAY
  MAXIMUM         82    342 PM  92    2004  79      3       90
  MINIMUM         49    637 AM  30    1948  54     -5       69
  AVERAGE         66                        66      0       80

PRECIPITATION (IN)
  YESTERDAY        0.00          4.55 1994   0.18  -0.18     0.00
  MONTH TO DATE    0.03                      3.81  -3.78      T
  SINCE SEP 1      0.12                      6.71  -6.59     3.46
  SINCE JAN 1     43.35                     42.94   0.41    44.20

SNOWFALL (IN)
  YESTERDAY        0.0           0.0    MM  MM     MM        0.0
  MONTH TO DATE    0.0                      MM     MM        0.0
  SINCE SEP 1      0.0                      MM     MM        0.0
  SINCE JUL 1      0.0                      MM     MM        0.0
  SNOW DEPTH       0

DEGREE DAYS
 HEATING
  YESTERDAY        0                         3     -3        0
  MONTH TO DATE    8                        27    -19        0
  SINCE SEP 1      8                        30    -22        0
  SINCE JUL 1      8                        30    -22        0

 COOLING
  YESTERDAY        1                         4     -3       15
  MONTH TO DATE  197                       101     96      179
  SINCE SEP 1    572                       464    108      651
  SINCE JAN 1   2601                      2451    150     2754
..................................................................


WIND (MPH)
  HIGHEST WIND SPEED    13   HIGHEST WIND DIRECTION    SE (120)
  HIGHEST GUST SPEED    17   HIGHEST GUST DIRECTION     E (110)
  AVERAGE WIND SPEED     3.6


SKY COVER
  POSSIBLE SUNSHINE  MM
  AVERAGE SKY COVER 0.0


WEATHER CONDITIONS
 THE FOLLOWING WEATHER WAS RECORDED YESTERDAY.
  FOG
  HAZE


RELATIVE HUMIDITY (PERCENT)
 HIGHEST   100           400 AM
 LOWEST     30           400 PM
 AVERAGE    65

..........................................................


THE ALEXANDRIA CLIMATE NORMALS FOR TODAY
                         NORMAL    RECORD    YEAR
 MAXIMUM TEMPERATURE (F)   79        92      1899
 MINIMUM TEMPERATURE (F)   53        30      1989


SUNRISE AND SUNSET
OCTOBER 20 2017.......SUNRISE   717 AM CDT   SUNSET   633 PM CDT
OCTOBER 21 2017.......SUNRISE   718 AM CDT   SUNSET   631 PM CDT


-  INDICATES NEGATIVE NUMBERS.
R  INDICATES RECORD WAS SET OR TIED.
MM INDICATES DATA IS MISSING.
T  INDICATES TRACE AMOUNT.




$$
