000
CDUS42 KCAE 250631
CLIAGS


CLIMATE REPORT
NATIONAL WEATHER SERVICE COLUMBIA SC
131 AM EST SUN JAN 25 2015


...................................

...THE AUGUSTA REGIONAL BUSH FIELD GA CLIMATE SUMMARY FOR JANUARY 24 2015...

CLIMATE NORMAL PERIOD 1981 TO 2010
CLIMATE RECORD PERIOD 1873 TO 2015


WEATHER ITEM   OBSERVED TIME   RECORD YEAR NORMAL DEPARTURE LAST
                VALUE   (LST)  VALUE       VALUE  FROM      YEAR
                                                  NORMAL
..................................................................
TEMPERATURE (F)
 YESTERDAY
  MAXIMUM         56    342 PM  80    1950  59     -3       35
  MINIMUM         42   1151 PM  12    2005  33      9       13
  AVERAGE         49                        46      3       24

PRECIPITATION (IN)
  YESTERDAY        0.22          2.17 1958   0.14   0.08     0.00
  MONTH TO DATE    2.10                      3.00  -0.90     2.22
  SINCE DEC 1      6.31                      6.39  -0.08     9.12
  SINCE JAN 1      2.10                      3.00  -0.90     2.22

SNOWFALL (IN)
  YESTERDAY        0.0           1.4  1968   0.0             0.0
  MONTH TO DATE    0.0                       0.3             0.0
  SINCE DEC 1      0.0                       0.4             0.0
  SINCE JUL 1      0.0                       0.4             0.0

DEGREE DAYS
 HEATING
  YESTERDAY       16                        19     -3       41
  MONTH TO DATE  489                       477     12      586
  SINCE DEC 1    950                      1030    -80     1044
  SINCE JUL 1   1514                      1452     62     1503

 COOLING
  YESTERDAY        0                         0      0        0
  MONTH TO DATE    0                         0      0        0
  SINCE DEC 1      0                         3     -3       11
  SINCE JAN 1      0                         0      0        0
..................................................................


WIND (MPH)
  HIGHEST WIND SPEED    26   HIGHEST WIND DIRECTION    NW (300)
  HIGHEST GUST SPEED    31   HIGHEST GUST DIRECTION     W (290)
  AVERAGE WIND SPEED    12.0


SKY COVER
  AVERAGE SKY COVER 0.5


WEATHER CONDITIONS
 THE FOLLOWING WEATHER WAS RECORDED YESTERDAY.
  RAIN
  LIGHT RAIN
  FOG


RELATIVE HUMIDITY (PERCENT)
 HIGHEST   100           100 AM
 LOWEST     35           400 PM
 AVERAGE    68

..........................................................


THE AUGUSTA REGIONAL BUSH FIELD GA CLIMATE NORMALS FOR TODAY
                         NORMAL    RECORD    YEAR
 MAXIMUM TEMPERATURE (F)   59        80      1950
                                             1949
 MINIMUM TEMPERATURE (F)   33        11      2014


SUNRISE AND SUNSET
JANUARY 25 2015.......SUNRISE   728 AM EST   SUNSET   553 PM EST
JANUARY 26 2015.......SUNRISE   728 AM EST   SUNSET   554 PM EST


-  INDICATES NEGATIVE NUMBERS.
R  INDICATES RECORD WAS SET OR TIED.
MM INDICATES DATA IS MISSING.
T  INDICATES TRACE AMOUNT.




$$
