000
CDUS42 KCAE 202251
CLIAGS


CLIMATE REPORT
NATIONAL WEATHER SERVICE COLUMBIA SC
550 PM EST MON FEB 20 2017


...................................

...THE AUGUSTA BUSH FIELD GA CLIMATE SUMMARY FOR FEBRUARY 20 2017...
VALID TODAY AS OF 0500 PM LOCAL TIME.

CLIMATE NORMAL PERIOD 1981 TO 2010
CLIMATE RECORD PERIOD 1873 TO 2017


WEATHER ITEM   OBSERVED TIME   RECORD YEAR NORMAL DEPARTURE LAST
                VALUE   (LST)  VALUE       VALUE  FROM      YEAR
                                                  NORMAL
..................................................................
TEMPERATURE (F)
 TODAY
  MAXIMUM         78    309 PM  82    2014  63     15       69
                                      1991
  MINIMUM         42    725 AM  13    2015  37      5       41
  AVERAGE         60                        50     10       55

PRECIPITATION (IN)
  TODAY            0.00          1.25 1953   0.15  -0.15     0.00
  MONTH TO DATE    1.90                      2.75  -0.85     2.74
  SINCE DEC 1     16.44                     10.05   6.39    11.32
  SINCE JAN 1     12.03                      6.66   5.37     4.40

SNOWFALL (IN)
  TODAY            0.0          MM      MM   0.0             0.0
  MONTH TO DATE    0.0                       0.3             0.0
  SINCE DEC 1      T                         0.8             0.5
  SINCE JUL 1      T                         0.8             0.5

DEGREE DAYS
 HEATING
  TODAY            5                        15    -10       10
  MONTH TO DATE  170                       335   -165      347
  SINCE DEC 1    836                      1498   -662     1201
  SINCE JUL 1   1107                      1920   -813     1488

 COOLING
  TODAY            0                         0      0        0
  MONTH TO DATE    6                         0      6        3
  SINCE DEC 1     27                         4     23       50
  SINCE JAN 1     20                         1     19        3
..................................................................


WIND (MPH)
  HIGHEST WIND SPEED     8   HIGHEST WIND DIRECTION     S (180)
  HIGHEST GUST SPEED    12   HIGHEST GUST DIRECTION     E (100)
  AVERAGE WIND SPEED     1.8


SKY COVER
  AVERAGE SKY COVER 0.0


WEATHER CONDITIONS
 THE FOLLOWING WEATHER WAS RECORDED TODAY.
  FOG
  HAZE


RELATIVE HUMIDITY (PERCENT)
 HIGHEST    96           700 AM
 LOWEST     31           200 PM
 AVERAGE    64

..........................................................


THE AUGUSTA BUSH FIELD GA CLIMATE NORMALS FOR TOMORROW
                         NORMAL    RECORD    YEAR
 MAXIMUM TEMPERATURE (F)   64        80      2011
                                             1997
 MINIMUM TEMPERATURE (F)   37        15      1896


SUNRISE AND SUNSET
FEBRUARY 20 2017......SUNRISE   706 AM EST   SUNSET   617 PM EST
FEBRUARY 21 2017......SUNRISE   705 AM EST   SUNSET   618 PM EST


-  INDICATES NEGATIVE NUMBERS.
R  INDICATES RECORD WAS SET OR TIED.
MM INDICATES DATA IS MISSING.
T  INDICATES TRACE AMOUNT.




$$
