000
CDUS42 KCAE 022128
CLIAGS


CLIMATE REPORT
NATIONAL WEATHER SERVICE COLUMBIA SC
527 PM EDT TUE JUN 2 2015


...................................

...THE AUGUSTA BUSH FIELD GA CLIMATE SUMMARY FOR JUNE 2 2015...
VALID TODAY AS OF 0500 PM LOCAL TIME.

CLIMATE NORMAL PERIOD 1981 TO 2010
CLIMATE RECORD PERIOD 1873 TO 2015


WEATHER ITEM   OBSERVED TIME   RECORD YEAR NORMAL DEPARTURE LAST
                VALUE   (LST)  VALUE       VALUE  FROM      YEAR
                                                  NORMAL
..................................................................
TEMPERATURE (F)
 TODAY
  MAXIMUM         88    343 PM 104    1985  89     -1       82
  MINIMUM         67    549 AM  49    1972  63      4       53
  AVERAGE         78                        76      2       68

PRECIPITATION (IN)
  TODAY            0.01          2.48 1960   0.15  -0.14      T
  MONTH TO DATE    0.24                      0.30  -0.06      T
  SINCE JUN 1      0.24                      0.30  -0.06      T
  SINCE JAN 1     15.87                     17.80  -1.93    18.86

SNOWFALL (IN)
  TODAY            0.0          MM      MM   0.0             0.0
  MONTH TO DATE    0.0                       0.0             0.0
  SINCE JUN 1      0.0                       0.0             0.0
  SINCE JUL 1      T                         0.9             3.3

DEGREE DAYS
 HEATING
  TODAY            0                         0      0        0
  MONTH TO DATE    0                         0      0        0
  SINCE JUN 1      0                         0      0        0
  SINCE JUL 1   2563                      2471     92     2676

 COOLING
  TODAY           13                        11      2        3
  MONTH TO DATE   27                        22      5        9
  SINCE JUN 1     27                        22      5        9
  SINCE JAN 1    388                       305     83      293
..................................................................


WIND (MPH)
  HIGHEST WIND SPEED    13   HIGHEST WIND DIRECTION     W (260)
  HIGHEST GUST SPEED    18   HIGHEST GUST DIRECTION     S (180)
  AVERAGE WIND SPEED     2.2


SKY COVER
  AVERAGE SKY COVER 0.8


WEATHER CONDITIONS
 THE FOLLOWING WEATHER WAS RECORDED TODAY.
  LIGHT RAIN
  FOG
  FOG W/VISIBILITY <= 1/4 MILE


RELATIVE HUMIDITY (PERCENT)
 HIGHEST   100           400 AM
 LOWEST     48           400 PM
 AVERAGE    74

..........................................................


THE AUGUSTA BUSH FIELD GA CLIMATE NORMALS FOR TOMORROW
                         NORMAL    RECORD    YEAR
 MAXIMUM TEMPERATURE (F)   89       103      1951
 MINIMUM TEMPERATURE (F)   63        51      1966


SUNRISE AND SUNSET
JUNE  2 2015..........SUNRISE   619 AM EDT   SUNSET   833 PM EDT
JUNE  3 2015..........SUNRISE   619 AM EDT   SUNSET   833 PM EDT


-  INDICATES NEGATIVE NUMBERS.
R  INDICATES RECORD WAS SET OR TIED.
MM INDICATES DATA IS MISSING.
T  INDICATES TRACE AMOUNT.




$$
