000
CDUS42 KCAE 230656
CLIAGS


CLIMATE REPORT
NATIONAL WEATHER SERVICE COLUMBIA SC
156 AM EST FRI FEB 23 2018


...................................

...THE AUGUSTA REGIONAL BUSH FIELD GA CLIMATE SUMMARY FOR FEBRUARY 22 2018...

CLIMATE NORMAL PERIOD 1981 TO 2010
CLIMATE RECORD PERIOD 1873 TO 2018


WEATHER ITEM   OBSERVED TIME   RECORD YEAR NORMAL DEPARTURE LAST
                VALUE   (LST)  VALUE       VALUE  FROM      YEAR
                                                  NORMAL
..................................................................
TEMPERATURE (F)
 YESTERDAY
  MAXIMUM         83R   346 PM  83    2011  64     19       75
  MINIMUM         60   1013 PM  20    1970  37     23       57
                                      1896
  AVERAGE         72                        51     21       66

PRECIPITATION (IN)
  YESTERDAY        0.00          2.81 1962   0.15  -0.15     0.15
  MONTH TO DATE    1.45                      3.04  -1.59     2.05
  SINCE DEC 1      7.65                     10.34  -2.69    16.59
  SINCE JAN 1      3.54                      6.95  -3.41    12.18

SNOWFALL (IN)
  YESTERDAY        0.0           0.7  1968   0.0             0.0
  MONTH TO DATE    0.0                       0.3             0.0
  SINCE DEC 1      T                         0.8              T
  SINCE JUL 1      T                         0.8              T

DEGREE DAYS
 HEATING
  YESTERDAY        0                        14    -14        0
  MONTH TO DATE  158                       364   -206      174
  SINCE DEC 1   1301                      1527   -226      840
  SINCE JUL 1   1666                      1949   -283     1111

 COOLING
  YESTERDAY        7                         0      7        1
  MONTH TO DATE   38                         0     38        7
  SINCE DEC 1     40                         4     36       28
  SINCE JAN 1     40                         1     39       21
..................................................................


WIND (MPH)
  HIGHEST WIND SPEED    12   HIGHEST WIND DIRECTION     S (180)
  HIGHEST GUST SPEED    15   HIGHEST GUST DIRECTION     S (180)
  AVERAGE WIND SPEED     5.4


SKY COVER
  AVERAGE SKY COVER 0.6


WEATHER CONDITIONS
 THE FOLLOWING WEATHER WAS RECORDED YESTERDAY.
  NO SIGNIFICANT WEATHER WAS OBSERVED.


RELATIVE HUMIDITY (PERCENT)
 HIGHEST   100          1000 PM
 LOWEST     51           300 PM
 AVERAGE    76

..........................................................


THE AUGUSTA REGIONAL BUSH FIELD GA CLIMATE NORMALS FOR TODAY
                         NORMAL    RECORD    YEAR
 MAXIMUM TEMPERATURE (F)   64        82      2012
 MINIMUM TEMPERATURE (F)   38        21      1978
                                             1963


SUNRISE AND SUNSET
FEBRUARY 23 2018......SUNRISE   703 AM EST   SUNSET   620 PM EST
FEBRUARY 24 2018......SUNRISE   702 AM EST   SUNSET   621 PM EST


-  INDICATES NEGATIVE NUMBERS.
R  INDICATES RECORD WAS SET OR TIED.
MM INDICATES DATA IS MISSING.
T  INDICATES TRACE AMOUNT.




$$
