000
CDUS42 KCAE 200628
CLIAGS


CLIMATE REPORT
NATIONAL WEATHER SERVICE COLUMBIA SC
228 AM EDT MON OCT 20 2014


...................................

...THE AUGUSTA REGIONAL BUSH FIELD GA CLIMATE SUMMARY FOR OCTOBER 19 2014...

CLIMATE NORMAL PERIOD 1981 TO 2010
CLIMATE RECORD PERIOD 1873 TO 2014


WEATHER ITEM   OBSERVED TIME   RECORD YEAR NORMAL DEPARTURE LAST
                VALUE   (LST)  VALUE       VALUE  FROM      YEAR
                                                  NORMAL
..................................................................
TEMPERATURE (F)
 YESTERDAY
  MAXIMUM         74    313 PM  92    1926  77     -3       78
  MINIMUM         43   1150 PM  34    2009  50     -7       63
                                      1981
  AVERAGE         59                        63     -4       71

PRECIPITATION (IN)
  YESTERDAY        0.00          2.27 1873   0.10  -0.10      T
  MONTH TO DATE    0.51                      2.19  -1.68     0.33
  SINCE SEP 1      2.77                      5.41  -2.64     1.45
  SINCE JAN 1     31.19                     36.28  -5.09    46.77

SNOWFALL (IN)
  YESTERDAY        0.0          MM      MM   0.0             0.0
  MONTH TO DATE    0.0                       0.0             0.0
  SINCE SEP 1      0.0                       0.0             0.0
  SINCE JUL 1      0.0                       0.0             0.0

DEGREE DAYS
 HEATING
  YESTERDAY        6                         4      2        0
  MONTH TO DATE   32                        44    -12        1
  SINCE SEP 1     34                        51    -17        1
  SINCE JUL 1     34                        51    -17        1

 COOLING
  YESTERDAY        0                         2     -2        6
  MONTH TO DATE   98                        69     29       87
  SINCE SEP 1    431                       365     66      380
  SINCE JAN 1   2082                      2053     29     1855
..................................................................


WIND (MPH)
  HIGHEST WIND SPEED    10   HIGHEST WIND DIRECTION     N (10)
  HIGHEST GUST SPEED    13   HIGHEST GUST DIRECTION     N (360)
  AVERAGE WIND SPEED     3.1


SKY COVER
  AVERAGE SKY COVER 0.0


WEATHER CONDITIONS
 THE FOLLOWING WEATHER WAS RECORDED YESTERDAY.
  FOG


RELATIVE HUMIDITY (PERCENT)
 HIGHEST    93           200 AM
 LOWEST     35           100 PM
 AVERAGE    64

..........................................................


THE AUGUSTA REGIONAL BUSH FIELD GA CLIMATE NORMALS FOR TODAY
                         NORMAL    RECORD    YEAR
 MAXIMUM TEMPERATURE (F)   76        89      1984
 MINIMUM TEMPERATURE (F)   49        30      1981


SUNRISE AND SUNSET
OCTOBER 20 2014.......SUNRISE   736 AM EDT   SUNSET   648 PM EDT
OCTOBER 21 2014.......SUNRISE   737 AM EDT   SUNSET   647 PM EDT


-  INDICATES NEGATIVE NUMBERS.
R  INDICATES RECORD WAS SET OR TIED.
MM INDICATES DATA IS MISSING.
T  INDICATES TRACE AMOUNT.




$$
