000
CDUS42 KCAE 250540
CLIAGS


CLIMATE REPORT
NATIONAL WEATHER SERVICE COLUMBIA SC
140 AM EDT THU MAY 25 2017


...................................

...THE AUGUSTA REGIONAL BUSH FIELD GA CLIMATE SUMMARY FOR MAY 24 2017...

CLIMATE NORMAL PERIOD 1981 TO 2010
CLIMATE RECORD PERIOD 1873 TO 2017


WEATHER ITEM   OBSERVED TIME   RECORD YEAR NORMAL DEPARTURE LAST
                VALUE   (LST)  VALUE       VALUE  FROM      YEAR
                                                  NORMAL
..................................................................
TEMPERATURE (F)
 YESTERDAY
  MAXIMUM         80    149 PM  98    1878  87     -7       85
  MINIMUM         63   1159 PM  45    2002  60      3       53
                                      1954
  AVERAGE         72                        74     -2       69

PRECIPITATION (IN)
  YESTERDAY        1.13          1.85 1982   0.10   1.03     0.00
  MONTH TO DATE    3.34                      1.87   1.47     3.02
  SINCE MAR 1      7.71                      8.89  -1.18    10.62
  SINCE JAN 1     19.95                     16.72   3.23    16.04

SNOWFALL (IN)
  YESTERDAY        0.0          MM      MM   0.0             0.0
  MONTH TO DATE    0.0                       0.0             0.0
  SINCE MAR 1      0.0                       0.0             0.0
  SINCE JUL 1      T                         0.9             0.5

DEGREE DAYS
 HEATING
  YESTERDAY        0                         0      0        0
  MONTH TO DATE    3                        18    -15       13
  SINCE MAR 1    272                       438   -166      279
  SINCE JUL 1   1407                      2470  -1063     1856

 COOLING
  YESTERDAY        7                         9     -2        4
  MONTH TO DATE  209                       142     67      133
  SINCE MAR 1    429                       212    217      248
  SINCE JAN 1    459                       215    244      251
..................................................................


WIND (MPH)
  HIGHEST WIND SPEED    29   HIGHEST WIND DIRECTION     W (250)
  HIGHEST GUST SPEED    40   HIGHEST GUST DIRECTION    SW (240)
  AVERAGE WIND SPEED     7.2


SKY COVER
  AVERAGE SKY COVER 0.8


WEATHER CONDITIONS
 THE FOLLOWING WEATHER WAS RECORDED YESTERDAY.
  THUNDERSTORM
  HEAVY RAIN
  RAIN
  LIGHT RAIN
  FOG
  HAZE


RELATIVE HUMIDITY (PERCENT)
 HIGHEST    97          1200 AM
 LOWEST     74          1000 AM
 AVERAGE    86

..........................................................


THE AUGUSTA REGIONAL BUSH FIELD GA CLIMATE NORMALS FOR TODAY
                         NORMAL    RECORD    YEAR
 MAXIMUM TEMPERATURE (F)   87        99      2000
                                             1878
 MINIMUM TEMPERATURE (F)   60        43      1951


SUNRISE AND SUNSET
MAY 25 2017...........SUNRISE   622 AM EDT   SUNSET   828 PM EDT
MAY 26 2017...........SUNRISE   621 AM EDT   SUNSET   829 PM EDT


-  INDICATES NEGATIVE NUMBERS.
R  INDICATES RECORD WAS SET OR TIED.
MM INDICATES DATA IS MISSING.
T  INDICATES TRACE AMOUNT.




$$
