000
CDUS42 KCAE 272125
CLIAGS


CLIMATE REPORT
NATIONAL WEATHER SERVICE COLUMBIA SC
525 PM EDT SAT AUG 27 2016


...................................

...THE AUGUSTA BUSH FIELD GA CLIMATE SUMMARY FOR AUGUST 27 2016...
VALID TODAY AS OF 0500 PM LOCAL TIME.

CLIMATE NORMAL PERIOD 1981 TO 2010
CLIMATE RECORD PERIOD 1873 TO 2016


WEATHER ITEM   OBSERVED TIME   RECORD YEAR NORMAL DEPARTURE LAST
                VALUE   (LST)  VALUE       VALUE  FROM      YEAR
                                                  NORMAL
..................................................................
TEMPERATURE (F)
 TODAY
  MAXIMUM         98    219 PM 102    1954  91      7       88
  MINIMUM         70    623 AM  56    2013  68      2       68
  AVERAGE         84                        79      5       78

PRECIPITATION (IN)
  TODAY            0.00          2.42 1891   0.13  -0.13     0.00
  MONTH TO DATE    2.55                      3.84  -1.29     3.04
  SINCE JUN 1      6.73                     12.89  -6.16    10.06
  SINCE JAN 1     25.46                     30.39  -4.93    25.69

SNOWFALL (IN)
  TODAY            0.0          MM      MM   0.0             0.0
  MONTH TO DATE    0.0                       0.0             0.0
  SINCE JUN 1      0.0                       0.0             0.0
  SINCE JUL 1      0.0                       0.0             0.0

DEGREE DAYS
 HEATING
  TODAY            0                         0      0        0
  MONTH TO DATE    0                         0      0        0
  SINCE JUN 1      0                         0      0        0
  SINCE JUL 1      0                         0      0        0

 COOLING
  TODAY           19                        14      5       13
  MONTH TO DATE  503                       426     77      442
  SINCE JUN 1   1589                      1349    240     1503
  SINCE JAN 1   1904                      1632    272     1864
..................................................................


WIND (MPH)
  HIGHEST WIND SPEED    17   HIGHEST WIND DIRECTION    NE (60)
  HIGHEST GUST SPEED    22   HIGHEST GUST DIRECTION     E (100)
  AVERAGE WIND SPEED     5.1


SKY COVER
  AVERAGE SKY COVER 0.1


WEATHER CONDITIONS
 THE FOLLOWING WEATHER WAS RECORDED TODAY.
  FOG
  FOG W/VISIBILITY <= 1/4 MILE


RELATIVE HUMIDITY (PERCENT)
 HIGHEST   100           300 AM
 LOWEST     38           300 PM
 AVERAGE    69

..........................................................


THE AUGUSTA BUSH FIELD GA CLIMATE NORMALS FOR TOMORROW
                         NORMAL    RECORD    YEAR
 MAXIMUM TEMPERATURE (F)   91        99      2011
                                             1998
                                             1987
 MINIMUM TEMPERATURE (F)   68        56      2014


SUNRISE AND SUNSET
AUGUST 27 2016........SUNRISE   659 AM EDT   SUNSET   759 PM EDT
AUGUST 28 2016........SUNRISE   700 AM EDT   SUNSET   758 PM EDT


-  INDICATES NEGATIVE NUMBERS.
R  INDICATES RECORD WAS SET OR TIED.
MM INDICATES DATA IS MISSING.
T  INDICATES TRACE AMOUNT.




$$
