000
CDUS42 KCAE 210600
CLIAGS


CLIMATE REPORT
NATIONAL WEATHER SERVICE COLUMBIA SC
200 AM EDT THU SEP 21 2017


...................................

...THE AUGUSTA REGIONAL BUSH FIELD GA CLIMATE SUMMARY FOR SEPTEMBER 20 2017...

CLIMATE NORMAL PERIOD 1981 TO 2010
CLIMATE RECORD PERIOD 1873 TO 2017


WEATHER ITEM   OBSERVED TIME   RECORD YEAR NORMAL DEPARTURE LAST
                VALUE   (LST)  VALUE       VALUE  FROM      YEAR
                                                  NORMAL
..................................................................
TEMPERATURE (F)
 YESTERDAY
  MAXIMUM         94    107 PM 102    1925  86      8       88
  MINIMUM         68    639 AM  45    1984  61      7       67
                                      1981
  AVERAGE         81                        73      8       78

PRECIPITATION (IN)
  YESTERDAY        T             4.55 1975   0.10  -0.10     0.00
  MONTH TO DATE    4.28                      2.13   2.15     4.58
  SINCE SEP 1      4.28                      2.13   2.15     4.58
  SINCE JAN 1     38.66                     33.00   5.66    31.15

SNOWFALL (IN)
  YESTERDAY        0.0          MM      MM   0.0             0.0
  MONTH TO DATE    0.0                       0.0             0.0
  SINCE SEP 1      0.0                       0.0             0.0
  SINCE JUL 1      0.0                       0.0             0.0

DEGREE DAYS
 HEATING
  YESTERDAY        0                         0      0        0
  MONTH TO DATE    0                         0      0        0
  SINCE SEP 1      0                         0      0        0
  SINCE JUL 1      0                         0      0        0

 COOLING
  YESTERDAY       16                         9      7       13
  MONTH TO DATE  209                       227    -18      271
  SINCE SEP 1    209                       227    -18      271
  SINCE JAN 1   2337                      1915    422     2242
..................................................................


WIND (MPH)
  HIGHEST WIND SPEED     8   HIGHEST WIND DIRECTION    NE (40)
  HIGHEST GUST SPEED    10   HIGHEST GUST DIRECTION    NW (330)
  AVERAGE WIND SPEED     1.3


SKY COVER
  AVERAGE SKY COVER 0.1


WEATHER CONDITIONS
 THE FOLLOWING WEATHER WAS RECORDED YESTERDAY.
  LIGHT RAIN
  FOG
  FOG W/VISIBILITY <= 1/4 MILE
  HAZE


RELATIVE HUMIDITY (PERCENT)
 HIGHEST   100           700 AM
 LOWEST     44           300 PM
 AVERAGE    72

..........................................................


THE AUGUSTA REGIONAL BUSH FIELD GA CLIMATE NORMALS FOR TODAY
                         NORMAL    RECORD    YEAR
 MAXIMUM TEMPERATURE (F)   85       103      1925
 MINIMUM TEMPERATURE (F)   61        48      1981
                                             1962
                                             1918


SUNRISE AND SUNSET
SEPTEMBER 21 2017.....SUNRISE   715 AM EDT   SUNSET   726 PM EDT
SEPTEMBER 22 2017.....SUNRISE   716 AM EDT   SUNSET   724 PM EDT


-  INDICATES NEGATIVE NUMBERS.
R  INDICATES RECORD WAS SET OR TIED.
MM INDICATES DATA IS MISSING.
T  INDICATES TRACE AMOUNT.




$$
