000
CDUS42 KFFC 220024
CLIAHN


CLIMATE REPORT
NATIONAL WEATHER SERVICE PEACHTREE CITY GA
724 PM EST SUN DEC 21 2014


...................................

...THE ATHENS CLIMATE SUMMARY FOR DECEMBER 21 2014...
VALID AS OF 0700 PM LOCAL TIME.

CLIMATE NORMAL PERIOD 1981 TO 2010
CLIMATE RECORD PERIOD 1898 TO 2014


WEATHER ITEM   OBSERVED TIME   RECORD YEAR NORMAL DEPARTURE LAST
                VALUE   (LST)  VALUE       VALUE  FROM      YEAR
                                                  NORMAL
..................................................................
TEMPERATURE (F)
 TODAY
  MAXIMUM         51    459 PM  75    1998  54     -3       72
  MINIMUM         43    825 AM  13    1901  34      9       50
  AVERAGE         47                        44      3       61

PRECIPITATION (IN)
  TODAY            0.01          1.95 1951   0.11  -0.10     0.01
  MONTH TO DATE    0.58                      2.54  -1.96     2.54
  SINCE DEC 1      0.58                      2.54  -1.96     2.54
  SINCE JAN 1     41.34                     45.14  -3.80    54.81

SNOWFALL (IN)
  TODAY           MM             0.0  2001   0.0   MM        0.0
  MONTH TO DATE    0.0                       0.0    0.0      0.0
  SINCE DEC 1      0.0                       0.0    0.0      0.0
  SINCE JUL 1      0.0                       0.0    0.0      0.0
  SNOW DEPTH       0

DEGREE DAYS
 HEATING
  TODAY           18                        21     -3        4
  MONTH TO DATE  332                       396    -64      337
  SINCE DEC 1    332                       396    -64      337
  SINCE JUL 1    945                       876     69      899

 COOLING
  TODAY            0                         0      0        0
  MONTH TO DATE    0                         0      0        6
  SINCE DEC 1      0                         0      0        6
  SINCE JAN 1   1985                      1886     99     1652
..................................................................


WIND (MPH)
  HIGHEST WIND SPEED    10   HIGHEST WIND DIRECTION    NE (50)
  HIGHEST GUST SPEED    14   HIGHEST GUST DIRECTION     E (70)
  AVERAGE WIND SPEED     6.8


SKY COVER
  AVERAGE SKY COVER 1.0


WEATHER CONDITIONS
 THE FOLLOWING WEATHER WAS RECORDED TODAY.
  LIGHT RAIN
  FOG
  HAZE


RELATIVE HUMIDITY (PERCENT)
 HIGHEST    93          1100 AM
 LOWEST     71           300 PM

..........................................................


THE ATHENS CLIMATE NORMALS FOR TOMORROW
                         NORMAL    RECORD    YEAR
 MAXIMUM TEMPERATURE (F)   54        71      2013
 MINIMUM TEMPERATURE (F)   34        11      1960


SUNRISE AND SUNSET
DECEMBER 21 2014......SUNRISE   735 AM EST   SUNSET   528 PM EST
DECEMBER 22 2014......SUNRISE   735 AM EST   SUNSET   529 PM EST


-  INDICATES NEGATIVE NUMBERS.
R  INDICATES RECORD WAS SET OR TIED.
MM INDICATES DATA IS MISSING.
T  INDICATES TRACE AMOUNT.




$$
