000
CDUS42 KFFC 250818
CLIAHN


CLIMATE REPORT
NATIONAL WEATHER SERVICE PEACHTREE CITY GA
418 AM EDT SUN JUN 25 2017


...................................

...THE ATHENS CLIMATE SUMMARY FOR JUNE 24 2017...

CLIMATE NORMAL PERIOD 1981 TO 2010
CLIMATE RECORD PERIOD 1898 TO 2017


WEATHER ITEM   OBSERVED TIME   RECORD YEAR NORMAL DEPARTURE LAST
                VALUE   (LST)  VALUE       VALUE  FROM      YEAR
                                                  NORMAL
..................................................................
TEMPERATURE (F)
 YESTERDAY
  MAXIMUM         86    448 PM 105    1930  90     -4       98
  MINIMUM         70   1118 PM  53    1947  68      2       76
  AVERAGE         78                        79     -1       87

PRECIPITATION (IN)
  YESTERDAY        1.57          3.48 1900   0.14   1.43     0.00
  MONTH TO DATE    6.66                      3.28   3.38     1.66
  SINCE JUN 1      6.66                      3.28   3.38     1.66
  SINCE JAN 1     31.77                     22.39   9.38    16.84

DEGREE DAYS
 COOLING
  YESTERDAY       13                        14     -1       22
  MONTH TO DATE  281                       290     -9      371
  SINCE JUN 1    281                       290     -9      371
  SINCE JAN 1    646                       530    116      672
..................................................................


WIND (MPH)
  RESULTANT WIND SPEED   1   RESULTANT WIND DIRECTION  SE (140)
  HIGHEST WIND SPEED    12   HIGHEST WIND DIRECTION    NE (60)
  HIGHEST GUST SPEED    16   HIGHEST GUST DIRECTION    NE (60)
  AVERAGE WIND SPEED     3.6


SKY COVER
  POSSIBLE SUNSHINE  MM
  AVERAGE SKY COVER 0.8


WEATHER CONDITIONS
 THE FOLLOWING WEATHER WAS RECORDED YESTERDAY.
  THUNDERSTORM
  HEAVY RAIN
  RAIN
  LIGHT RAIN
  FOG
  FOG W/VISIBILITY <= 1/4 MILE


RELATIVE HUMIDITY (PERCENT)
 HIGHEST   100          1200 AM
 LOWEST     80           400 PM
 AVERAGE    90

..........................................................


THE ATHENS CLIMATE NORMALS FOR TODAY
                         NORMAL    RECORD    YEAR
 MAXIMUM TEMPERATURE (F)   90       105      1914
 MINIMUM TEMPERATURE (F)   68        58      1922


SUNRISE AND SUNSET
JUNE 25 2017..........SUNRISE   624 AM EDT   SUNSET   848 PM EDT
JUNE 26 2017..........SUNRISE   624 AM EDT   SUNSET   848 PM EDT


-  INDICATES NEGATIVE NUMBERS.
R  INDICATES RECORD WAS SET OR TIED.
MM INDICATES DATA IS MISSING.
T  INDICATES TRACE AMOUNT.




$$
