000
CDUS42 KFFC 170822
CLIAHN


CLIMATE REPORT
NATIONAL WEATHER SERVICE PEACHTREE CITY GA
422 AM EDT THU AUG 17 2017


...................................

...THE ATHENS CLIMATE SUMMARY FOR AUGUST 16 2017...

CLIMATE NORMAL PERIOD 1981 TO 2010
CLIMATE RECORD PERIOD 1898 TO 2017


WEATHER ITEM   OBSERVED TIME   RECORD YEAR NORMAL DEPARTURE LAST
                VALUE   (LST)  VALUE       VALUE  FROM      YEAR
                                                  NORMAL
..................................................................
TEMPERATURE (F)
 YESTERDAY
  MAXIMUM         94    355 PM 105    2007  90      4       94
  MINIMUM         74    628 AM  59    1924  70      4       73
  AVERAGE         84                        80      4       84

PRECIPITATION (IN)
  YESTERDAY        0.00          4.18 1994   0.11  -0.11     0.03
  MONTH TO DATE    4.28                      1.93   2.35     6.16
  SINCE JUN 1     15.69                     10.58   5.11    11.85
  SINCE JAN 1     40.80                     29.69  11.11    27.03

DEGREE DAYS
 COOLING
  YESTERDAY       19                        15      4       19
  MONTH TO DATE  224                       242    -18      293
  SINCE JUN 1   1069                      1104    -35     1369
  SINCE JAN 1   1434                      1344     90     1670
..................................................................


WIND (MPH)
  RESULTANT WIND SPEED   0   RESULTANT WIND DIRECTION  NW (310)
  HIGHEST WIND SPEED    10   HIGHEST WIND DIRECTION    NW (310)
  HIGHEST GUST SPEED    14   HIGHEST GUST DIRECTION    NW (320)
  AVERAGE WIND SPEED     3.3


SKY COVER
  POSSIBLE SUNSHINE  MM
  AVERAGE SKY COVER 0.1


WEATHER CONDITIONS
 THE FOLLOWING WEATHER WAS RECORDED YESTERDAY.
  THUNDERSTORM


RELATIVE HUMIDITY (PERCENT)
 HIGHEST   100           400 AM
 LOWEST     56          1200 PM
 AVERAGE    78

..........................................................


THE ATHENS CLIMATE NORMALS FOR TODAY
                         NORMAL    RECORD    YEAR
 MAXIMUM TEMPERATURE (F)   90       105      1954
 MINIMUM TEMPERATURE (F)   70        60      2013
                                             1967
                                             1948


SUNRISE AND SUNSET
AUGUST 17 2017........SUNRISE   657 AM EDT   SUNSET   817 PM EDT
AUGUST 18 2017........SUNRISE   657 AM EDT   SUNSET   816 PM EDT


-  INDICATES NEGATIVE NUMBERS.
R  INDICATES RECORD WAS SET OR TIED.
MM INDICATES DATA IS MISSING.
T  INDICATES TRACE AMOUNT.




$$
