000
CDUS45 KCYS 260731
CLIAIA


CLIMATE REPORT
NATIONAL WEATHER SERVICE CHEYENNE WY
130 AM MDT THU MAY 26 2016


...................................

...THE ALLIANCE NE AIRPORT CLIMATE SUMMARY FOR MAY 25 2016...

CLIMATE NORMAL PERIOD 1981 TO 2010
CLIMATE RECORD PERIOD 1896 TO 2016


WEATHER ITEM   OBSERVED TIME   RECORD YEAR NORMAL DEPARTURE LAST
                VALUE   (LST)  VALUE       VALUE  FROM      YEAR
                                                  NORMAL
..................................................................
TEMPERATURE (F)
 YESTERDAY
  MAXIMUM         73    217 PM  92    1969  73      0       59
  MINIMUM         44   1157 PM  24    2001  43      1       48
  AVERAGE         59                        58      1       54

PRECIPITATION (IN)
  YESTERDAY        0.01          1.25 1997   0.09  -0.08     1.18
  MONTH TO DATE    1.15                      1.97  -0.82     7.76
  SINCE JAN 1      6.81                      4.83   1.98    11.19

DEGREE DAYS
 HEATING
  YESTERDAY        6                         8     -2       11
  MONTH TO DATE  348                       287     61      359
  SINCE MAR 1   1729                      1772    -43     1627
  SINCE JUL 1   6804                      7176   -372     6854

 COOLING
  YESTERDAY        0                         0      0        0
  MONTH TO DATE    0                         0      0        0
  SINCE MAR 1      0                         0      0        0
  SINCE JAN 1      0                         0      0        0
..................................................................


WIND (MPH)
  HIGHEST WIND SPEED    25   HIGHEST WIND DIRECTION     W (270)
  HIGHEST GUST SPEED    33   HIGHEST GUST DIRECTION     W (260)
  AVERAGE WIND SPEED    11.0


SKY COVER
  AVERAGE SKY COVER 0.3


WEATHER CONDITIONS
 THE FOLLOWING WEATHER WAS RECORDED YESTERDAY.
  FOG


RELATIVE HUMIDITY (PERCENT)
 HIGHEST    96          1200 AM
 LOWEST     27           200 PM
 AVERAGE    62

..........................................................


THE ALLIANCE NE AIRPORT CLIMATE NORMALS FOR TODAY
                         NORMAL    RECORD    YEAR
 MAXIMUM TEMPERATURE (F)   74        94      1969
 MINIMUM TEMPERATURE (F)   43        32      2007
                                             1992
                                             1975


SUNRISE AND SUNSET
MAY 26 2016...........SUNRISE   521 AM MDT   SUNSET   816 PM MDT
MAY 27 2016...........SUNRISE   520 AM MDT   SUNSET   817 PM MDT


-  INDICATES NEGATIVE NUMBERS.
R  INDICATES RECORD WAS SET OR TIED.
MM INDICATES DATA IS MISSING.
T  INDICATES TRACE AMOUNT.




$$
