000
CDUS45 KCYS 290728
CLIAIA


CLIMATE REPORT
NATIONAL WEATHER SERVICE CHEYENNE WY
128 AM MDT FRI AUG 29 2014


...................................

...THE ALLIANCE NE AIRPORT CLIMATE SUMMARY FOR AUGUST 28 2014...

CLIMATE NORMAL PERIOD 1981 TO 2010
CLIMATE RECORD PERIOD 1896 TO 2014


WEATHER ITEM   OBSERVED TIME   RECORD YEAR NORMAL DEPARTURE LAST
                VALUE   (LST)  VALUE       VALUE  FROM      YEAR
                                                  NORMAL
..................................................................
TEMPERATURE (F)
 YESTERDAY
  MAXIMUM         68    535 PM 103    2012  84    -16       99
  MINIMUM         52   1159 PM  33    2004  51      1       60
  AVERAGE         60                        67     -7       80

PRECIPITATION (IN)
  YESTERDAY        1.05          1.23 1957   0.05   0.00     0.00
  MONTH TO DATE    2.23                      1.54   0.69     2.34
  SINCE JAN 1     14.58                     12.25   2.33     9.06

DEGREE DAYS
 HEATING
  YESTERDAY        5                         2      3        0
  MONTH TO DATE    7                        18    -11        0
  SINCE JUN 1    133                       123     10       70
  SINCE JUL 1     34                        30      4        8

 COOLING
  YESTERDAY        0                         4     -4       15
  MONTH TO DATE  185                       179      6      226
  SINCE JUN 1    443                       501    -58      600
  SINCE JAN 1    457                       511    -54      622
..................................................................


WIND (MPH)
  HIGHEST WIND SPEED    20   HIGHEST WIND DIRECTION     N (340)
  HIGHEST GUST SPEED    24   HIGHEST GUST DIRECTION     N (340)
  AVERAGE WIND SPEED    10.1


SKY COVER
  AVERAGE SKY COVER 0.8


WEATHER CONDITIONS
 THE FOLLOWING WEATHER WAS RECORDED YESTERDAY.
  THUNDERSTORM
  HEAVY RAIN
  RAIN
  LIGHT RAIN
  FOG


RELATIVE HUMIDITY (PERCENT)
 HIGHEST   100           100 AM
 LOWEST     63           500 PM
 AVERAGE    82

..........................................................


THE ALLIANCE NE AIRPORT CLIMATE NORMALS FOR TODAY
                         NORMAL    RECORD    YEAR
 MAXIMUM TEMPERATURE (F)   83       103      2012
 MINIMUM TEMPERATURE (F)   51        38      2004


SUNRISE AND SUNSET
AUGUST 29 2014........SUNRISE   614 AM MDT   SUNSET   730 PM MDT
AUGUST 30 2014........SUNRISE   615 AM MDT   SUNSET   728 PM MDT


-  INDICATES NEGATIVE NUMBERS.
R  INDICATES RECORD WAS SET OR TIED.
MM INDICATES DATA IS MISSING.
T  INDICATES TRACE AMOUNT.




$$
