000
CDAK48 PAKN 310000
CLIAKN

CLIMATE REPORT
NATIONAL WEATHER SERVICE KING SALMON, AK
400 PM AKDT SAT JUL 30 2016

...................................
...THE KING SALMON AP CLIMATE SUMMARY FOR JULY 30 2016...
VALID TODAY AS OF 2:00 PM LOCAL TIME

CLIMATE NORMAL PERIOD  1981 TO  2010
CLIMATE RECORD PERIOD  1917 TO  2016

WEATHER ITEM   OBSERVED TIME    RECORD YEAR NORMAL DEPARTURE LAST
               VALUE    (LST)   VALUE       VALUE  FROM      YEAR
                                                   NORMAL
...................................................................
TEMPERATURE
TODAY
 MAXIMUM            62  0156 PM    80  2014     64      -2     70
 MINIMUM            55  0555 AM    38  1931     48       7     51
 AVERAGE            59                          56       3     61

PRECIPITATION
(INCHES)
 TODAY            0.04           0.83  1928   0.08   -0.04   0.01
 MONTH TO DATE    2.98                        2.21    0.77   3.03
 SINCE JUN 1      5.26                        3.86    1.40   3.87
 SINCE JAN 1     12.67                        8.56    4.11  11.11

SNOWFALL
(INCHES)
 TODAY             0.0            0.0  2016    0.0     0.0    0.0
 MONTH TO DATE     0.0                         0.0     0.0    0.0
 SINCE JUN 1       0.0                         0.0     0.0    0.0
 SINCE JUL 1       0.0                         0.0     0.0    0.0
 SNOW DEPTH (IN)     0                                          0

DEGREE DAYS
 HEATING
  TODAY              6                           9      -3      4
  MONTH TO DATE    170                         281    -111    228
  SINCE JUN 1      441                         688    -247    477
  SINCE JUL 1      170                         281    -111    228

 COOLING
  TODAY              0                           0       0      0
  MONTH TO DATE      0                           0       0      0
  SINCE JUN 1        0                           0       0      2
  SINCE JAN 1        0                           0       0      2
...................................................................

WIND (MPH)
 HIGHEST WIND SPEED    14     HIGHEST WIND DIRECTION    230
 HIGHEST GUST SPEED    17     HIGHEST GUST DIRECTION    230
 AVERAGE WIND SPEED    MM

SKY COVER
  POSSIBLE SUNSHINE  MM            AVERAGE SKY COVER MM

WEATHER CONDITIONS
 THE FOLLOWING WEATHER WAS RECORDED TODAY.
 FOG
 RAIN


RELATIVE HUMIDITY
 HIGHEST RH     MM PERCENT       MM
 LOWEST  RH     MM PERCENT       MM
 AVERAGE RH     MM PERCENT       MM
...................................................................

THE KING SALMON CLIMATE NORMALS FOR TOMORROW
                        NORMAL    RECORD   YEAR
 MAXIMUM TEMPERATURE      64        80     2002
 MINIMUM TEMPERATURE      48        38     1982

SUNRISE AND SUNSET
 JUL 30 2016..........SUNRISE  6:14 AM      SUNSET 10:52 PM
 JUL 31 2016..........SUNRISE  6:16 AM      SUNSET 10:50 PM

-  INDICATES NEGATIVE NUMBERS.
R  INDICATES RECORD HAS BEEN SET OR TIED.
MM INDICATES DATA IS MISSING.
T  INDICATES TRACE OF PRECIPITATION.

&&
-------------------------------------------------------------------

AMOUNT OF DAYLIGHT TODAY  (HOUR:MIN)........16 HOURS 38 MINUTES
LOSS SINCE YESTERDAY (HOUR:MIN:SEC).........-0:04:23

$$

DT JUL 16
