000
CDAK48 PAKN 301206
CLIAKN

CLIMATE REPORT
NATIONAL WEATHER SERVICE KING SALMON, AK
406 AM AKDT TUE AUG 30 2016

...................................
...THE KING SALMON AP CLIMATE SUMMARY FOR AUGUST 29 2016...

CLIMATE NORMAL PERIOD  1981 TO  2010
CLIMATE RECORD PERIOD  1917 TO  2016

WEATHER ITEM   OBSERVED TIME    RECORD YEAR NORMAL DEPARTURE LAST
               VALUE    (LST)   VALUE       VALUE  FROM      YEAR
                                                   NORMAL
...................................................................
TEMPERATURE
YESTERDAY
 MAXIMUM            73  0506 PM    74  1987     61      12     55
 MINIMUM            41  0659 AM    29  1994     45      -4     42
 AVERAGE            57                          53       4     49

PRECIPITATION
(INCHES)
 YESTERDAY        0.00           0.96  1934   0.10   -0.10   0.32
 MONTH TO DATE    4.84                        2.75    2.09   1.76
 SINCE JUN 1     10.64                        6.70    3.94   5.71
 SINCE JAN 1     18.05                       11.40    6.65  12.95

SNOWFALL
(INCHES)
 YESTERDAY         0.0            0.0  2016    0.0     0.0    0.0
 MONTH TO DATE     0.0                         0.0     0.0    0.0
 SINCE JUN 1       0.0                         0.0     0.0    0.0
 SINCE JUL 1       0.0                         0.0     0.0    0.0
 SNOW DEPTH (IN)     0                                          0

DEGREE DAYS
 HEATING
  YESTERDAY          8                          12      -4     16
  MONTH TO DATE    153                         298    -145    255
  SINCE JUN 1      600                         995    -395    734
  SINCE JUL 1      329                         588    -259    485

 COOLING
  YESTERDAY          0                           0       0      0
  MONTH TO DATE      0                           0       0      0
  SINCE JUN 1        0                           0       0      2
  SINCE JAN 1        0                           0       0      2
...................................................................

WIND (MPH)
 HIGHEST WIND SPEED    16     HIGHEST WIND DIRECTION    270
 HIGHEST GUST SPEED    21     HIGHEST GUST DIRECTION    310
 AVERAGE WIND SPEED   6.0

SKY COVER
  POSSIBLE SUNSHINE    MM          AVERAGE SKY COVER     MM

WEATHER CONDITIONS
 THE FOLLOWING WEATHER WAS RECORDED YESTERDAY.


RELATIVE HUMIDITY
 HIGHEST RH     MM PERCENT       MM
 LOWEST  RH     MM PERCENT       MM
 AVERAGE RH     MM PERCENT       MM
...................................................................

THE KING SALMON CLIMATE NORMALS FOR TODAY
                           NORMAL    RECORD   YEAR
 MAXIMUM TEMPERATURE (F)     61        68     1942
 MINIMUM TEMPERATURE (F)     45        31     1984

SUNRISE AND SUNSET
 AUG 30 2016..........SUNRISE  7:23 AM      SUNSET  9:31 PM
 AUG 31 2016..........SUNRISE  7:25 AM      SUNSET  9:28 PM

-  INDICATES NEGATIVE NUMBERS.
R  INDICATES RECORD HAS BEEN SET OR TIED.
MM INDICATES DATA IS MISSING.
T  INDICATES TRACE OF PRECIPITATION.

&&
-------------------------------------------------------------------

AMOUNT OF DAYLIGHT TODAY  (HOUR:MIN)........14 HOURS 8 MINUTES
GAIN/LOSS SINCE YESTERDAY (HOUR:MIN:SEC)....-0:05:03

$$
FS AUG 16
