000
CDAK48 PAKN 271200
CLIAKN

CLIMATE REPORT
NATIONAL WEATHER SERVICE KING SALMON, AK
400 AM AKDT WED AUG 27 2014

...................................
...THE KING SALMON AP CLIMATE SUMMARY FOR AUGUST 26 2014...

CLIMATE NORMAL PERIOD  1981 TO  2010
CLIMATE RECORD PERIOD  1917 TO  2013

WEATHER ITEM   OBSERVED TIME    RECORD YEAR NORMAL DEPARTURE LAST
               VALUE    (LST)   VALUE       VALUE  FROM      YEAR
                                                   NORMAL
...................................................................
TEMPERATURE
YESTERDAY
 MAXIMUM            67  0109 PM    80  1981     62       5     58
 MINIMUM            50  1159 PM    30  2009     46       4     50
 AVERAGE            59                          54       5     54

PRECIPITATION
(INCHES)
 YESTERDAY           T           1.27  1955   0.10   -0.10   0.02
 MONTH TO DATE    3.13                        2.44    0.69   5.20
 SINCE JUN 1      8.76                        6.39    2.37   7.55
 SINCE JAN 1     13.89                       11.09    2.80  13.91

SNOWFALL
(INCHES)
 YESTERDAY         0.0            0.0  2014    0.0     0.0    0.0
 MONTH TO DATE     0.0                         0.0     0.0    0.0
 SINCE JUN 1       0.0                         0.0     0.0    0.0
 SINCE JUL 1       0.0                         0.0     0.0    0.0
 SNOW DEPTH (IN)     0                                          0

DEGREE DAYS
 HEATING
  YESTERDAY          6                          11      -5     11
  MONTH TO DATE    162                         262    -100    226
  SINCE JUN 1      831                         959    -128    730
  SINCE JUL 1      400                         552    -152    448

 COOLING
  YESTERDAY          0                           0       0      0
  MONTH TO DATE      0                           0       0      0
  SINCE JUN 1        0                           0       0      4
  SINCE JAN 1        0                           0       0      4
...................................................................

WIND (MPH)
 HIGHEST WIND SPEED    20     HIGHEST WIND DIRECTION    250
 HIGHEST GUST SPEED    26     HIGHEST GUST DIRECTION    250
 AVERAGE WIND SPEED   8.4

SKY COVER
  POSSIBLE SUNSHINE    MM          AVERAGE SKY COVER     MM

WEATHER CONDITIONS
 THE FOLLOWING WEATHER WAS RECORDED YESTERDAY.
  FOG
  RAIN


RELATIVE HUMIDITY
 HIGHEST RH     MM PERCENT       MM
 LOWEST  RH     MM PERCENT       MM
 AVERAGE RH     MM PERCENT       MM
...................................................................

THE KING SALMON CLIMATE NORMALS FOR TODAY
                           NORMAL    RECORD   YEAR
 MAXIMUM TEMPERATURE (F)     61        76     1987
 MINIMUM TEMPERATURE (F)     46        33     1984

SUNRISE AND SUNSET
 AUG 27 2014..........SUNRISE  7:15 AM      SUNSET  9:41 PM
 AUG 28 2014..........SUNRISE  7:17 AM      SUNSET  9:38 PM

-  INDICATES NEGATIVE NUMBERS.
R  INDICATES RECORD HAS BEEN SET OR TIED.
MM INDICATES DATA IS MISSING.
T  INDICATES TRACE OF PRECIPITATION.

&&
-------------------------------------------------------------------

AMOUNT OF DAYLIGHT TODAY  (HOUR:MIN)........14 HOURS 26 MINUTES
LOSS SINCE YESTERDAY (HOUR:MIN:SEC).........-0:05:01

$$

DT AUG 14
