000
CDAK48 PAFC 211305
CLIAKN

CLIMATE REPORT
NATIONAL WEATHER SERVICE ANCHORAGE, AK
403 AM AKST TUE FEB 21 2017


...................................

...THE KING SALMON CLIMATE SUMMARY FOR FEBRUARY 20 2017...

CLIMATE NORMAL PERIOD 1981 TO 2010
CLIMATE RECORD PERIOD 1917 TO 2017


WEATHER ITEM   OBSERVED TIME   RECORD YEAR NORMAL DEPARTURE LAST
                VALUE   (LST)  VALUE       VALUE  FROM      YEAR
                                                  NORMAL
..................................................................
TEMPERATURE (F)
 YESTERDAY
  MAXIMUM         -1    444 PM  46    1934  28    -29       39
  MINIMUM        -23    638 AM -36    1954  12    -35       27
  AVERAGE        -12                        20    -32       33

PRECIPITATION (IN)
  YESTERDAY        0.00          0.38 1962   0.03  -0.03     0.11
  MONTH TO DATE    0.54                      0.56  -0.02     0.92
  SINCE DEC 1      1.78                      2.81  -1.03     2.90
  SINCE JAN 1      0.69                      1.58  -0.89     1.40

SNOWFALL (IN)
  YESTERDAY        0.0          MM      MM   0.2   -0.2     MM
  MONTH TO DATE    6.7                       4.3    2.4      0.0
  SINCE DEC 1     15.2                      24.0   -8.8      0.0
  SINCE JUL 1     19.8                      33.8  -14.0     13.1
  SNOW DEPTH       6

DEGREE DAYS
 HEATING
  YESTERDAY       77                        45     32       32
  MONTH TO DATE 1075                       936    139      620
  SINCE DEC 1   4113                      3887    226     2848
  SINCE JUL 1   6839                      7264   -425     5445

 COOLING
  YESTERDAY        0                         0      0        0
  MONTH TO DATE    0                         0      0        0
  SINCE DEC 1      0                         0      0        0
  SINCE JAN 1      0                         0      0        0
..................................................................


WIND (MPH)
  RESULTANT WIND SPEED   7   RESULTANT WIND DIRECTION   N (10)
  HIGHEST WIND SPEED    14   HIGHEST WIND DIRECTION     N (20)
  HIGHEST GUST SPEED    16   HIGHEST GUST DIRECTION     N (20)
  AVERAGE WIND SPEED     7.6



WEATHER CONDITIONS
 THE FOLLOWING WEATHER WAS RECORDED YESTERDAY.
  NO SIGNIFICANT WEATHER WAS OBSERVED.


RELATIVE HUMIDITY (PERCENT)
 HIGHEST    81
 LOWEST     56
 AVERAGE    69

..........................................................


THE KING SALMON CLIMATE NORMALS FOR TODAY
                         NORMAL    RECORD    YEAR
 MAXIMUM TEMPERATURE (F)   28        53      2015
 MINIMUM TEMPERATURE (F)   12       -24      1991
                                             1954


SUNRISE AND SUNSET
FEBRUARY 21 2017......SUNRISE   843 AM AKST  SUNSET   638 PM AKST
FEBRUARY 22 2017......SUNRISE   840 AM AKST  SUNSET   641 PM AKST

CIVIL TWILIGHT
FEBRUARY 21 2017        START    802 AM GMT     END    720 PM GMT
FEBRUARY 22 2017        START    800 AM GMT     END    722 PM GMT



-  INDICATES NEGATIVE NUMBERS.
R  INDICATES RECORD WAS SET OR TIED.
MM INDICATES DATA IS MISSING.
T  INDICATES TRACE AMOUNT.




$$
&&
------------------------------------------------------
AMOUNT OF DAYLIGHT TODAY  (HOUR:MIN)........ 9:56
GAIN/LOSS SINCE YESTERDAY (HOUR:MIN:SEC)....+0:05:06
