431
CDAK48 PAFC 161245 RRB
CLIAKN

CLIMATE REPORT
NATIONAL WEATHER SERVICE ANCHORAGE, AK
344 AM AKST MON JAN 16 2017


...................................

...THE KING SALMON CLIMATE SUMMARY FOR JANUARY 15 2017...

CLIMATE NORMAL PERIOD 1981 TO 2010
CLIMATE RECORD PERIOD 1917 TO 2017


WEATHER ITEM   OBSERVED TIME   RECORD YEAR NORMAL DEPARTURE LAST
                VALUE   (LST)  VALUE       VALUE  FROM      YEAR
                                                  NORMAL
..................................................................
TEMPERATURE (F)
 YESTERDAY
  MAXIMUM          3    908 AM  46    1963  23    -20       40
  MINIMUM        -10   1159 PM -32    1951   9    -19       31
  AVERAGE         -3                        16    -19       36

PRECIPITATION (IN)
  YESTERDAY        0.00          0.27 1979   0.04  -0.04     0.00
                                      1955
  MONTH TO DATE    0.01                      0.48  -0.47     0.18
  SINCE DEC 1      1.10                      1.71  -0.61     1.68
  SINCE JAN 1      0.01                      0.48  -0.47     0.18

SNOWFALL (IN)
  YESTERDAY        0.0          MM      MM   0.4   -0.4      0.0
  MONTH TO DATE    0.5                       4.6   -4.1      0.0
  SINCE DEC 1      6.0                      14.1   -8.1      0.0
  SINCE JUL 1     10.6                      23.9  -13.3     13.1
  SNOW DEPTH       T

DEGREE DAYS
 HEATING
  YESTERDAY       68                        49     19       29
  MONTH TO DATE  775                       731     44      472
  SINCE DEC 1   2197                      2169     28     1722
  SINCE JUL 1   4923                      5546   -623     4319

 COOLING
  YESTERDAY        0                         0      0        0
  MONTH TO DATE    0                         0      0        0
  SINCE DEC 1      0                         0      0        0
  SINCE JAN 1      0                         0      0        0
..................................................................


WIND (MPH)
  RESULTANT WIND SPEED   8   RESULTANT WIND DIRECTION   N (0)
  HIGHEST WIND SPEED    16   HIGHEST WIND DIRECTION     N (360)
  HIGHEST GUST SPEED    21   HIGHEST GUST DIRECTION     N (20)
  AVERAGE WIND SPEED     8.1



WEATHER CONDITIONS
 THE FOLLOWING WEATHER WAS RECORDED YESTERDAY.
  NO SIGNIFICANT WEATHER WAS OBSERVED.


RELATIVE HUMIDITY (PERCENT)
 HIGHEST    83
 LOWEST     65
 AVERAGE    74

..........................................................


THE KING SALMON CLIMATE NORMALS FOR TODAY
                         NORMAL    RECORD    YEAR
 MAXIMUM TEMPERATURE (F)   23        48      1963
 MINIMUM TEMPERATURE (F)    9       -30      1925


SUNRISE AND SUNSET
JANUARY 16 2017.......SUNRISE  1002 AM AKST  SUNSET   511 PM AKST
JANUARY 17 2017.......SUNRISE  1001 AM AKST  SUNSET   514 PM AKST

CIVIL TWILIGHT
JANUARY 16 2017         START    914 AM GMT     END    601 PM GMT
JANUARY 17 2017         START    912 AM GMT     END    603 PM GMT



-  INDICATES NEGATIVE NUMBERS.
R  INDICATES RECORD WAS SET OR TIED.
MM INDICATES DATA IS MISSING.
T  INDICATES TRACE AMOUNT.




$$
&&
------------------------------------------------------
AMOUNT OF DAYLIGHT TODAY  (HOUR:MIN)........ 7:09
GAIN/LOSS SINCE YESTERDAY (HOUR:MIN:SEC)....+0:03:36
