000
CDAK48 PAFC 291242 RRB
CLIAKN

CLIMATE REPORT
NATIONAL WEATHER SERVICE ANCHORAGE, AK
438 AM AKDT THU SEP 29 2016


...................................

...THE KING SALMON CLIMATE SUMMARY FOR SEPTEMBER 28 2016...

CLIMATE NORMAL PERIOD 1981 TO 2010
CLIMATE RECORD PERIOD 1917 TO 2016


WEATHER ITEM   OBSERVED TIME   RECORD YEAR NORMAL DEPARTURE LAST
                VALUE   (LST)  VALUE       VALUE  FROM      YEAR
                                                  NORMAL
..................................................................
TEMPERATURE (F)
 YESTERDAY
  MAXIMUM         56    415 PM  63    1929  50      6       54
  MINIMUM         45    200 AM  22    1996  34     11       34
                                      1994
  AVERAGE         51                        42      9       44

PRECIPITATION (IN)
  YESTERDAY        0.03          1.36 1971   0.10  -0.07     0.01
  MONTH TO DATE    4.83                      3.00   1.83     2.93
  SINCE SEP 1      4.83                      3.00   1.83     2.93
  SINCE JAN 1     22.80                     14.60   8.20    15.87

SNOWFALL (IN)
  YESTERDAY        0.0          MM      MM   0.0    0.0     MM
  MONTH TO DATE    0.0                       0.1   -0.1      0.0
  SINCE SEP 1      0.0                       0.1   -0.1      0.0
  SINCE JUL 1      0.0                       0.1   -0.1      0.0
  SNOW DEPTH       0

DEGREE DAYS
 HEATING
  YESTERDAY       14                        23     -9       21
  MONTH TO DATE  368                       476   -108      423
  SINCE SEP 1    368                       476   -108      423
  SINCE JUL 1    685                      1092   -407      910

 COOLING
  YESTERDAY        0                         0      0        0
  MONTH TO DATE    0                         0      0        0
  SINCE SEP 1      0                         0      0        0
  SINCE JAN 1      0                         1     -1        2
..................................................................


WIND (MPH)
  RESULTANT WIND SPEED   6   RESULTANT WIND DIRECTION  SW (210)
  HIGHEST WIND SPEED    16   HIGHEST WIND DIRECTION     W (250)
  HIGHEST GUST SPEED    21   HIGHEST GUST DIRECTION     W (250)
  AVERAGE WIND SPEED     7.6



WEATHER CONDITIONS
 THE FOLLOWING WEATHER WAS RECORDED YESTERDAY.
  LIGHT RAIN
  FOG


RELATIVE HUMIDITY (PERCENT)
 HIGHEST   100
 LOWEST     83
 AVERAGE    92

..........................................................


THE KING SALMON CLIMATE NORMALS FOR TODAY
                         NORMAL    RECORD    YEAR
 MAXIMUM TEMPERATURE (F)   50        67      1954
 MINIMUM TEMPERATURE (F)   34        19      1957


SUNRISE AND SUNSET
SEPTEMBER 29 2016.....SUNRISE   828 AM AKDT  SUNSET   804 PM AKDT
SEPTEMBER 30 2016.....SUNRISE   831 AM AKDT  SUNSET   801 PM AKDT

CIVIL TWILIGHT
SEPTEMBER 29 2016       START   721 AM AKDT     END   819 PM AKDT
SEPTEMBER 30 2016       START   723 AM AKDT     END   816 PM AKDT



-  INDICATES NEGATIVE NUMBERS.
R  INDICATES RECORD WAS SET OR TIED.
MM INDICATES DATA IS MISSING.
T  INDICATES TRACE AMOUNT.




$$
&&
------------------------------------------------------
AMOUNT OF DAYLIGHT TODAY  (HOUR:MIN)........11:32
GAIN/LOSS SINCE YESTERDAY (HOUR:MIN:SEC)....-0:05:39
