010
CDAK48 PAFC 270113 RRA
CLIAKN

CLIMATE REPORT
NATIONAL WEATHER SERVICE ANCHORAGE, AK
505 PM AKDT WED APR 26 2017


...................................

...THE KING SALMON CLIMATE SUMMARY FOR APRIL 26 2017...
VALID TODAY AS OF 0500 PM LOCAL TIME.

CLIMATE NORMAL PERIOD 1981 TO 2010
CLIMATE RECORD PERIOD 1917 TO 2017


WEATHER ITEM   OBSERVED TIME   RECORD YEAR NORMAL DEPARTURE LAST
                VALUE   (LST)  VALUE       VALUE  FROM      YEAR
                                                  NORMAL
..................................................................
TEMPERATURE (F)
 TODAY
  MAXIMUM         51        MM  61    2005  47      4       56
  MINIMUM         34        MM  14    1964  29      5       26
                                      1960
  AVERAGE         43                        38      5       41

PRECIPITATION (IN)
  TODAY            0.04          0.23 1962   0.04   0.00     0.19
  MONTH TO DATE    0.72                      0.83  -0.11     0.83
  SINCE MAR 1      0.77                      1.53  -0.76     2.78
  SINCE JAN 1      1.97                      3.31  -1.34     4.22

SNOWFALL (IN)
  TODAY            0.0          MM      MM   0.1   -0.1     MM
  MONTH TO DATE    2.9                       3.6   -0.7      0.0
  SINCE MAR 1      3.3                      10.0   -6.7      0.0
  SINCE JUL 1     26.0                      45.5  -19.5     13.1
  SNOW DEPTH       0

DEGREE DAYS
 HEATING
  TODAY           22                        27     -5       24
  MONTH TO DATE  673                       835   -162      572
  SINCE MAR 1   2297                      2101    196     1521
  SINCE JUL 1   9430                      9721   -291     7212

 COOLING
  TODAY            0                         0      0        0
  MONTH TO DATE    0                         0      0        0
  SINCE MAR 1      0                         0      0        0
  SINCE JAN 1      0                         0      0        0
..................................................................


WIND (MPH)
  RESULTANT WIND SPEED   2   RESULTANT WIND DIRECTION   E (110)
  HIGHEST WIND SPEED     5   HIGHEST WIND DIRECTION    SE (120)
  HIGHEST GUST SPEED    MM   HIGHEST GUST DIRECTION    MM
  AVERAGE WIND SPEED     2.3



WEATHER CONDITIONS
 THE FOLLOWING WEATHER WAS RECORDED TODAY.
  LIGHT RAIN
  FOG


RELATIVE HUMIDITY (PERCENT)
 HIGHEST    92
 LOWEST     61
 AVERAGE    77

..........................................................


THE KING SALMON CLIMATE NORMALS FOR TOMORROW
                         NORMAL    RECORD    YEAR
 MAXIMUM TEMPERATURE (F)   47        61      2012
 MINIMUM TEMPERATURE (F)   29         8      1975


SUNRISE AND SUNSET
APRIL 26 2017.........SUNRISE   643 AM AKDT  SUNSET  1008 PM AKDT
APRIL 27 2017.........SUNRISE   640 AM AKDT  SUNSET  1010 PM AKDT

CIVIL TWILIGHT
APRIL 26 2017           START    555 AM GMT     END   1056 PM GMT
APRIL 27 2017           START    552 AM GMT     END   1059 PM GMT



-  INDICATES NEGATIVE NUMBERS.
R  INDICATES RECORD WAS SET OR TIED.
MM INDICATES DATA IS MISSING.
T  INDICATES TRACE AMOUNT.




$$
&&
------------------------------------------------------
AMOUNT OF DAYLIGHT TODAY  (HOUR:MIN)........15:25
GAIN/LOSS SINCE YESTERDAY (HOUR:MIN:SEC)....+0:04:57

$$
