000
CDUS45 KBOU 210725
CLIAKO


CLIMATE REPORT
NATIONAL WEATHER SERVICE DENVER/BOULDER CO
125 AM MDT SAT OCT 21 2017


...................................

...THE AKRON CO CLIMATE SUMMARY FOR OCTOBER 20 2017...

CLIMATE NORMAL PERIOD 1981 TO 2010
CLIMATE RECORD PERIOD 9999 TO 9999


WEATHER ITEM   OBSERVED TIME   RECORD YEAR NORMAL DEPARTURE LAST
                VALUE   (LST)  VALUE       VALUE  FROM      YEAR
                                                  NORMAL
..................................................................
TEMPERATURE (F)
 YESTERDAY
  MAXIMUM         78    120 PM  87    1947  62     16
  MINIMUM         45    518 AM  22    1982  35     10
  AVERAGE         62                        49     13

PRECIPITATION (IN)
  YESTERDAY        0.00          0.66 1963   0.04  -0.04     0.00
  MONTH TO DATE    0.47                      0.81  -0.34     0.46
  SINCE SEP 1      1.76                      1.97  -0.21     1.83
  SINCE JAN 1     13.55                     15.46  -1.91    16.56

DEGREE DAYS
 HEATING
  YESTERDAY        3
  MONTH TO DATE  241

 COOLING
  YESTERDAY        0
  MONTH TO DATE    0
..................................................................


WIND (MPH)
  HIGHEST WIND SPEED    28   HIGHEST WIND DIRECTION     N (340)
  HIGHEST GUST SPEED    34   HIGHEST GUST DIRECTION     N (340)




RELATIVE HUMIDITY (PERCENT)
 HIGHEST    76
 LOWEST     19
 AVERAGE    48

..........................................................


THE AKRON CO CLIMATE NORMALS FOR TODAY
                         NORMAL    RECORD    YEAR
 MAXIMUM TEMPERATURE (F)   62        86      1940
 MINIMUM TEMPERATURE (F)   35        20      1976


SUNRISE AND SUNSET
OCTOBER 21 2017.......SUNRISE   710 AM MDT   SUNSET   604 PM MDT
OCTOBER 22 2017.......SUNRISE   711 AM MDT   SUNSET   603 PM MDT


-  INDICATES NEGATIVE NUMBERS.
R  INDICATES RECORD WAS SET OR TIED.
MM INDICATES DATA IS MISSING.
T  INDICATES TRACE AMOUNT.




$$
