000
CDUS45 KBOU 300725
CLIAKO


CLIMATE REPORT
NATIONAL WEATHER SERVICE BOULDER, CO
125 AM MDT TUE SEP 30 2014


...................................

...THE AKRON CO CLIMATE SUMMARY FOR SEPTEMBER 29 2014...

CLIMATE NORMAL PERIOD 1981 TO 2010
CLIMATE RECORD PERIOD 9999 TO 9999


WEATHER ITEM   OBSERVED TIME   RECORD YEAR NORMAL DEPARTURE LAST
                VALUE   (LST)  VALUE       VALUE  FROM      YEAR
                                                  NORMAL
..................................................................
TEMPERATURE (F)
 YESTERDAY
  MAXIMUM         75    156 PM  90    1994  71      4
  MINIMUM         48   1159 PM  20    1985  43      5
  AVERAGE         62                        57      5

PRECIPITATION (IN)
  YESTERDAY        1.11R         0.64 1995   0.03   1.08     0.00
  MONTH TO DATE    1.94                      1.12   0.82     4.29
  SINCE SEP 1      1.94                      1.12   0.82     4.29
  SINCE JAN 1     17.54                     14.61   2.93    15.71

DEGREE DAYS
 HEATING
  YESTERDAY        3
  MONTH TO DATE   95

 COOLING
  YESTERDAY        0
  MONTH TO DATE   80
..................................................................


WIND (MPH)
  HIGHEST WIND SPEED    33   HIGHEST WIND DIRECTION    NW (300)
  HIGHEST GUST SPEED    44   HIGHEST GUST DIRECTION     W (290)




RELATIVE HUMIDITY (PERCENT)
 HIGHEST   100
 LOWEST     50
 AVERAGE    75

..........................................................


THE AKRON CO CLIMATE NORMALS FOR TODAY
                         NORMAL    RECORD    YEAR
 MAXIMUM TEMPERATURE (F)   70        90      1942
 MINIMUM TEMPERATURE (F)   43        17      1985


SUNRISE AND SUNSET
SEPTEMBER 30 2014.....SUNRISE   648 AM MDT   SUNSET   637 PM MDT
OCTOBER  1 2014.......SUNRISE   649 AM MDT   SUNSET   635 PM MDT


-  INDICATES NEGATIVE NUMBERS.
R  INDICATES RECORD WAS SET OR TIED.
MM INDICATES DATA IS MISSING.
T  INDICATES TRACE AMOUNT.




$$
