115
CDUS45 KBOU 200725
CLIAKO


CLIMATE REPORT
NATIONAL WEATHER SERVICE DENVER/BOULDER CO
1225 AM MST FRI JAN 20 2017


...................................

...THE AKRON CO CLIMATE SUMMARY FOR JANUARY 19 2017...

CLIMATE NORMAL PERIOD 1981 TO 2010
CLIMATE RECORD PERIOD 9999 TO 9999


WEATHER ITEM   OBSERVED TIME   RECORD YEAR NORMAL DEPARTURE LAST
                VALUE   (LST)  VALUE       VALUE  FROM      YEAR
                                                  NORMAL
..................................................................
TEMPERATURE (F)
 YESTERDAY
  MAXIMUM         48    330 PM  62    2014  40      8
  MINIMUM         24    703 AM -18    1943  17      7
  AVERAGE         36                        29      7

PRECIPITATION (IN)
  YESTERDAY        0.00          1.04 1988   0.01  -0.01     0.09
  MONTH TO DATE    0.11                      0.16  -0.05     0.09
  SINCE DEC 1      0.25                      0.56  -0.31     0.11
  SINCE JAN 1      0.11                      0.16  -0.05     0.09

DEGREE DAYS
 HEATING
  YESTERDAY       29
  MONTH TO DATE  790

 COOLING
  YESTERDAY        0
  MONTH TO DATE    0
..................................................................


WIND (MPH)
  HIGHEST WIND SPEED    14   HIGHEST WIND DIRECTION     W (270)
  HIGHEST GUST SPEED    16   HIGHEST GUST DIRECTION     W (260)




RELATIVE HUMIDITY (PERCENT)
 HIGHEST    81
 LOWEST     38
 AVERAGE    60

..........................................................


THE AKRON CO CLIMATE NORMALS FOR TODAY
                         NORMAL    RECORD    YEAR
 MAXIMUM TEMPERATURE (F)   40        68      1950
 MINIMUM TEMPERATURE (F)   17       -12      1984


SUNRISE AND SUNSET
JANUARY 20 2017.......SUNRISE   711 AM MST   SUNSET   458 PM MST
JANUARY 21 2017.......SUNRISE   710 AM MST   SUNSET   459 PM MST


-  INDICATES NEGATIVE NUMBERS.
R  INDICATES RECORD WAS SET OR TIED.
MM INDICATES DATA IS MISSING.
T  INDICATES TRACE AMOUNT.




$$
