000
CDUS45 KBOU 300725
CLIAKO


CLIMATE REPORT
NATIONAL WEATHER SERVICE DENVER/BOULDER CO
125 AM MDT TUE AUG 30 2016


...................................

...THE AKRON CO CLIMATE SUMMARY FOR AUGUST 29 2016...

CLIMATE NORMAL PERIOD 1981 TO 2010
CLIMATE RECORD PERIOD 9999 TO 9999


WEATHER ITEM   OBSERVED TIME   RECORD YEAR NORMAL DEPARTURE LAST
                VALUE   (LST)  VALUE       VALUE  FROM      YEAR
                                                  NORMAL
..................................................................
TEMPERATURE (F)
 YESTERDAY
  MAXIMUM         80    416 PM  97    2013  84     -4
                                      1943
  MINIMUM         58    513 AM  44    1978  56      2
  AVERAGE         69                        70     -1

PRECIPITATION (IN)
  YESTERDAY        0.00          2.59 1978   0.05  -0.05     0.00
  MONTH TO DATE    1.39                      2.18  -0.79     0.65
  SINCE JUN 1      8.02                      7.19   0.83     3.52
  SINCE JAN 1     14.53                     13.37   1.16    11.53

DEGREE DAYS
 HEATING
  YESTERDAY        0
  MONTH TO DATE   17

 COOLING
  YESTERDAY        4
  MONTH TO DATE  192
..................................................................


WIND (MPH)
  HIGHEST WIND SPEED    20   HIGHEST WIND DIRECTION     W (260)
  HIGHEST GUST SPEED    24   HIGHEST GUST DIRECTION     W (260)




RELATIVE HUMIDITY (PERCENT)
 HIGHEST    67
 LOWEST     36
 AVERAGE    52

..........................................................


THE AKRON CO CLIMATE NORMALS FOR TODAY
                         NORMAL    RECORD    YEAR
 MAXIMUM TEMPERATURE (F)   83        99      1990
 MINIMUM TEMPERATURE (F)   56        43      1964


SUNRISE AND SUNSET
AUGUST 30 2016........SUNRISE   619 AM MDT   SUNSET   727 PM MDT
AUGUST 31 2016........SUNRISE   620 AM MDT   SUNSET   725 PM MDT


-  INDICATES NEGATIVE NUMBERS.
R  INDICATES RECORD WAS SET OR TIED.
MM INDICATES DATA IS MISSING.
T  INDICATES TRACE AMOUNT.




$$
