000
CDUS45 KBOU 230725
CLIAKO


CLIMATE REPORT
NATIONAL WEATHER SERVICE DENVER/BOULDER CO
125 AM MDT WED AUG 23 2017


...................................

...THE AKRON CO CLIMATE SUMMARY FOR AUGUST 22 2017...

CLIMATE NORMAL PERIOD 1981 TO 2010
CLIMATE RECORD PERIOD 9999 TO 9999


WEATHER ITEM   OBSERVED TIME   RECORD YEAR NORMAL DEPARTURE LAST
                VALUE   (LST)  VALUE       VALUE  FROM      YEAR
                                                  NORMAL
..................................................................
TEMPERATURE (F)
 YESTERDAY
  MAXIMUM         81    223 PM  98    2003  85     -4
  MINIMUM         56    534 AM  44    1966  58     -2
  AVERAGE         69                        71     -2

PRECIPITATION (IN)
  YESTERDAY        0.00          1.55 2014   0.06  -0.06     0.00
  MONTH TO DATE    2.28                      1.76   0.52     1.36
  SINCE JUN 1      5.11                      6.77  -1.66     7.99
  SINCE JAN 1     11.76                     12.95  -1.19    14.50

DEGREE DAYS
 HEATING
  YESTERDAY        0
  MONTH TO DATE    9

 COOLING
  YESTERDAY        4
  MONTH TO DATE  110
..................................................................


WIND (MPH)
  HIGHEST WIND SPEED    24   HIGHEST WIND DIRECTION    SE (150)
  HIGHEST GUST SPEED    32   HIGHEST GUST DIRECTION     S (160)




RELATIVE HUMIDITY (PERCENT)
 HIGHEST   100
 LOWEST     35
 AVERAGE    68

..........................................................


THE AKRON CO CLIMATE NORMALS FOR TODAY
                         NORMAL    RECORD    YEAR
 MAXIMUM TEMPERATURE (F)   85        98      2006
 MINIMUM TEMPERATURE (F)   57        41      1964


SUNRISE AND SUNSET
AUGUST 23 2017........SUNRISE   612 AM MDT   SUNSET   738 PM MDT
AUGUST 24 2017........SUNRISE   613 AM MDT   SUNSET   736 PM MDT


-  INDICATES NEGATIVE NUMBERS.
R  INDICATES RECORD WAS SET OR TIED.
MM INDICATES DATA IS MISSING.
T  INDICATES TRACE AMOUNT.




$$
