000
CDUS45 KBOU 010725
CLIAKO


CLIMATE REPORT
NATIONAL WEATHER SERVICE BOULDER, CO
125 AM MDT MON JUN 1 2015


...................................

...THE AKRON CO CLIMATE SUMMARY FOR MAY 31 2015...

CLIMATE NORMAL PERIOD 1981 TO 2010
CLIMATE RECORD PERIOD 9999 TO 9999


WEATHER ITEM   OBSERVED TIME   RECORD YEAR NORMAL DEPARTURE LAST
                VALUE   (LST)  VALUE       VALUE  FROM      YEAR
                                                  NORMAL
..................................................................
TEMPERATURE (F)
 YESTERDAY
  MAXIMUM         81    136 PM  95    2002  75      6
  MINIMUM         50    142 AM  37    1946  48      2
  AVERAGE         66                        62      4

PRECIPITATION (IN)
  YESTERDAY        T             0.71 1999   0.10  -0.10     0.00
  MONTH TO DATE    6.02                      2.92   3.10     3.08
  SINCE MAR 1      7.73                      5.44   2.29     4.27
  SINCE JAN 1      8.01                      6.18   1.83     4.70

DEGREE DAYS
 HEATING
  YESTERDAY        0
  MONTH TO DATE  372

 COOLING
  YESTERDAY        1
  MONTH TO DATE    1
..................................................................


WIND (MPH)
  HIGHEST WIND SPEED    18   HIGHEST WIND DIRECTION    SW (210)
  HIGHEST GUST SPEED    25   HIGHEST GUST DIRECTION     S (180)




RELATIVE HUMIDITY (PERCENT)
 HIGHEST    93
 LOWEST     32
 AVERAGE    63

..........................................................


THE AKRON CO CLIMATE NORMALS FOR TODAY
                         NORMAL    RECORD    YEAR
 MAXIMUM TEMPERATURE (F)   76        95      1940
 MINIMUM TEMPERATURE (F)   49        31      1951


SUNRISE AND SUNSET
JUNE  1 2015..........SUNRISE   526 AM MDT   SUNSET   816 PM MDT
JUNE  2 2015..........SUNRISE   525 AM MDT   SUNSET   817 PM MDT


-  INDICATES NEGATIVE NUMBERS.
R  INDICATES RECORD WAS SET OR TIED.
MM INDICATES DATA IS MISSING.
T  INDICATES TRACE AMOUNT.




$$
