000
CDUS45 KBOU 240725
CLIAKO


CLIMATE REPORT
NATIONAL WEATHER SERVICE DENVER/BOULDER CO
125 AM MDT SUN JUL 24 2016


...................................

...THE AKRON CO CLIMATE SUMMARY FOR JULY 23 2016...

CLIMATE NORMAL PERIOD 1981 TO 2010
CLIMATE RECORD PERIOD 9999 TO 9999


WEATHER ITEM   OBSERVED TIME   RECORD YEAR NORMAL DEPARTURE LAST
                VALUE   (LST)  VALUE       VALUE  FROM      YEAR
                                                  NORMAL
..................................................................
TEMPERATURE (F)
 YESTERDAY
  MAXIMUM         95    314 PM 103    2005  89      6
  MINIMUM         66    513 AM  48    1950  60      6
  AVERAGE         81                        74      7

PRECIPITATION (IN)
  YESTERDAY        0.06          0.77 1993   0.09  -0.03     0.00
  MONTH TO DATE    2.02                      1.83   0.19     1.52
  SINCE JUN 1      5.96                      4.29   1.67     2.57
  SINCE JAN 1     12.47                     10.47   2.00    10.58

DEGREE DAYS
 HEATING
  YESTERDAY        0
  MONTH TO DATE    0

 COOLING
  YESTERDAY       16
  MONTH TO DATE  222
..................................................................


WIND (MPH)
  HIGHEST WIND SPEED    33   HIGHEST WIND DIRECTION     W (250)
  HIGHEST GUST SPEED    42   HIGHEST GUST DIRECTION     W (250)




RELATIVE HUMIDITY (PERCENT)
 HIGHEST    81
 LOWEST     16
 AVERAGE    49

..........................................................


THE AKRON CO CLIMATE NORMALS FOR TODAY
                         NORMAL    RECORD    YEAR
 MAXIMUM TEMPERATURE (F)   89       106      1940
 MINIMUM TEMPERATURE (F)   60        51      1991


SUNRISE AND SUNSET
JULY 24 2016..........SUNRISE   544 AM MDT   SUNSET   814 PM MDT
JULY 25 2016..........SUNRISE   545 AM MDT   SUNSET   813 PM MDT


-  INDICATES NEGATIVE NUMBERS.
R  INDICATES RECORD WAS SET OR TIED.
MM INDICATES DATA IS MISSING.
T  INDICATES TRACE AMOUNT.




$$
