000
CDUS45 KBOU 270725
CLIAKO


CLIMATE REPORT
NATIONAL WEATHER SERVICE DENVER/BOULDER CO
125 AM MDT TUE JUN 27 2017


...................................

...THE AKRON CO CLIMATE SUMMARY FOR JUNE 26 2017...

CLIMATE NORMAL PERIOD 1981 TO 2010
CLIMATE RECORD PERIOD 9999 TO 9999


WEATHER ITEM   OBSERVED TIME   RECORD YEAR NORMAL DEPARTURE LAST
                VALUE   (LST)  VALUE       VALUE  FROM      YEAR
                                                  NORMAL
..................................................................
TEMPERATURE (F)
 YESTERDAY
  MAXIMUM         86    143 PM 107    2012  85      1
  MINIMUM         55    349 AM  37    1968  57     -2
  AVERAGE         71                        71      0

PRECIPITATION (IN)
  YESTERDAY        0.00          0.45 1982   0.06  -0.06     0.12
  MONTH TO DATE    0.60                      2.19  -1.59     2.71
  SINCE JUN 1      0.60                      2.19  -1.59     2.71
  SINCE JAN 1      7.25                      8.37  -1.12     9.22

DEGREE DAYS
 HEATING
  YESTERDAY        0
  MONTH TO DATE   15

 COOLING
  YESTERDAY        6
  MONTH TO DATE  127
..................................................................


WIND (MPH)
  HIGHEST WIND SPEED    24   HIGHEST WIND DIRECTION     E (80)
  HIGHEST GUST SPEED    30   HIGHEST GUST DIRECTION     E (80)




RELATIVE HUMIDITY (PERCENT)
 HIGHEST    93
 LOWEST     32
 AVERAGE    63

..........................................................


THE AKRON CO CLIMATE NORMALS FOR TODAY
                         NORMAL    RECORD    YEAR
 MAXIMUM TEMPERATURE (F)   86       103      1990
 MINIMUM TEMPERATURE (F)   57        39      1985


SUNRISE AND SUNSET
JUNE 27 2017..........SUNRISE   526 AM MDT   SUNSET   826 PM MDT
JUNE 28 2017..........SUNRISE   526 AM MDT   SUNSET   826 PM MDT


-  INDICATES NEGATIVE NUMBERS.
R  INDICATES RECORD WAS SET OR TIED.
MM INDICATES DATA IS MISSING.
T  INDICATES TRACE AMOUNT.




$$
