939
CDUS45 KBOU 230725
CLIAKO


CLIMATE REPORT
NATIONAL WEATHER SERVICE DENVER/BOULDER CO
125 AM MDT TUE MAY 23 2017


...................................

...THE AKRON CO CLIMATE SUMMARY FOR MAY 22 2017...

CLIMATE NORMAL PERIOD 1981 TO 2010
CLIMATE RECORD PERIOD 9999 TO 9999


WEATHER ITEM   OBSERVED TIME   RECORD YEAR NORMAL DEPARTURE LAST
                VALUE   (LST)  VALUE       VALUE  FROM      YEAR
                                                  NORMAL
..................................................................
TEMPERATURE (F)
 YESTERDAY
  MAXIMUM         65   1116 AM  95    1939  72     -7
  MINIMUM         38   1156 PM  32    1963  46     -8
  AVERAGE         52                        59     -7

PRECIPITATION (IN)
  YESTERDAY        0.07          1.06 1965   0.10  -0.03     0.00
  MONTH TO DATE    2.80                      1.98   0.82     1.06
  SINCE MAR 1      6.52                      4.50   2.02     4.34
  SINCE JAN 1      6.63                      5.24   1.39     4.45

DEGREE DAYS
 HEATING
  YESTERDAY       13
  MONTH TO DATE  222

 COOLING
  YESTERDAY        0
  MONTH TO DATE    9
..................................................................


WIND (MPH)
  HIGHEST WIND SPEED    33   HIGHEST WIND DIRECTION     N (350)
  HIGHEST GUST SPEED    41   HIGHEST GUST DIRECTION     N (360)




RELATIVE HUMIDITY (PERCENT)
 HIGHEST    93
 LOWEST     39
 AVERAGE    66

..........................................................


THE AKRON CO CLIMATE NORMALS FOR TODAY
                         NORMAL    RECORD    YEAR
 MAXIMUM TEMPERATURE (F)   73        94      1989
 MINIMUM TEMPERATURE (F)   46        35      1971


SUNRISE AND SUNSET
MAY 23 2017...........SUNRISE   530 AM MDT   SUNSET   809 PM MDT
MAY 24 2017...........SUNRISE   530 AM MDT   SUNSET   810 PM MDT


-  INDICATES NEGATIVE NUMBERS.
R  INDICATES RECORD WAS SET OR TIED.
MM INDICATES DATA IS MISSING.
T  INDICATES TRACE AMOUNT.




$$
