000
CDUS45 KBOU 240725
CLIAKO


CLIMATE REPORT
NATIONAL WEATHER SERVICE BOULDER, CO
125 AM MDT FRI OCT 24 2014


...................................

...THE AKRON CO CLIMATE SUMMARY FOR OCTOBER 23 2014...

CLIMATE NORMAL PERIOD 1981 TO 2010
CLIMATE RECORD PERIOD 9999 TO 9999


WEATHER ITEM   OBSERVED TIME   RECORD YEAR NORMAL DEPARTURE LAST
                VALUE   (LST)  VALUE       VALUE  FROM      YEAR
                                                  NORMAL
..................................................................
TEMPERATURE (F)
 YESTERDAY
  MAXIMUM         73    312 PM  86    2003  61     12
  MINIMUM         41   1200 AM  17    1938  35      6
  AVERAGE         57                        48      9

PRECIPITATION (IN)
  YESTERDAY        0.00          0.36 1995   0.03  -0.03     0.00
  MONTH TO DATE    0.22                      0.91  -0.69     1.08
  SINCE SEP 1      2.16                      2.07   0.09     5.37
  SINCE JAN 1     17.76                     15.56   2.20    16.79

DEGREE DAYS
 HEATING
  YESTERDAY        8
  MONTH TO DATE  226

 COOLING
  YESTERDAY        0
  MONTH TO DATE    0
..................................................................


WIND (MPH)
  HIGHEST WIND SPEED    15   HIGHEST WIND DIRECTION    SW (210)
  HIGHEST GUST SPEED    20   HIGHEST GUST DIRECTION    SW (220)




RELATIVE HUMIDITY (PERCENT)
 HIGHEST    89
 LOWEST     20
 AVERAGE    55

..........................................................


THE AKRON CO CLIMATE NORMALS FOR TODAY
                         NORMAL    RECORD    YEAR
 MAXIMUM TEMPERATURE (F)   61        86      1940
 MINIMUM TEMPERATURE (F)   34        15      1945


SUNRISE AND SUNSET
OCTOBER 24 2014.......SUNRISE   713 AM MDT   SUNSET   600 PM MDT
OCTOBER 25 2014.......SUNRISE   714 AM MDT   SUNSET   559 PM MDT


-  INDICATES NEGATIVE NUMBERS.
R  INDICATES RECORD WAS SET OR TIED.
MM INDICATES DATA IS MISSING.
T  INDICATES TRACE AMOUNT.




$$
