000
CDUS45 KBOU 130725
CLIAKO


CLIMATE REPORT
NATIONAL WEATHER SERVICE DENVER/BOULDER CO
1225 AM MST SAT FEB 13 2016


...................................

...THE AKRON CO CLIMATE SUMMARY FOR FEBRUARY 12 2016...

CLIMATE NORMAL PERIOD 1981 TO 2010
CLIMATE RECORD PERIOD 9999 TO 9999


WEATHER ITEM   OBSERVED TIME   RECORD YEAR NORMAL DEPARTURE LAST
                VALUE   (LST)  VALUE       VALUE  FROM      YEAR
                                                  NORMAL
..................................................................
TEMPERATURE (F)
 YESTERDAY
  MAXIMUM         48   1203 PM  75    1962  42      6
  MINIMUM         29   1021 PM -12    1948  19     10
  AVERAGE         39                        30      9

PRECIPITATION (IN)
  YESTERDAY        0.00          0.42 1951   0.02  -0.02     0.00
  MONTH TO DATE    T                         0.17  -0.17     0.01
  SINCE DEC 1      0.11                      0.87  -0.76     0.44
  SINCE JAN 1      0.09                      0.47  -0.38     0.20

DEGREE DAYS
 HEATING
  YESTERDAY       26
  MONTH TO DATE  439

 COOLING
  YESTERDAY        0
  MONTH TO DATE    0
..................................................................


WIND (MPH)
  HIGHEST WIND SPEED    24   HIGHEST WIND DIRECTION    SE (130)
  HIGHEST GUST SPEED    29   HIGHEST GUST DIRECTION    SE (130)




RELATIVE HUMIDITY (PERCENT)
 HIGHEST   100
 LOWEST     50
 AVERAGE    75

..........................................................


THE AKRON CO CLIMATE NORMALS FOR TODAY
                         NORMAL    RECORD    YEAR
 MAXIMUM TEMPERATURE (F)   43        74      1954
 MINIMUM TEMPERATURE (F)   19        -9      1948


SUNRISE AND SUNSET
FEBRUARY 13 2016......SUNRISE   649 AM MST   SUNSET   526 PM MST
FEBRUARY 14 2016......SUNRISE   648 AM MST   SUNSET   527 PM MST


-  INDICATES NEGATIVE NUMBERS.
R  INDICATES RECORD WAS SET OR TIED.
MM INDICATES DATA IS MISSING.
T  INDICATES TRACE AMOUNT.




$$
