000
CDUS45 KBOU 140725
CLIAKO


CLIMATE REPORT
NATIONAL WEATHER SERVICE BOULDER, CO
125 AM MDT SUN SEP 14 2014


...................................

...THE AKRON CO CLIMATE SUMMARY FOR SEPTEMBER 13 2014...

CLIMATE NORMAL PERIOD 1981 TO 2010
CLIMATE RECORD PERIOD 9999 TO 9999


WEATHER ITEM   OBSERVED TIME   RECORD YEAR NORMAL DEPARTURE LAST
                VALUE   (LST)  VALUE       VALUE  FROM      YEAR
                                                  NORMAL
..................................................................
TEMPERATURE (F)
 YESTERDAY
  MAXIMUM         72    252 PM  96    1990  78     -6
  MINIMUM         35    139 AM  32    1993  50    -15
  AVERAGE         54                        64    -10

PRECIPITATION (IN)
  YESTERDAY        0.00          0.78 2013   0.04  -0.04     0.78
  MONTH TO DATE    0.31                      0.56  -0.25     1.26
  SINCE SEP 1      0.31                      0.56  -0.25     1.26
  SINCE JAN 1     15.91                     14.05   1.86    12.68

DEGREE DAYS
 HEATING
  YESTERDAY       11
  MONTH TO DATE   80

 COOLING
  YESTERDAY        0
  MONTH TO DATE   27
..................................................................


WIND (MPH)
  HIGHEST WIND SPEED    20   HIGHEST WIND DIRECTION     S (200)
  HIGHEST GUST SPEED    26   HIGHEST GUST DIRECTION     S (200)




RELATIVE HUMIDITY (PERCENT)
 HIGHEST    92
 LOWEST     29
 AVERAGE    61

..........................................................


THE AKRON CO CLIMATE NORMALS FOR TODAY
                         NORMAL    RECORD    YEAR
 MAXIMUM TEMPERATURE (F)   78        96      1955
 MINIMUM TEMPERATURE (F)   50        30      1993


SUNRISE AND SUNSET
SEPTEMBER 14 2014.....SUNRISE   633 AM MDT   SUNSET   703 PM MDT
SEPTEMBER 15 2014.....SUNRISE   634 AM MDT   SUNSET   702 PM MDT


-  INDICATES NEGATIVE NUMBERS.
R  INDICATES RECORD WAS SET OR TIED.
MM INDICATES DATA IS MISSING.
T  INDICATES TRACE AMOUNT.




$$
