000
CDUS41 KALY 180621
CLIALB


CLIMATE REPORT
NATIONAL WEATHER SERVICE ALBANY NY
121 AM EST THU DEC 18 2014


...................................

...THE ALBANY NY CLIMATE SUMMARY FOR DECEMBER 17 2014...

CLIMATE NORMAL PERIOD 1981 TO 2010
CLIMATE RECORD PERIOD 1874 TO 2014


WEATHER ITEM   OBSERVED TIME   RECORD YEAR NORMAL DEPARTURE LAST
                VALUE   (LST)  VALUE       VALUE  FROM      YEAR
                                                  NORMAL
..................................................................
TEMPERATURE (F)
 YESTERDAY
  MAXIMUM         42    333 PM  59    1984  35      7       13
  MINIMUM         35    548 AM  -8    1942  21     14       -5
  AVERAGE         39                        28     11        4

PRECIPITATION (IN)
  YESTERDAY        0.08          2.79 2000   0.09  -0.01     0.23
  MONTH TO DATE    3.99                      1.72   2.27     2.00
  SINCE DEC 1      3.99                      1.72   2.27     2.00
  SINCE JAN 1     38.32                     38.14   0.18    42.45

SNOWFALL (IN)
  YESTERDAY        0.0          11.1  1970   0.4   -0.4      3.5
  MONTH TO DATE   12.1                       6.5    5.6     18.8
  SINCE DEC 1     12.1                       6.5    5.6     18.8
  SINCE JUL 1     24.4                       9.3   15.1     20.9
  SNOW DEPTH       2

DEGREE DAYS
 HEATING
  YESTERDAY       26                        37    -11       61
  MONTH TO DATE  560                       579    -19      661
  SINCE DEC 1    560                       579    -19      661
  SINCE JUL 1   1835                      1983   -148     2031

 COOLING
  YESTERDAY        0                         0      0        0
  MONTH TO DATE    0                         0      0        0
  SINCE DEC 1      0                         0      0        0
  SINCE JAN 1    659                       598     61      763
..................................................................


WIND (MPH)
  HIGHEST WIND SPEED    21   HIGHEST WIND DIRECTION     W (290)
  HIGHEST GUST SPEED    28   HIGHEST GUST DIRECTION    NW (310)
  AVERAGE WIND SPEED     4.2


SKY COVER
  AVERAGE SKY COVER 1.0



RELATIVE HUMIDITY (PERCENT)
 HIGHEST   100
 LOWEST     70
 AVERAGE    85

..........................................................


THE ALBANY NY CLIMATE NORMALS FOR TODAY
                         NORMAL    RECORD    YEAR
 MAXIMUM TEMPERATURE (F)   35        60      1921
 MINIMUM TEMPERATURE (F)   20        -9      1919


SUNRISE AND SUNSET
DECEMBER 18 2014......SUNRISE   721 AM EST   SUNSET   423 PM EST
DECEMBER 19 2014......SUNRISE   721 AM EST   SUNSET   423 PM EST


-  INDICATES NEGATIVE NUMBERS.
R  INDICATES RECORD WAS SET OR TIED.
MM INDICATES DATA IS MISSING.
T  INDICATES TRACE AMOUNT.




$$
