231
CDUS41 KALY 232051
CLIALB


CLIMATE REPORT
NATIONAL WEATHER SERVICE ALBANY NY
451 PM EDT WED AUG 23 2017


...................................

...THE ALBANY NY CLIMATE SUMMARY FOR AUGUST 23 2017...
VALID TODAY AS OF 0400 PM LOCAL TIME.

CLIMATE NORMAL PERIOD 1981 TO 2010
CLIMATE RECORD PERIOD 1874 TO 2017


WEATHER ITEM   OBSERVED TIME   RECORD YEAR NORMAL DEPARTURE LAST
                VALUE   (LST)  VALUE       VALUE  FROM      YEAR
                                                  NORMAL
..................................................................
TEMPERATURE (F)
 TODAY
  MAXIMUM         77    342 PM  94    1947  80     -3       80
  MINIMUM         65    712 AM  44    1988  59      6       50
  AVERAGE         71                        69      2       65

PRECIPITATION (IN)
  TODAY            T             1.62 1890   0.11  -0.11     0.00
  MONTH TO DATE    3.76                      2.67   1.09     3.62
  SINCE JUN 1     12.89                     10.58   2.31    12.37
  SINCE JAN 1     31.80                     25.36   6.44    23.13

DEGREE DAYS
 HEATING
  TODAY            0                         1     -1        0
  MONTH TO DATE    0                         6     -6        1
  SINCE JUN 1     53                        63    -10       39
  SINCE JUL 1      2                        11     -9        1

 COOLING
  TODAY            6                         5      1        0
  MONTH TO DATE  158                       143     15      222
  SINCE JUN 1    525                       479     46      650
  SINCE JAN 1    575                       509     66      725
..................................................................


WIND (MPH)
  HIGHEST WIND SPEED    18   HIGHEST WIND DIRECTION     W (290)
  HIGHEST GUST SPEED    25   HIGHEST GUST DIRECTION     W (280)
  AVERAGE WIND SPEED    10.0


SKY COVER
  AVERAGE SKY COVER 0.7



RELATIVE HUMIDITY (PERCENT)
 HIGHEST    90          1200 AM
 LOWEST     36           300 PM
 AVERAGE    63

..........................................................


THE ALBANY NY CLIMATE NORMALS FOR TOMORROW
                         NORMAL    RECORD    YEAR
 MAXIMUM TEMPERATURE (F)   79        95      1947
 MINIMUM TEMPERATURE (F)   59        42      1971


SUNRISE AND SUNSET
AUGUST 23 2017........SUNRISE   610 AM EDT   SUNSET   744 PM EDT
AUGUST 24 2017........SUNRISE   612 AM EDT   SUNSET   743 PM EDT


-  INDICATES NEGATIVE NUMBERS.
R  INDICATES RECORD WAS SET OR TIED.
MM INDICATES DATA IS MISSING.
T  INDICATES TRACE AMOUNT.




$$
