000
CDUS43 KDMX 240654 RRB
CLIALO

CLIMATE REPORT
NATIONAL WEATHER SERVICE DES MOINES IA
1252 AM CST FRI NOV 24 2017


...................................

...THE WATERLOO IA CLIMATE SUMMARY FOR NOVEMBER 23 2017...

CLIMATE NORMAL PERIOD 1981 TO 2010
CLIMATE RECORD PERIOD 1895 TO 2017


WEATHER ITEM   OBSERVED TIME   RECORD YEAR NORMAL DEPARTURE LAST
                VALUE   (LST)  VALUE       VALUE  FROM      YEAR
                                                  NORMAL
..................................................................
TEMPERATURE (F)
 YESTERDAY
  MAXIMUM         50    241 PM  66    1908  41      9       40
  MINIMUM         22    741 AM  -4    1898  23     -1       35
  AVERAGE         36                        32      4       38

PRECIPITATION (IN)
  YESTERDAY        0.00          2.31 1931   0.06  -0.06     0.15
  MONTH TO DATE    0.44                      1.60  -1.16     0.51
  SINCE SEP 1      6.78                      6.71   0.07    10.31
  SINCE JAN 1     29.46                     32.99  -3.53    39.00

SNOWFALL (IN)
  YESTERDAY        0.0           7.9  1991   0.2   -0.2      0.0
  MONTH TO DATE    T                         1.8   -1.8      0.0
  SINCE SEP 1      T                         2.1   -2.1      0.0
  SINCE JUL 1      T                         2.1   -2.1      0.0
  SNOW DEPTH       0

DEGREE DAYS
 HEATING
  YESTERDAY       29                        33     -4       27
  MONTH TO DATE  721                       613    108      442
  SINCE SEP 1   1196                      1216    -20      795
  SINCE JUL 1   1213                      1236    -23      800

 COOLING
  YESTERDAY        0                         0      0        0
  MONTH TO DATE    0                         0      0        0
  SINCE SEP 1    129                        87     42      116
  SINCE JAN 1    720                       799    -79      869
..................................................................


WIND (MPH)
  HIGHEST WIND SPEED    13   HIGHEST WIND DIRECTION     S (180)
  HIGHEST GUST SPEED    16   HIGHEST GUST DIRECTION     S (190)
  AVERAGE WIND SPEED     5.3


SKY COVER
  POSSIBLE SUNSHINE  MM
  AVERAGE SKY COVER 0.0


WEATHER CONDITIONS
 THE FOLLOWING WEATHER WAS RECORDED YESTERDAY.
  NO SIGNIFICANT WEATHER WAS OBSERVED.


RELATIVE HUMIDITY (PERCENT)
 HIGHEST    81           800 AM
 LOWEST     39           200 PM
 AVERAGE    60

..........................................................


THE WATERLOO IA CLIMATE NORMALS FOR TODAY
                         NORMAL    RECORD    YEAR
 MAXIMUM TEMPERATURE (F)   41        62      2001
 MINIMUM TEMPERATURE (F)   22        -2      1951
                                             1898


SUNRISE AND SUNSET
NOVEMBER 24 2017......SUNRISE   712 AM CST   SUNSET   440 PM CST
NOVEMBER 25 2017......SUNRISE   713 AM CST   SUNSET   440 PM CST


-  INDICATES NEGATIVE NUMBERS.
R  INDICATES RECORD WAS SET OR TIED.
MM INDICATES DATA IS MISSING.
T  INDICATES TRACE AMOUNT.




$$
