000
CDUS43 KDMX 290910
CLIALO

CLIMATE REPORT
NATIONAL WEATHER SERVICE DES MOINES IA
1258 AM CST MON DEC 29 2014

...................................

...THE WATERLOO IA CLIMATE SUMMARY FOR DECEMBER 28 2014...

CLIMATE NORMAL PERIOD 1981 TO 2010
CLIMATE RECORD PERIOD 1895 TO 2014

WEATHER ITEM   OBSERVED TIME   RECORD YEAR NORMAL DEPARTURE LAST
                VALUE   (LST)  VALUE       VALUE  FROM      YEAR
                                                  NORMAL
..................................................................
TEMPERATURE (F)
 YESTERDAY
  MAXIMUM         32    318 PM  62    1984  28      4       43
  MINIMUM         11    759 AM -22    1924  11      0       18
  AVERAGE         22                        19      3       31

PRECIPITATION (IN)
  YESTERDAY        0.00          0.31 1992   0.03  -0.03     0.00
                                      1968
  MONTH TO DATE    1.63                      1.11   0.52     0.75
  SINCE DEC 1      1.63                      1.11   0.52     0.75
  SINCE JAN 1     34.88                     34.51   0.37    40.62

SNOWFALL (IN)
  YESTERDAY        0.0           6.7  2000   0.3   -0.3      0.0
  MONTH TO DATE    T                         9.0   -9.0     13.7
  SINCE DEC 1      T                         9.0   -9.0     13.7
  SINCE JUL 1      5.4                      12.4   -7.0     19.6
  SNOW DEPTH       0

DEGREE DAYS
 HEATING
  YESTERDAY       43                        46     -3       34
  MONTH TO DATE  972                      1189   -217     1351
  SINCE DEC 1    972                      1189   -217     1351
  SINCE JUL 1   2721                      2672     49     2957

 COOLING
  YESTERDAY        0                         0      0        0
  MONTH TO DATE    0                         0      0        0
  SINCE DEC 1      0                         0      0        0
  SINCE JAN 1    658                       799   -141      837
..................................................................

WIND (MPH)
  HIGHEST WIND SPEED    10   HIGHEST WIND DIRECTION    NE (50)
  HIGHEST GUST SPEED    13   HIGHEST GUST DIRECTION    NE (50)
  AVERAGE WIND SPEED     3.4

SKY COVER
  POSSIBLE SUNSHINE  MM
  AVERAGE SKY COVER 0.0

WEATHER CONDITIONS
 THE FOLLOWING WEATHER WAS RECORDED YESTERDAY.
  NO SIGNIFICANT WEATHER WAS OBSERVED.

RELATIVE HUMIDITY (PERCENT)
 HIGHEST    96           800 PM
 LOWEST     59           300 PM
 AVERAGE    78
..........................................................

THE WATERLOO IA CLIMATE NORMALS FOR TODAY
                         NORMAL    RECORD    YEAR
 MAXIMUM TEMPERATURE (F)   28        55      1912
 MINIMUM TEMPERATURE (F)   10       -23      1925

SUNRISE AND SUNSET
DECEMBER 29 2014......SUNRISE   739 AM CST   SUNSET   445 PM CST
DECEMBER 30 2014......SUNRISE   739 AM CST   SUNSET   445 PM CST

-  INDICATES NEGATIVE NUMBERS.
R  INDICATES RECORD WAS SET OR TIED.
MM INDICATES DATA IS MISSING.
T  INDICATES TRACE AMOUNT.

$$

FAB
