000
CDUS43 KDMX 260639
CLIALO

CLIMATE REPORT
NATIONAL WEATHER SERVICE DES MOINES IA
135 AM CDT FRI MAY 26 2017

...................................

...THE WATERLOO IA CLIMATE SUMMARY FOR MAY 25 2017...

CLIMATE NORMAL PERIOD 1981 TO 2010
CLIMATE RECORD PERIOD 1895 TO 2017


WEATHER ITEM   OBSERVED TIME   RECORD YEAR NORMAL DEPARTURE LAST
                VALUE   (LST)  VALUE       VALUE  FROM      YEAR
                                                  NORMAL
..................................................................
TEMPERATURE (F)
 YESTERDAY
  MAXIMUM         73    512 PM  92    1967  75     -2       82
  MINIMUM         38    443 AM  29    1925  52    -14       63
  AVERAGE         56                        64     -8       73

PRECIPITATION (IN)
  YESTERDAY        0.00          2.31 1904   0.15  -0.15     0.06
  MONTH TO DATE    3.44                      3.61  -0.17     0.92
  SINCE MAR 1      9.01                      9.38  -0.37     6.40
  SINCE JAN 1     12.94                     11.20   1.74     8.17

SNOWFALL (IN)
  YESTERDAY        0.0          MM      MM   0.0    0.0      0.0
  MONTH TO DATE    0.0                       0.0    0.0      0.0
  SINCE MAR 1     10.6                       6.4    4.2      2.9
  SINCE JUL 1     26.2                      35.3   -9.1     46.0
  SNOW DEPTH       0

DEGREE DAYS
 HEATING
  YESTERDAY        9                         4      5        0
  MONTH TO DATE  223                       169     54      210
  SINCE MAR 1   1552                      1566    -14     1429
  SINCE JUL 1   6014                      6985   -971     6129

 COOLING
  YESTERDAY        0                         2     -2        8
  MONTH TO DATE   30                        34     -4       29
  SINCE MAR 1     36                        42     -6       32
  SINCE JAN 1     36                        42     -6       32
..................................................................


WIND (MPH)
  HIGHEST WIND SPEED    15   HIGHEST WIND DIRECTION     E (100)
  HIGHEST GUST SPEED    20   HIGHEST GUST DIRECTION     E (100)
  AVERAGE WIND SPEED     3.1


SKY COVER
  POSSIBLE SUNSHINE  MM
  AVERAGE SKY COVER 0.1


WEATHER CONDITIONS
 THE FOLLOWING WEATHER WAS RECORDED YESTERDAY.
  FOG
  FOG W/VISIBILITY <= 1/4 MILE


RELATIVE HUMIDITY (PERCENT)
 HIGHEST   100           100 AM
 LOWEST     38           400 PM
 AVERAGE    69

..........................................................


THE WATERLOO IA CLIMATE NORMALS FOR TODAY
                         NORMAL    RECORD    YEAR
 MAXIMUM TEMPERATURE (F)   75        94      1967
 MINIMUM TEMPERATURE (F)   53        33      1961


SUNRISE AND SUNSET
MAY 26 2017...........SUNRISE   538 AM CDT   SUNSET   836 PM CDT
MAY 27 2017...........SUNRISE   537 AM CDT   SUNSET   837 PM CDT


-  INDICATES NEGATIVE NUMBERS.
R  INDICATES RECORD WAS SET OR TIED.
MM INDICATES DATA IS MISSING.
T  INDICATES TRACE AMOUNT.

$$

ANSORGE
