000
CDUS43 KDMX 230639 RRA
CLIALO

CLIMATE REPORT
NATIONAL WEATHER SERVICE DES MOINES IA
128 AM CDT WED JUL 23 2014


...................................

...THE WATERLOO IA CLIMATE SUMMARY FOR JULY 22 2014...

CLIMATE NORMAL PERIOD 1981 TO 2010
CLIMATE RECORD PERIOD 1895 TO 2014


WEATHER ITEM   OBSERVED TIME   RECORD YEAR NORMAL DEPARTURE LAST
                VALUE   (LST)  VALUE       VALUE  FROM      YEAR
                                                  NORMAL
..................................................................
TEMPERATURE (F)
 YESTERDAY
  MAXIMUM         93    236 PM 104    1901  84      9       93
  MINIMUM         65   1159 PM  45    1947  63      2       62
  AVERAGE         79                        74      5       78

PRECIPITATION (IN)
  YESTERDAY        0.00          2.24 2010   0.15  -0.15     0.61
  MONTH TO DATE    0.43                      3.61  -3.18     0.91
  SINCE JUN 1     10.06                      8.59   1.47     5.59
  SINCE JAN 1     24.09                     20.71   3.38    29.17

SNOWFALL (IN)
  YESTERDAY        0.0          MM      MM   0.0    0.0      0.0
  MONTH TO DATE    0.0                       0.0    0.0      0.0
  SINCE JUN 1      0.0                       0.0    0.0      0.0
  SINCE JUL 1      0.0                       0.0    0.0      0.0
  SNOW DEPTH       0

DEGREE DAYS
 HEATING
  YESTERDAY        0                         0      0        0
  MONTH TO DATE   17                         0     17        0
  SINCE JUN 1     24                        26     -2       38
  SINCE JUL 1     17                         0     17        0

 COOLING
  YESTERDAY       14                         9      5       13
  MONTH TO DATE  108                       198    -90      238
  SINCE JUN 1    279                       375    -96      406
  SINCE JAN 1    346                       431    -85      459
..................................................................


WIND (MPH)
  HIGHEST WIND SPEED    20   HIGHEST WIND DIRECTION     N (340)
  HIGHEST GUST SPEED    24   HIGHEST GUST DIRECTION    NW (330)
  AVERAGE WIND SPEED    10.2


SKY COVER
  POSSIBLE SUNSHINE  MM
  AVERAGE SKY COVER 0.2


WEATHER CONDITIONS
 THE FOLLOWING WEATHER WAS RECORDED YESTERDAY.
  NO SIGNIFICANT WEATHER WAS OBSERVED.


RELATIVE HUMIDITY (PERCENT)
 HIGHEST    87           400 AM
 LOWEST     49           300 PM
 AVERAGE    68

..........................................................


THE WATERLOO IA CLIMATE NORMALS FOR TODAY
                         NORMAL    RECORD    YEAR
 MAXIMUM TEMPERATURE (F)   84       103      2012
                                             1934
                                             1901
 MINIMUM TEMPERATURE (F)   63        46      1925


SUNRISE AND SUNSET
JULY 23 2014..........SUNRISE   553 AM CDT   SUNSET   839 PM CDT
JULY 24 2014..........SUNRISE   554 AM CDT   SUNSET   838 PM CDT


-  INDICATES NEGATIVE NUMBERS.
R  INDICATES RECORD WAS SET OR TIED.
MM INDICATES DATA IS MISSING.
T  INDICATES TRACE AMOUNT.

$$
