000
CDUS45 KPUB 280020
CLIALS


CLIMATE REPORT
NATIONAL WEATHER SERVICE PUEBLO
620 PM MDT WED MAY 27 2015


...................................

...THE ALAMOSA CO CLIMATE SUMMARY FOR MAY 27 2015...
VALID TODAY AS OF 0500 PM LOCAL TIME.

CLIMATE NORMAL PERIOD 1981 TO 2010
CLIMATE RECORD PERIOD 1932 TO 2015


WEATHER ITEM   OBSERVED TIME   RECORD YEAR NORMAL DEPARTURE LAST
                VALUE   (LST)  VALUE       VALUE  FROM      YEAR
                                                  NORMAL
..................................................................
TEMPERATURE (F)
 TODAY
  MAXIMUM         73    307 PM  84    2010  73      0       81
                                      1984
                                      1951
  MINIMUM         35    320 AM  25    1996  36     -1       34
                                      1950
  AVERAGE         54                        54      0       58

PRECIPITATION (IN)
  TODAY            0.00          0.68 1970   0.02  -0.02     0.00
  MONTH TO DATE    1.77                      0.51   1.26     0.22
  SINCE MAR 1      2.60                      1.63   0.97     1.68
  SINCE JAN 1      3.94                      2.15   1.79     1.80

SNOWFALL (IN)
  TODAY            0.0           T    1992   0.0    0.0      0.0
  MONTH TO DATE    T                         0.9   -0.9      1.3
  SINCE MAR 1      0.7                       9.5   -8.8     11.7
  SINCE JUL 1     23.8                      27.6   -3.8     39.8
  SNOW DEPTH       0

DEGREE DAYS
 HEATING
  TODAY           11                        11      0        7
  MONTH TO DATE  421                       387     34      418
  SINCE MAR 1   1846                      2058   -212     1959
  SINCE JUL 1   7338                      8387  -1049     8527

 COOLING
  TODAY            0                         0      0        0
  MONTH TO DATE    0                         0      0        0
  SINCE MAR 1      0                         0      0        0
  SINCE JAN 1      0                         0      0        0
..................................................................


WIND (MPH)
  HIGHEST WIND SPEED    26   HIGHEST WIND DIRECTION     W (250)
  HIGHEST GUST SPEED    33   HIGHEST GUST DIRECTION    SW (240)
  AVERAGE WIND SPEED     6.7


SKY COVER
  POSSIBLE SUNSHINE  MM
  AVERAGE SKY COVER 0.2


WEATHER CONDITIONS
 THE FOLLOWING WEATHER WAS RECORDED TODAY.
  THUNDERSTORM


RELATIVE HUMIDITY (PERCENT)
 HIGHEST    92           200 AM
 LOWEST     20           200 PM
 AVERAGE    56

..........................................................


THE ALAMOSA CO CLIMATE NORMALS FOR TOMORROW
                         NORMAL    RECORD    YEAR
 MAXIMUM TEMPERATURE (F)   73        86      2000
 MINIMUM TEMPERATURE (F)   36        21      2012


SUNRISE AND SUNSET
MAY 27 2015...........SUNRISE   546 AM MDT   SUNSET   815 PM MDT
MAY 28 2015...........SUNRISE   546 AM MDT   SUNSET   816 PM MDT


-  INDICATES NEGATIVE NUMBERS.
R  INDICATES RECORD WAS SET OR TIED.
MM INDICATES DATA IS MISSING.
T  INDICATES TRACE AMOUNT.




$$
