000
CDUS45 KPUB 281025
CLIALS


CLIMATE REPORT
NATIONAL WEATHER SERVICE PUEBLO
424 AM MDT WED SEP 28 2016


...................................

...THE ALAMOSA CO CLIMATE SUMMARY FOR SEPTEMBER 27 2016...

CLIMATE NORMAL PERIOD 1981 TO 2010
CLIMATE RECORD PERIOD 1932 TO 2016


WEATHER ITEM   OBSERVED TIME   RECORD YEAR NORMAL DEPARTURE LAST
                VALUE   (LST)  VALUE       VALUE  FROM      YEAR
                                                  NORMAL
..................................................................
TEMPERATURE (F)
 YESTERDAY
  MAXIMUM         75    338 PM  84    2010  69      6       81
  MINIMUM         28    607 AM  21    1934  32     -4       31
  AVERAGE         52                        50      2       56

PRECIPITATION (IN)
  YESTERDAY        0.00          0.68 1936   0.02  -0.02     0.00
  MONTH TO DATE    0.26                      0.84  -0.58     0.45
  SINCE SEP 1      0.26                      0.84  -0.58     0.45
  SINCE JAN 1      7.61                      5.79   1.82     7.42

SNOWFALL (IN)
  YESTERDAY        0.0           T    1976   0.0    0.0      0.0
  MONTH TO DATE    0.0                       0.0    0.0      0.0
  SINCE SEP 1      0.0                       0.0    0.0      0.0
  SINCE JUL 1      0.0                       0.0    0.0      0.0
  SNOW DEPTH       0

DEGREE DAYS
 HEATING
  YESTERDAY       13                        14     -1        9
  MONTH TO DATE  222                       256    -34      169
  SINCE SEP 1    222                       256    -34      169
  SINCE JUL 1    366                       385    -19      261

 COOLING
  YESTERDAY        0                         0      0        0
  MONTH TO DATE    0                         0      0        0
  SINCE SEP 1      0                         0      0        0
  SINCE JAN 1    115                        51     64       74
..................................................................


WIND (MPH)
  HIGHEST WIND SPEED    10   HIGHEST WIND DIRECTION     S (200)
  HIGHEST GUST SPEED    16   HIGHEST GUST DIRECTION    SE (130)
  AVERAGE WIND SPEED     3.0


SKY COVER
  POSSIBLE SUNSHINE  MM
  AVERAGE SKY COVER 0.0


WEATHER CONDITIONS
 THE FOLLOWING WEATHER WAS RECORDED YESTERDAY.
  NO SIGNIFICANT WEATHER WAS OBSERVED.


RELATIVE HUMIDITY (PERCENT)
 HIGHEST    78           400 AM
 LOWEST     19           300 PM
 AVERAGE    49

..........................................................


THE ALAMOSA CO CLIMATE NORMALS FOR TODAY
                         NORMAL    RECORD    YEAR
 MAXIMUM TEMPERATURE (F)   69        83      2010
 MINIMUM TEMPERATURE (F)   32        19      1974


SUNRISE AND SUNSET
SEPTEMBER 28 2016.....SUNRISE   657 AM MDT   SUNSET   650 PM MDT
SEPTEMBER 29 2016.....SUNRISE   658 AM MDT   SUNSET   649 PM MDT


-  INDICATES NEGATIVE NUMBERS.
R  INDICATES RECORD WAS SET OR TIED.
MM INDICATES DATA IS MISSING.
T  INDICATES TRACE AMOUNT.




$$
