000
CDUS45 KPUB 200030
CLIALS


CLIMATE REPORT
NATIONAL WEATHER SERVICE PUEBLO
530 PM MST MON FEB 19 2018


...................................

...THE ALAMOSA CO CLIMATE SUMMARY FOR FEBRUARY 19 2018...
VALID TODAY AS OF 0500 PM LOCAL TIME.

CLIMATE NORMAL PERIOD 1981 TO 2010
CLIMATE RECORD PERIOD 1932 TO 2018


WEATHER ITEM   OBSERVED TIME   RECORD YEAR NORMAL DEPARTURE LAST
                VALUE   (LST)  VALUE       VALUE  FROM      YEAR
                                                  NORMAL
..................................................................
TEMPERATURE (F)
 TODAY
  MAXIMUM         47    339 PM  60    2016  41      6       46
                                      1981
  MINIMUM         32    749 AM -17    1992   8     24       27
  AVERAGE         40                        24     16       37

PRECIPITATION (IN)
  TODAY            0.01          0.36 2004   0.01   0.00     0.00
  MONTH TO DATE    0.22                      0.17   0.05     0.27
  SINCE DEC 1      0.44                      0.78  -0.34     2.71
  SINCE JAN 1      0.30                      0.43  -0.13     1.63

SNOWFALL (IN)
  TODAY            0.3           4.5  2004   0.1    0.2      0.0
  MONTH TO DATE    3.3                       2.6    0.7      2.1
  SINCE DEC 1      6.1                      11.1   -5.0     34.2
  SINCE JUL 1      6.5                      16.9  -10.4     35.2
  SNOW DEPTH       0

DEGREE DAYS
 HEATING
  TODAY           25                        41    -16       28
  MONTH TO DATE  635                       834   -199      680
  SINCE DEC 1   3130                      3806   -676     3617
  SINCE JUL 1   4896                      5981  -1085     5481

 COOLING
  TODAY            0                         0      0        0
  MONTH TO DATE    0                         0      0        0
  SINCE DEC 1      0                         0      0        0
  SINCE JAN 1      0                         0      0        0
..................................................................


WIND (MPH)
  HIGHEST WIND SPEED    45   HIGHEST WIND DIRECTION    SW (220)
  HIGHEST GUST SPEED    60   HIGHEST GUST DIRECTION    SW (210)
  AVERAGE WIND SPEED    22.7


SKY COVER
  POSSIBLE SUNSHINE  MM
  AVERAGE SKY COVER 0.4


WEATHER CONDITIONS
 THE FOLLOWING WEATHER WAS RECORDED TODAY.
  LIGHT RAIN
  SNOW
  LIGHT SNOW
  FOG
  HAZE


RELATIVE HUMIDITY (PERCENT)
 HIGHEST    92           900 AM
 LOWEST     38           300 PM
 AVERAGE    65

..........................................................


THE ALAMOSA CO CLIMATE NORMALS FOR TOMORROW
                         NORMAL    RECORD    YEAR
 MAXIMUM TEMPERATURE (F)   42        64      1935
 MINIMUM TEMPERATURE (F)    8       -19      1955


SUNRISE AND SUNSET
FEBRUARY 19 2018......SUNRISE   648 AM MST   SUNSET   547 PM MST
FEBRUARY 20 2018......SUNRISE   646 AM MST   SUNSET   548 PM MST


-  INDICATES NEGATIVE NUMBERS.
R  INDICATES RECORD WAS SET OR TIED.
MM INDICATES DATA IS MISSING.
T  INDICATES TRACE AMOUNT.




$$
