192
CDUS45 KPUB 230020
CLIALS


CLIMATE REPORT
NATIONAL WEATHER SERVICE PUEBLO
520 PM MST WED FEB 22 2017


...................................

...THE ALAMOSA CO CLIMATE SUMMARY FOR FEBRUARY 22 2017...
VALID TODAY AS OF 0500 PM LOCAL TIME.

CLIMATE NORMAL PERIOD 1981 TO 2010
CLIMATE RECORD PERIOD 1932 TO 2017


WEATHER ITEM   OBSERVED TIME   RECORD YEAR NORMAL DEPARTURE LAST
                VALUE   (LST)  VALUE       VALUE  FROM      YEAR
                                                  NORMAL
..................................................................
TEMPERATURE (F)
 TODAY
  MAXIMUM         53    122 PM  60    1982  42     11       47
                                      1958
  MINIMUM         33    718 AM -20    1939   9     24       15
  AVERAGE         43                        26     17       31

PRECIPITATION (IN)
  TODAY            0.00          0.49 2015   0.01  -0.01      T
  MONTH TO DATE    0.27                      0.20   0.07     0.15
  SINCE DEC 1      2.71                      0.81   1.90     0.98
  SINCE JAN 1      1.63                      0.46   1.17     0.73

SNOWFALL (IN)
  TODAY            0.0           9.2  2015   0.1   -0.1      0.2
  MONTH TO DATE    2.1                       3.0   -0.9      1.9
  SINCE DEC 1     34.2                      11.5   22.7     12.3
  SINCE JUL 1     35.2                      17.3   17.9     16.6
  SNOW DEPTH       0

DEGREE DAYS
 HEATING
  TODAY           22                        39    -17       34
  MONTH TO DATE  755                       953   -198      815
  SINCE DEC 1   3692                      3925   -233     3751
  SINCE JUL 1   5556                      6100   -544     5529

 COOLING
  TODAY            0                         0      0        0
  MONTH TO DATE    0                         0      0        0
  SINCE DEC 1      0                         0      0        0
  SINCE JAN 1      0                         0      0        0
..................................................................


WIND (MPH)
  HIGHEST WIND SPEED    35   HIGHEST WIND DIRECTION    SW (240)
  HIGHEST GUST SPEED    40   HIGHEST GUST DIRECTION    SW (230)
  AVERAGE WIND SPEED    15.2


SKY COVER
  POSSIBLE SUNSHINE  MM
  AVERAGE SKY COVER 0.1


WEATHER CONDITIONS
 THE FOLLOWING WEATHER WAS RECORDED TODAY.
  NO SIGNIFICANT WEATHER WAS OBSERVED.


RELATIVE HUMIDITY (PERCENT)
 HIGHEST    82           500 AM
 LOWEST     32          1100 AM
 AVERAGE    57

..........................................................


THE ALAMOSA CO CLIMATE NORMALS FOR TOMORROW
                         NORMAL    RECORD    YEAR
 MAXIMUM TEMPERATURE (F)   43        59      2002
                                             1995
 MINIMUM TEMPERATURE (F)    9       -23      1960


SUNRISE AND SUNSET
FEBRUARY 22 2017......SUNRISE   644 AM MST   SUNSET   551 PM MST
FEBRUARY 23 2017......SUNRISE   642 AM MST   SUNSET   552 PM MST


-  INDICATES NEGATIVE NUMBERS.
R  INDICATES RECORD WAS SET OR TIED.
MM INDICATES DATA IS MISSING.
T  INDICATES TRACE AMOUNT.




$$
