000
CDUS45 KPUB 181035
CLIALS


CLIMATE REPORT
NATIONAL WEATHER SERVICE PUEBLO
435 AM MDT FRI APR 18 2014


...................................

...THE ALAMOSA CO CLIMATE SUMMARY FOR APRIL 17 2014...

CLIMATE NORMAL PERIOD 1981 TO 2010
CLIMATE RECORD PERIOD 1932 TO 2014


WEATHER ITEM   OBSERVED TIME   RECORD YEAR NORMAL DEPARTURE LAST
                VALUE   (LST)  VALUE       VALUE  FROM      YEAR
                                                  NORMAL
..................................................................
TEMPERATURE (F)
 YESTERDAY
  MAXIMUM         58    513 PM  74    1954  60     -2       50
                                      1948
  MINIMUM         25    606 AM   3    1999  25      0       22
  AVERAGE         42                        42      0       36

PRECIPITATION (IN)
  YESTERDAY        0.00          0.45 2010   0.03  -0.03     0.01
  MONTH TO DATE    0.98                      0.32   0.66     0.28
  SINCE MAR 1      1.38                      0.85   0.53     0.62
  SINCE JAN 1      1.50                      1.37   0.13     0.84

SNOWFALL (IN)
  YESTERDAY        0.0           3.3  2008   0.1   -0.1       T
  MONTH TO DATE    6.6                       2.3    4.3      1.5
  SINCE MAR 1     10.0                       7.3    2.7      4.9
  SINCE JUL 1     38.1                      25.4   12.7     20.4
  SNOW DEPTH       1

DEGREE DAYS
 HEATING
  YESTERDAY       23                        23      0       29
  MONTH TO DATE  416                       426    -10      392
  SINCE MAR 1   1291                      1403   -112     1351
  SINCE JUL 1   7859                      7732    127     8138

 COOLING
  YESTERDAY        0                         0      0        0
  MONTH TO DATE    0                         0      0        0
  SINCE MAR 1      0                         0      0        0
  SINCE JAN 1      0                         0      0        0
..................................................................


WIND (MPH)
  HIGHEST WIND SPEED    14   HIGHEST WIND DIRECTION     S (160)
  HIGHEST GUST SPEED    18   HIGHEST GUST DIRECTION    SE (150)
  AVERAGE WIND SPEED     5.9


SKY COVER
  POSSIBLE SUNSHINE  MM
  AVERAGE SKY COVER 0.2


WEATHER CONDITIONS
 THE FOLLOWING WEATHER WAS RECORDED YESTERDAY.
  NO SIGNIFICANT WEATHER WAS OBSERVED.


RELATIVE HUMIDITY (PERCENT)
 HIGHEST   100           600 AM
 LOWEST     38           600 PM
 AVERAGE    69

..........................................................


THE ALAMOSA CO CLIMATE NORMALS FOR TODAY
                         NORMAL    RECORD    YEAR
 MAXIMUM TEMPERATURE (F)   60        74      2001
 MINIMUM TEMPERATURE (F)   25         8      2013


SUNRISE AND SUNSET
APRIL 18 2014.........SUNRISE   625 AM MDT   SUNSET   742 PM MDT
APRIL 19 2014.........SUNRISE   623 AM MDT   SUNSET   742 PM MDT


-  INDICATES NEGATIVE NUMBERS.
R  INDICATES RECORD WAS SET OR TIED.
MM INDICATES DATA IS MISSING.
T  INDICATES TRACE AMOUNT.




$$
