000
CDUS45 KPUB 300021
CLIALS


CLIMATE REPORT
NATIONAL WEATHER SERVICE PUEBLO
621 PM MDT TUE JUL 29 2014


...................................

...THE ALAMOSA CO CLIMATE SUMMARY FOR JULY 29 2014...
VALID TODAY AS OF 0500 PM LOCAL TIME.

CLIMATE NORMAL PERIOD 1981 TO 2010
CLIMATE RECORD PERIOD 1932 TO 2014


WEATHER ITEM   OBSERVED TIME   RECORD YEAR NORMAL DEPARTURE LAST
                VALUE   (LST)  VALUE       VALUE  FROM      YEAR
                                                  NORMAL
..................................................................
TEMPERATURE (F)
 TODAY
  MAXIMUM         73   1245 PM  90    1951  82     -9       80
  MINIMUM         49    443 AM  39    1986  48      1       45
  AVERAGE         61                        65     -4       63

PRECIPITATION (IN)
  TODAY            T             0.60 1985   0.04  -0.04      T
  MONTH TO DATE    1.07                      0.90   0.17     0.80
  SINCE JUN 1      1.09                      1.39  -0.30     1.34
  SINCE JAN 1      2.90                      3.61  -0.71     2.40

SNOWFALL (IN)
  TODAY            0.0           0.0  2002   0.0    0.0      0.0
                                      2001
  MONTH TO DATE    0.0                       0.0    0.0      0.0
  SINCE JUN 1      0.0                       0.0    0.0      0.0
  SINCE JUL 1      0.0                       0.0    0.0      0.0
  SNOW DEPTH       0

DEGREE DAYS
 HEATING
  TODAY            4                         1      3        2
  MONTH TO DATE   18                        38    -20       24
  SINCE JUN 1    144                       206    -62      126
  SINCE JUL 1     18                        38    -20       24

 COOLING
  TODAY            0                         1     -1        0
  MONTH TO DATE   56                        29     27       49
  SINCE JUN 1     57                        35     22       65
  SINCE JAN 1     57                        35     22       65
..................................................................


WIND (MPH)
  HIGHEST WIND SPEED    20   HIGHEST WIND DIRECTION     W (280)
  HIGHEST GUST SPEED    24   HIGHEST GUST DIRECTION     W (290)
  AVERAGE WIND SPEED     2.1


SKY COVER
  POSSIBLE SUNSHINE  MM
  AVERAGE SKY COVER 0.7


WEATHER CONDITIONS
 THE FOLLOWING WEATHER WAS RECORDED TODAY.
  THUNDERSTORM
  LIGHT RAIN
  FOG
  FOG W/VISIBILITY <= 1/4 MILE


RELATIVE HUMIDITY (PERCENT)
 HIGHEST   100           600 AM
 LOWEST     53           100 PM
 AVERAGE    77

..........................................................


THE ALAMOSA CO CLIMATE NORMALS FOR TOMORROW
                         NORMAL    RECORD    YEAR
 MAXIMUM TEMPERATURE (F)   81        90      1972
                                             1934
 MINIMUM TEMPERATURE (F)   48        39      2004
                                             1944


SUNRISE AND SUNSET
JULY 29 2014..........SUNRISE   605 AM MDT   SUNSET   814 PM MDT
JULY 30 2014..........SUNRISE   606 AM MDT   SUNSET   813 PM MDT


-  INDICATES NEGATIVE NUMBERS.
R  INDICATES RECORD WAS SET OR TIED.
MM INDICATES DATA IS MISSING.
T  INDICATES TRACE AMOUNT.




$$
