000
CDUS45 KPUB 271037
CLIALS


CLIMATE REPORT
NATIONAL WEATHER SERVICE PUEBLO
437 AM MDT MON MAR 27 2017


...................................

...THE ALAMOSA CO CLIMATE SUMMARY FOR MARCH 26 2017...

CLIMATE NORMAL PERIOD 1981 TO 2010
CLIMATE RECORD PERIOD 1932 TO 2017


WEATHER ITEM   OBSERVED TIME   RECORD YEAR NORMAL DEPARTURE LAST
                VALUE   (LST)  VALUE       VALUE  FROM      YEAR
                                                  NORMAL
..................................................................
TEMPERATURE (F)
 YESTERDAY
  MAXIMUM         57    300 PM  73    1971  53      4       30
  MINIMUM         31   1159 PM  -2    2016  20     11       -2
  AVERAGE         44                        36      8       14

PRECIPITATION (IN)
  YESTERDAY        0.02          0.45 2016   0.02   0.00     0.45
  MONTH TO DATE    0.43                      0.43   0.00     0.48
  SINCE MAR 1      0.43                      0.43   0.00     0.48
  SINCE JAN 1      2.08                      0.95   1.13     1.46

SNOWFALL (IN)
  YESTERDAY        T             7.0  2016   0.2   -0.2      7.0
  MONTH TO DATE    0.3                       4.1   -3.8      7.0
  SINCE MAR 1      0.3                       4.1   -3.8      7.0
  SINCE JUL 1     35.8                      22.2   13.6     25.8
  SNOW DEPTH       0

DEGREE DAYS
 HEATING
  YESTERDAY       21                        29     -8       51
  MONTH TO DATE  625                       837   -212      739
  SINCE MAR 1    625                       837   -212      739
  SINCE JUL 1   6414                      7166   -752     6505

 COOLING
  YESTERDAY        0                         0      0        0
  MONTH TO DATE    0                         0      0        0
  SINCE MAR 1      0                         0      0        0
  SINCE JAN 1      0                         0      0        0
..................................................................


WIND (MPH)
  HIGHEST WIND SPEED    18   HIGHEST WIND DIRECTION     N (360)
  HIGHEST GUST SPEED    23   HIGHEST GUST DIRECTION     N (10)
  AVERAGE WIND SPEED     5.3


SKY COVER
  POSSIBLE SUNSHINE  MM
  AVERAGE SKY COVER 0.7


WEATHER CONDITIONS
 THE FOLLOWING WEATHER WAS RECORDED YESTERDAY.
  LIGHT RAIN
  LIGHT SNOW
  FOG


RELATIVE HUMIDITY (PERCENT)
 HIGHEST   100           300 AM
 LOWEST     27           300 PM
 AVERAGE    64

..........................................................


THE ALAMOSA CO CLIMATE NORMALS FOR TODAY
                         NORMAL    RECORD    YEAR
 MAXIMUM TEMPERATURE (F)   54        69      2015
                                             2012
 MINIMUM TEMPERATURE (F)   20        -3      2016


SUNRISE AND SUNSET
MARCH 27 2017.........SUNRISE   656 AM MDT   SUNSET   722 PM MDT
MARCH 28 2017.........SUNRISE   654 AM MDT   SUNSET   723 PM MDT


-  INDICATES NEGATIVE NUMBERS.
R  INDICATES RECORD WAS SET OR TIED.
MM INDICATES DATA IS MISSING.
T  INDICATES TRACE AMOUNT.




$$
